000
CDUS41 KOKX 130618
CLIBDR


CLIMATE REPORT
NATIONAL WEATHER SERVICE NEW YORK NY
118 AM EST SAT FEB 13 2016


...................................

...THE BRIDGEPORT CT CLIMATE SUMMARY FOR FEBRUARY 12 2016...

CLIMATE NORMAL PERIOD 1981 TO 2010
CLIMATE RECORD PERIOD 1948 TO 2016


WEATHER ITEM   OBSERVED TIME   RECORD YEAR NORMAL DEPARTURE LAST
                VALUE   (LST)  VALUE       VALUE  FROM      YEAR
                                                  NORMAL
..................................................................
TEMPERATURE (F)
 YESTERDAY
  MAXIMUM         26    400 PM  54    2009  39    -13       36
  MINIMUM         10    433 AM   2    1979  25    -15       20
  AVERAGE         18                        32    -14       28

PRECIPITATION (IN)
  YESTERDAY        0.00          1.38 1988   0.09  -0.09     0.04
  MONTH TO DATE    2.47                      1.09   1.38     1.22
  SINCE DEC 1      9.67                      7.52   2.15    10.98
  SINCE JAN 1      4.73                      4.19   0.54     5.33

SNOWFALL (IN)
  YESTERDAY        0.0          12.0  2006   0.3   -0.3      1.0
  MONTH TO DATE   12.2                       3.3    8.9     14.5
  SINCE OCT 1     23.2                      16.8    6.4     34.1
  SINCE JUL 1     23.2                      16.8    6.4     34.1
  SNOW DEPTH       4

DEGREE DAYS
 HEATING
  YESTERDAY       47                        33     14       37
  MONTH TO DATE  370                       406    -36      498
  SINCE DEC 1   1894                      2408   -514     2441
  SINCE JUL 1   2638                      3382   -744     3347

 COOLING
  YESTERDAY        0                         0      0        0
  MONTH TO DATE    0                         0      0        0
  SINCE DEC 1      0                         0      0        0
  SINCE JAN 1      0                         0      0        0
..................................................................


WIND (MPH)
  HIGHEST WIND SPEED    16   HIGHEST WIND DIRECTION    SW (220)
  HIGHEST GUST SPEED    21   HIGHEST GUST DIRECTION    NW (300)
  AVERAGE WIND SPEED     8.8


SKY COVER
  AVERAGE SKY COVER 0.3


WEATHER CONDITIONS
 THE FOLLOWING WEATHER WAS RECORDED YESTERDAY.
  NO SIGNIFICANT WEATHER WAS OBSERVED.


RELATIVE HUMIDITY (PERCENT)
 HIGHEST    68           900 PM
 LOWEST     36           100 PM
 AVERAGE    52

..........................................................


THE BRIDGEPORT CT CLIMATE NORMALS FOR TODAY
                         NORMAL    RECORD    YEAR
 MAXIMUM TEMPERATURE (F)   39        54      2008
                                             1951
 MINIMUM TEMPERATURE (F)   25        -2      1967


SUNRISE AND SUNSET
FEBRUARY 13 2016......SUNRISE   650 AM EST   SUNSET   524 PM EST
FEBRUARY 14 2016......SUNRISE   649 AM EST   SUNSET   525 PM EST


-  INDICATES NEGATIVE NUMBERS.
R  INDICATES RECORD WAS SET OR TIED.
MM INDICATES DATA IS MISSING.
T  INDICATES TRACE AMOUNT.




$$
