000
CDUS41 KOKX 250616
CLIBDR


CLIMATE REPORT
NATIONAL WEATHER SERVICE NEW YORK NY
216 AM EDT MON MAY 25 2015


...................................

...THE BRIDGEPORT CT CLIMATE SUMMARY FOR MAY 24 2015...

CLIMATE NORMAL PERIOD 1981 TO 2010
CLIMATE RECORD PERIOD 1948 TO 2015


WEATHER ITEM   OBSERVED TIME   RECORD YEAR NORMAL DEPARTURE LAST
                VALUE   (LST)  VALUE       VALUE  FROM      YEAR
                                                  NORMAL
..................................................................
TEMPERATURE (F)
 YESTERDAY
  MAXIMUM         77    157 PM  87    1975  70      7       68
  MINIMUM         48    448 AM  38    1963  53     -5       56
  AVERAGE         63                        62      1       62

PRECIPITATION (IN)
  YESTERDAY        0.00          1.83 1978   0.14  -0.14      T
  MONTH TO DATE    0.50                      2.85  -2.35     3.96
  SINCE MAR 1      7.31                     11.03  -3.72    14.64
  SINCE JAN 1     13.65                     16.92  -3.27    21.62

SNOWFALL (IN)
  YESTERDAY        0.0           0.0  2002   0.0    0.0      0.0
                                      2001
  MONTH TO DATE    0.0                       0.0    0.0      0.0
  SINCE OCT 1     59.7                      27.6   32.1     57.4
  SINCE JUL 1     59.7                      27.6   32.1     57.4
  SNOW DEPTH       0

DEGREE DAYS
 HEATING
  YESTERDAY        2                         5     -3        3
  MONTH TO DATE  104                       180    -76      112
  SINCE MAR 1   1515                      1448     67     1544
  SINCE JUL 1   5621                      5335    286     5592

 COOLING
  YESTERDAY        0                         1     -1        0
  MONTH TO DATE   22                        10     12       11
  SINCE MAR 1     22                        12     10       11
  SINCE JAN 1     22                        12     10       11
..................................................................


WIND (MPH)
  HIGHEST WIND SPEED    18   HIGHEST WIND DIRECTION     S (200)
  HIGHEST GUST SPEED    24   HIGHEST GUST DIRECTION    SW (210)
  AVERAGE WIND SPEED     9.0


SKY COVER
  AVERAGE SKY COVER 0.0


WEATHER CONDITIONS
 THE FOLLOWING WEATHER WAS RECORDED YESTERDAY.
  NO SIGNIFICANT WEATHER WAS OBSERVED.


RELATIVE HUMIDITY (PERCENT)
 HIGHEST    93           500 AM
 LOWEST     29           200 PM
 AVERAGE    61

..........................................................


THE BRIDGEPORT CT CLIMATE NORMALS FOR TODAY
                         NORMAL    RECORD    YEAR
 MAXIMUM TEMPERATURE (F)   70        91      1991
 MINIMUM TEMPERATURE (F)   54        38      1963


SUNRISE AND SUNSET
MAY 25 2015...........SUNRISE   526 AM EDT   SUNSET   813 PM EDT
MAY 26 2015...........SUNRISE   526 AM EDT   SUNSET   814 PM EDT


-  INDICATES NEGATIVE NUMBERS.
R  INDICATES RECORD WAS SET OR TIED.
MM INDICATES DATA IS MISSING.
T  INDICATES TRACE AMOUNT.




$$
