000
CDUS41 KOKX 272042
CLIBDR


CLIMATE REPORT
NATIONAL WEATHER SERVICE NEW YORK NY
442 PM EDT SAT AUG 27 2016


...................................

...THE BRIDGEPORT CT CLIMATE SUMMARY FOR AUGUST 27 2016...
VALID TODAY AS OF 0400 PM LOCAL TIME.

CLIMATE NORMAL PERIOD 1981 TO 2010
CLIMATE RECORD PERIOD 1948 TO 2016


WEATHER ITEM   OBSERVED TIME   RECORD YEAR NORMAL DEPARTURE LAST
                VALUE   (LST)  VALUE       VALUE  FROM      YEAR
                                                  NORMAL
..................................................................
TEMPERATURE (F)
 TODAY
  MAXIMUM         86    241 PM 100    1948  80      6       82
  MINIMUM         72    558 AM  51    1969  64      8       62
  AVERAGE         79                        72      7       72

PRECIPITATION (IN)
  TODAY            0.00          4.01 2006   0.11  -0.11     0.00
  MONTH TO DATE    3.16                      3.53  -0.37     1.89
  SINCE JUN 1      9.22                     10.60  -1.38     9.29
  SINCE JAN 1     24.76                     28.47  -3.71    23.59

SNOWFALL (IN)
  TODAY            0.0           0.0  2002   0.0    0.0      0.0
                                      2001
  MONTH TO DATE    0.0                       0.0    0.0      0.0
  SINCE OCT 1     27.3                      27.6   -0.3     59.7
  SINCE JUL 1      0.0                       0.0    0.0      0.0
  SNOW DEPTH       0

DEGREE DAYS
 HEATING
  TODAY            0                         0      0        0
  MONTH TO DATE    0                         0      0        0
  SINCE JUN 1      4                        33    -29       52
  SINCE JUL 1      0                         1     -1        0

 COOLING
  TODAY           14                         7      7        7
  MONTH TO DATE  370                       235    135      310
  SINCE JUN 1    939                       667    272      824
  SINCE JAN 1    997                       691    306      878
..................................................................


WIND (MPH)
  HIGHEST WIND SPEED    13   HIGHEST WIND DIRECTION     S (160)
  HIGHEST GUST SPEED    17   HIGHEST GUST DIRECTION    SE (150)
  AVERAGE WIND SPEED     8.5


SKY COVER
  AVERAGE SKY COVER 0.0


WEATHER CONDITIONS
 THE FOLLOWING WEATHER WAS RECORDED TODAY.
  NO SIGNIFICANT WEATHER WAS OBSERVED.


RELATIVE HUMIDITY (PERCENT)
 HIGHEST    68           500 AM
 LOWEST     40           300 PM
 AVERAGE    54

..........................................................


THE BRIDGEPORT CT CLIMATE NORMALS FOR TOMORROW
                         NORMAL    RECORD    YEAR
 MAXIMUM TEMPERATURE (F)   79        96      1948
 MINIMUM TEMPERATURE (F)   64        50      1986


SUNRISE AND SUNSET
AUGUST 27 2016........SUNRISE   614 AM EDT   SUNSET   733 PM EDT
AUGUST 28 2016........SUNRISE   615 AM EDT   SUNSET   731 PM EDT


-  INDICATES NEGATIVE NUMBERS.
R  INDICATES RECORD WAS SET OR TIED.
MM INDICATES DATA IS MISSING.
T  INDICATES TRACE AMOUNT.




$$
