000
CDUS41 KOKX 280622
CLIBDR


CLIMATE REPORT
NATIONAL WEATHER SERVICE NEW YORK NY
122 AM EST SUN DEC 28 2014


...................................

...THE BRIDGEPORT CT CLIMATE SUMMARY FOR DECEMBER 27 2014...

CLIMATE NORMAL PERIOD 1981 TO 2010
CLIMATE RECORD PERIOD 1948 TO 2014


WEATHER ITEM   OBSERVED TIME   RECORD YEAR NORMAL DEPARTURE LAST
                VALUE   (LST)  VALUE       VALUE  FROM      YEAR
                                                  NORMAL
..................................................................
TEMPERATURE (F)
 YESTERDAY
  MAXIMUM         51    235 PM  63    1973  39     12       40
  MINIMUM         33    410 AM   2    1950  25      8       28
  AVERAGE         42                        32     10       34

PRECIPITATION (IN)
  YESTERDAY        0.00          0.55 2012   0.11  -0.11     0.00
  MONTH TO DATE    5.57                      2.95   2.62     3.02
  SINCE DEC 1      5.57                      2.95   2.62     3.02
  SINCE JAN 1     46.13                     42.36   3.77    35.35

SNOWFALL (IN)
  YESTERDAY        0.0           4.0  2010   0.2   -0.2      0.0
  MONTH TO DATE    0.7                       4.1   -3.4     10.9
  SINCE OCT 1      0.9                       4.8   -3.9     11.0
  SINCE JUL 1      0.9                       4.8   -3.9     11.0
  SNOW DEPTH       0

DEGREE DAYS
 HEATING
  YESTERDAY       23                        33    -10       31
  MONTH TO DATE  679                       787   -108      798
  SINCE DEC 1    679                       787   -108      798
  SINCE JUL 1   1585                      1761   -176     1751

 COOLING
  YESTERDAY        0                         0      0        0
  MONTH TO DATE    0                         0      0        0
  SINCE DEC 1      0                         0      0        0
  SINCE JAN 1    884                       825     59     1003
..................................................................


WIND (MPH)
  HIGHEST WIND SPEED    12   HIGHEST WIND DIRECTION     S (200)
  HIGHEST GUST SPEED    14   HIGHEST GUST DIRECTION     S (190)
  AVERAGE WIND SPEED     3.8


SKY COVER
  AVERAGE SKY COVER 0.0


WEATHER CONDITIONS
 THE FOLLOWING WEATHER WAS RECORDED YESTERDAY.
  NO SIGNIFICANT WEATHER WAS OBSERVED.


RELATIVE HUMIDITY (PERCENT)
 HIGHEST    92          1100 PM
 LOWEST     56          1200 PM
 AVERAGE    74

..........................................................


THE BRIDGEPORT CT CLIMATE NORMALS FOR TODAY
                         NORMAL    RECORD    YEAR
 MAXIMUM TEMPERATURE (F)   39        59      2008
 MINIMUM TEMPERATURE (F)   25         5      1950


SUNRISE AND SUNSET
DECEMBER 28 2014......SUNRISE   717 AM EST   SUNSET   431 PM EST
DECEMBER 29 2014......SUNRISE   717 AM EST   SUNSET   432 PM EST


-  INDICATES NEGATIVE NUMBERS.
R  INDICATES RECORD WAS SET OR TIED.
MM INDICATES DATA IS MISSING.
T  INDICATES TRACE AMOUNT.




$$
