000
CDUS41 KOKX 290621
CLIBDR


CLIMATE REPORT
NATIONAL WEATHER SERVICE NEW YORK NY
220 AM EDT WED OCT 29 2014


...................................

...THE BRIDGEPORT CT CLIMATE SUMMARY FOR OCTOBER 28 2014...

CLIMATE NORMAL PERIOD 1981 TO 2010
CLIMATE RECORD PERIOD 1948 TO 2014


WEATHER ITEM   OBSERVED TIME   RECORD YEAR NORMAL DEPARTURE LAST
                VALUE   (LST)  VALUE       VALUE  FROM      YEAR
                                                  NORMAL
..................................................................
TEMPERATURE (F)
 YESTERDAY
  MAXIMUM         68   1238 PM  72    2010  59      9       63
                                      1971
                                      1964
  MINIMUM         44    308 AM  30    1976  43      1       35
  AVERAGE         56                        51      5       49

PRECIPITATION (IN)
  YESTERDAY        0.00          1.46 2006   0.11  -0.11     0.00
  MONTH TO DATE    2.94                      3.31  -0.37     0.28
  SINCE SEP 1      5.04                      6.79  -1.75     3.00
  SINCE JAN 1     36.28                     35.69   0.59    29.78

SNOWFALL (IN)
  YESTERDAY        0.0           0.0  2002   0.0    0.0      0.0
                                      2001
  MONTH TO DATE    0.0                       0.0    0.0      0.0
  SINCE OCT 1      0.0                       0.0    0.0      0.0
  SINCE JUL 1      0.0                       0.0    0.0      0.0
  SNOW DEPTH       0

DEGREE DAYS
 HEATING
  YESTERDAY        9                        14     -5       16
  MONTH TO DATE  195                       279    -84      193
  SINCE SEP 1    235                       343   -108      274
  SINCE JUL 1    235                       347   -112      274

 COOLING
  YESTERDAY        0                         0      0        0
  MONTH TO DATE   19                         8     11       22
  SINCE SEP 1    150                       106     44      118
  SINCE JAN 1    884                       824     60     1003
..................................................................


WIND (MPH)
  HIGHEST WIND SPEED    10   HIGHEST WIND DIRECTION     S (200)
  HIGHEST GUST SPEED    13   HIGHEST GUST DIRECTION    SW (220)
  AVERAGE WIND SPEED     3.8


SKY COVER
  AVERAGE SKY COVER 0.1


WEATHER CONDITIONS
 THE FOLLOWING WEATHER WAS RECORDED YESTERDAY.
  FOG


RELATIVE HUMIDITY (PERCENT)
 HIGHEST    93           500 AM
 LOWEST     52           100 PM
 AVERAGE    73

..........................................................


THE BRIDGEPORT CT CLIMATE NORMALS FOR TODAY
                         NORMAL    RECORD    YEAR
 MAXIMUM TEMPERATURE (F)   59        73      1971
 MINIMUM TEMPERATURE (F)   42        32      1997
                                             1959


SUNRISE AND SUNSET
OCTOBER 29 2014.......SUNRISE   720 AM EDT   SUNSET   552 PM EDT
OCTOBER 30 2014.......SUNRISE   721 AM EDT   SUNSET   551 PM EDT


-  INDICATES NEGATIVE NUMBERS.
R  INDICATES RECORD WAS SET OR TIED.
MM INDICATES DATA IS MISSING.
T  INDICATES TRACE AMOUNT.




$$
