000
CDUS41 KOKX 261245
CLIBDR


CLIMATE REPORT
NATIONAL WEATHER SERVICE NEW YORK NY
745 AM EST FRI JAN 26 2018


...................................

...THE BRIDGEPORT CT CLIMATE SUMMARY FOR JANUARY 25 2018...

CLIMATE NORMAL PERIOD 1981 TO 2010
CLIMATE RECORD PERIOD 1948 TO 2018


WEATHER ITEM   OBSERVED TIME   RECORD YEAR NORMAL DEPARTURE LAST
                VALUE   (LST)  VALUE       VALUE  FROM      YEAR
                                                  NORMAL
..................................................................
TEMPERATURE (F)
 YESTERDAY
  MAXIMUM         34    344 PM  55    2010  37     -3       50
  MINIMUM         21    642 AM   2    2004  23     -2       36
                                      1961
  AVERAGE         28                        30     -2       43

PRECIPITATION (IN)
  YESTERDAY        0.00          1.43 1978   0.09  -0.09     0.00
  MONTH TO DATE    2.21                      2.54  -0.33     3.15
  SINCE DEC 1      3.90                      5.87  -1.97     6.58
  SINCE JAN 1      2.21                      2.54  -0.33     3.15

SNOWFALL (IN)
  YESTERDAY        0.0           4.0  2000   0.2   -0.2      0.0
  MONTH TO DATE    9.3                       6.2    3.1      8.5
  SINCE OCT 1     18.0                      12.0    6.0     14.5
  SINCE JUL 1     18.0                      12.0    6.0     14.5
  SNOW DEPTH       0

DEGREE DAYS
 HEATING
  YESTERDAY       37                        35      2       22
  MONTH TO DATE  935                       871     64      700
  SINCE DEC 1   1906                      1790    116     1537
  SINCE JUL 1   2661                      2764   -103     2265

 COOLING
  YESTERDAY        0                         0      0        0
  MONTH TO DATE    0                         0      0        0
  SINCE DEC 1      0                         0      0        0
  SINCE JAN 1      0                         0      0        0
..................................................................


WIND (MPH)
  HIGHEST WIND SPEED    24   HIGHEST WIND DIRECTION    NW (310)
  HIGHEST GUST SPEED    34   HIGHEST GUST DIRECTION    NW (300)
  AVERAGE WIND SPEED    11.8


SKY COVER
  AVERAGE SKY COVER 0.1


WEATHER CONDITIONS
 THE FOLLOWING WEATHER WAS RECORDED YESTERDAY.
  NO SIGNIFICANT WEATHER WAS OBSERVED.


RELATIVE HUMIDITY (PERCENT)
 HIGHEST    57           400 AM
 LOWEST     17           300 PM
 AVERAGE    37

..........................................................


THE BRIDGEPORT CT CLIMATE NORMALS FOR TODAY
                         NORMAL    RECORD    YEAR
 MAXIMUM TEMPERATURE (F)   37        60      1950
 MINIMUM TEMPERATURE (F)   23         5      2007
                                             1994


SUNRISE AND SUNSET
JANUARY 26 2018.......SUNRISE   709 AM EST   SUNSET   502 PM EST
JANUARY 27 2018.......SUNRISE   708 AM EST   SUNSET   503 PM EST


-  INDICATES NEGATIVE NUMBERS.
R  INDICATES RECORD WAS SET OR TIED.
MM INDICATES DATA IS MISSING.
T  INDICATES TRACE AMOUNT.




$$
