862
CDUS41 KOKX 102036
CLIBDR


CLIMATE REPORT
NATIONAL WEATHER SERVICE NEW YORK NY
436 PM EDT SAT JUN 10 2017


...................................

...THE BRIDGEPORT CT CLIMATE SUMMARY FOR JUNE 10 2017...
VALID TODAY AS OF 0400 PM LOCAL TIME.

CLIMATE NORMAL PERIOD 1981 TO 2010
CLIMATE RECORD PERIOD 1948 TO 2017


WEATHER ITEM   OBSERVED TIME   RECORD YEAR NORMAL DEPARTURE LAST
                VALUE   (LST)  VALUE       VALUE  FROM      YEAR
                                                  NORMAL
..................................................................
TEMPERATURE (F)
 TODAY
  MAXIMUM         85    205 PM  96    2008  76      9       78
                                      1974
  MINIMUM         59    450 AM  47    1983  59      0       54
                                      1957
  AVERAGE         72                        67      5       66

PRECIPITATION (IN)
  TODAY            0.00          1.01 1958   0.13  -0.13     0.00
  MONTH TO DATE    0.38                      1.43  -1.05     1.06
  SINCE JUN 1      0.38                      1.43  -1.05     1.06
  SINCE JAN 1     20.22                     19.30   0.92    16.60

SNOWFALL (IN)
  TODAY            0.0           0.0  2002   0.0    0.0      0.0
                                      2001
  MONTH TO DATE    0.0                       0.0    0.0      0.0
  SINCE OCT 1     40.9                      27.6   13.3     27.3
  SINCE JUL 1     40.9                      27.6   13.3     27.3
  SNOW DEPTH       0

DEGREE DAYS
 HEATING
  TODAY            0                         1     -1        0
  MONTH TO DATE   25                        21      4        1
  SINCE JUN 1     25                        21      4        1
  SINCE JUL 1   4565                      5381   -816     4418

 COOLING
  TODAY            7                         4      3        1
  MONTH TO DATE   14                        28    -14       37
  SINCE JUN 1     14                        28    -14       37
  SINCE JAN 1     58                        52      6       95
..................................................................


WIND (MPH)
  HIGHEST WIND SPEED    18   HIGHEST WIND DIRECTION     S (200)
  HIGHEST GUST SPEED    23   HIGHEST GUST DIRECTION    SW (210)
  AVERAGE WIND SPEED     6.2


SKY COVER
  AVERAGE SKY COVER 0.1


WEATHER CONDITIONS
 THE FOLLOWING WEATHER WAS RECORDED TODAY.
  NO SIGNIFICANT WEATHER WAS OBSERVED.


RELATIVE HUMIDITY (PERCENT)
 HIGHEST    80           300 AM
 LOWEST     37           100 PM
 AVERAGE    59

..........................................................


THE BRIDGEPORT CT CLIMATE NORMALS FOR TOMORROW
                         NORMAL    RECORD    YEAR
 MAXIMUM TEMPERATURE (F)   76        93      1984
 MINIMUM TEMPERATURE (F)   59        47      1980
                                             1972


SUNRISE AND SUNSET
JUNE 10 2017..........SUNRISE   520 AM EDT   SUNSET   825 PM EDT
JUNE 11 2017..........SUNRISE   519 AM EDT   SUNSET   825 PM EDT


-  INDICATES NEGATIVE NUMBERS.
R  INDICATES RECORD WAS SET OR TIED.
MM INDICATES DATA IS MISSING.
T  INDICATES TRACE AMOUNT.




$$
