000
CDUS41 KOKX 030623
CLIBDR


CLIMATE REPORT
NATIONAL WEATHER SERVICE NEW YORK NY
223 AM EDT SUN JUL 3 2016


...................................

...THE BRIDGEPORT CT CLIMATE SUMMARY FOR JULY 2 2016...

CLIMATE NORMAL PERIOD 1981 TO 2010
CLIMATE RECORD PERIOD 1948 TO 2016


WEATHER ITEM   OBSERVED TIME   RECORD YEAR NORMAL DEPARTURE LAST
                VALUE   (LST)  VALUE       VALUE  FROM      YEAR
                                                  NORMAL
..................................................................
TEMPERATURE (F)
 YESTERDAY
  MAXIMUM         80    237 PM 100    1966  81     -1       78
  MINIMUM         66   1159 PM  51    1982  65      1       65
  AVERAGE         73                        73      0       72

PRECIPITATION (IN)
  YESTERDAY        0.00          1.42 1986   0.09  -0.09     0.00
  MONTH TO DATE    0.10                      0.18  -0.08     0.65
  SINCE JUN 1      1.36                      3.79  -2.43     5.38
  SINCE JAN 1     16.90                     21.66  -4.76    19.68

SNOWFALL (IN)
  YESTERDAY        0.0           0.0  2002   0.0    0.0      0.0
                                      2001
  MONTH TO DATE    0.0                       0.0    0.0      0.0
  SINCE OCT 1     27.3                      27.6   -0.3     59.7
  SINCE JUL 1      0.0                       0.0    0.0      0.0
  SNOW DEPTH       0

DEGREE DAYS
 HEATING
  YESTERDAY        0                         0      0        0
  MONTH TO DATE    0                         0      0        0
  SINCE JUN 1      4                        32    -28       52
  SINCE JUL 1      0                         0      0        0

 COOLING
  YESTERDAY        8                         8      0        7
  MONTH TO DATE   17                        16      1       19
  SINCE JUN 1    189                       159     30      180
  SINCE JAN 1    247                       183     64      234
..................................................................


WIND (MPH)
  HIGHEST WIND SPEED    20   HIGHEST WIND DIRECTION    NW (310)
  HIGHEST GUST SPEED    26   HIGHEST GUST DIRECTION    NW (310)
  AVERAGE WIND SPEED     8.2


SKY COVER
  AVERAGE SKY COVER 0.2


WEATHER CONDITIONS
 THE FOLLOWING WEATHER WAS RECORDED YESTERDAY.
  NO SIGNIFICANT WEATHER WAS OBSERVED.


RELATIVE HUMIDITY (PERCENT)
 HIGHEST    93           400 AM
 LOWEST     32           500 PM
 AVERAGE    63

..........................................................


THE BRIDGEPORT CT CLIMATE NORMALS FOR TODAY
                         NORMAL    RECORD    YEAR
 MAXIMUM TEMPERATURE (F)   81        99      1966
 MINIMUM TEMPERATURE (F)   65        52      1977


SUNRISE AND SUNSET
JULY  3 2016..........SUNRISE   525 AM EDT   SUNSET   829 PM EDT
JULY  4 2016..........SUNRISE   525 AM EDT   SUNSET   828 PM EDT


-  INDICATES NEGATIVE NUMBERS.
R  INDICATES RECORD WAS SET OR TIED.
MM INDICATES DATA IS MISSING.
T  INDICATES TRACE AMOUNT.




$$
