000
CDUS41 KOKX 262134
CLIBDR


CLIMATE REPORT
NATIONAL WEATHER SERVICE NEW YORK NY
434 PM EST MON DEC 26 2016


...................................

...THE BRIDGEPORT CT CLIMATE SUMMARY FOR DECEMBER 26 2016...
VALID TODAY AS OF 0400 PM LOCAL TIME.

CLIMATE NORMAL PERIOD 1981 TO 2010
CLIMATE RECORD PERIOD 1948 TO 2016


WEATHER ITEM   OBSERVED TIME   RECORD YEAR NORMAL DEPARTURE LAST
                VALUE   (LST)  VALUE       VALUE  FROM      YEAR
                                                  NORMAL
..................................................................
TEMPERATURE (F)
 TODAY
  MAXIMUM         41    359 PM  62    1982  39      2       58
  MINIMUM         27    729 AM  -4    1980  25      2       48
  AVERAGE         34                        32      2       53

PRECIPITATION (IN)
  TODAY            T             1.74 1969   0.10  -0.10      T
  MONTH TO DATE    2.75                      2.84  -0.09     3.87
  SINCE DEC 1      2.75                      2.84  -0.09     3.87
  SINCE JAN 1     38.72                     42.25  -3.53    33.98

SNOWFALL (IN)
  TODAY            0.0           8.0  2010   0.2   -0.2      0.0
  MONTH TO DATE    6.0                       3.9    2.1      0.0
  SINCE OCT 1      6.0                       4.6    1.4       T
  SINCE JUL 1      6.0                       4.6    1.4       T
  SNOW DEPTH       0

DEGREE DAYS
 HEATING
  TODAY           31                        33     -2       12
  MONTH TO DATE  718                       754    -36      430
  SINCE DEC 1    718                       754    -36      430
  SINCE JUL 1   1446                      1728   -282     1174

 COOLING
  TODAY            0                         0      0        0
  MONTH TO DATE    0                         0      0        0
  SINCE DEC 1      0                         0      0        0
  SINCE JAN 1   1270                       825    445     1122
..................................................................


WIND (MPH)
  HIGHEST WIND SPEED    16   HIGHEST WIND DIRECTION     E (100)
  HIGHEST GUST SPEED    19   HIGHEST GUST DIRECTION     E (100)
  AVERAGE WIND SPEED    10.6


SKY COVER
  AVERAGE SKY COVER 0.3


WEATHER CONDITIONS
 THE FOLLOWING WEATHER WAS RECORDED TODAY.
  LIGHT RAIN


RELATIVE HUMIDITY (PERCENT)
 HIGHEST    79           200 PM
 LOWEST     38          1200 AM
 AVERAGE    59

..........................................................


THE BRIDGEPORT CT CLIMATE NORMALS FOR TOMORROW
                         NORMAL    RECORD    YEAR
 MAXIMUM TEMPERATURE (F)   39        63      1973
 MINIMUM TEMPERATURE (F)   25         2      1950


SUNRISE AND SUNSET
DECEMBER 26 2016......SUNRISE   717 AM EST   SUNSET   430 PM EST
DECEMBER 27 2016......SUNRISE   717 AM EST   SUNSET   431 PM EST


-  INDICATES NEGATIVE NUMBERS.
R  INDICATES RECORD WAS SET OR TIED.
MM INDICATES DATA IS MISSING.
T  INDICATES TRACE AMOUNT.




$$
