758
CDUS41 KOKX 302038
CLIBDR


CLIMATE REPORT
NATIONAL WEATHER SERVICE NEW YORK NY
438 PM EDT FRI SEP 30 2016


...................................

...THE BRIDGEPORT CT CLIMATE SUMMARY FOR SEPTEMBER 30 2016...
VALID TODAY AS OF 0400 PM LOCAL TIME.

CLIMATE NORMAL PERIOD 1981 TO 2010
CLIMATE RECORD PERIOD 1948 TO 2016


WEATHER ITEM   OBSERVED TIME   RECORD YEAR NORMAL DEPARTURE LAST
                VALUE   (LST)  VALUE       VALUE  FROM      YEAR
                                                  NORMAL
..................................................................
TEMPERATURE (F)
 TODAY
  MAXIMUM         65   1159 AM  82    1986  69     -4       79
  MINIMUM         58   1212 AM  37    1951  53      5       59
  AVERAGE         62                        61      1       69

PRECIPITATION (IN)
  TODAY            0.05          0.91 2015   0.13  -0.08     0.91
  MONTH TO DATE    2.73                      3.48  -0.75     2.70
  SINCE SEP 1      2.73                      3.48  -0.75     2.70
  SINCE JAN 1     27.49                     32.38  -4.89    26.29

SNOWFALL (IN)
  TODAY            0.0           0.0  2002   0.0    0.0      0.0
                                      2001
  MONTH TO DATE    0.0                       0.0    0.0      0.0
  SINCE OCT 1     27.3                      27.6   -0.3     59.7
  SINCE JUL 1      0.0                       0.0    0.0      0.0
  SNOW DEPTH       0

DEGREE DAYS
 HEATING
  TODAY            3                         5     -2        0
  MONTH TO DATE   14                        64    -50        7
  SINCE SEP 1     14                        64    -50        7
  SINCE JUL 1     14                        68    -54        7

 COOLING
  TODAY            0                         1     -1        4
  MONTH TO DATE  191                        98     93      197
  SINCE SEP 1    191                        98     93      197
  SINCE JAN 1   1243                       816    427     1117
..................................................................


WIND (MPH)
  HIGHEST WIND SPEED    23   HIGHEST WIND DIRECTION    NE (40)
  HIGHEST GUST SPEED    30   HIGHEST GUST DIRECTION    NE (40)
  AVERAGE WIND SPEED    17.9


SKY COVER
  AVERAGE SKY COVER 0.9


WEATHER CONDITIONS
 THE FOLLOWING WEATHER WAS RECORDED TODAY.
  LIGHT RAIN


RELATIVE HUMIDITY (PERCENT)
 HIGHEST    84           200 PM
 LOWEST     63          1100 AM
 AVERAGE    74

..........................................................


THE BRIDGEPORT CT CLIMATE NORMALS FOR TOMORROW
                         NORMAL    RECORD    YEAR
 MAXIMUM TEMPERATURE (F)   69        83      1986
 MINIMUM TEMPERATURE (F)   52        35      1992


SUNRISE AND SUNSET
SEPTEMBER 30 2016.....SUNRISE   649 AM EDT   SUNSET   635 PM EDT
OCTOBER  1 2016.......SUNRISE   650 AM EDT   SUNSET   634 PM EDT


-  INDICATES NEGATIVE NUMBERS.
R  INDICATES RECORD WAS SET OR TIED.
MM INDICATES DATA IS MISSING.
T  INDICATES TRACE AMOUNT.




$$
