000
CDUS41 KOKX 230619
CLIBDR


CLIMATE REPORT
NATIONAL WEATHER SERVICE NEW YORK NY
219 AM EDT MON MAY 23 2016


...................................

...THE BRIDGEPORT CT CLIMATE SUMMARY FOR MAY 22 2016...

CLIMATE NORMAL PERIOD 1981 TO 2010
CLIMATE RECORD PERIOD 1948 TO 2016


WEATHER ITEM   OBSERVED TIME   RECORD YEAR NORMAL DEPARTURE LAST
                VALUE   (LST)  VALUE       VALUE  FROM      YEAR
                                                  NORMAL
..................................................................
TEMPERATURE (F)
 YESTERDAY
  MAXIMUM         69    529 PM  85    1992  69      0       76
                                      1991
  MINIMUM         54    500 AM  39    1990  53      1       53
  AVERAGE         62                        61      1       65

PRECIPITATION (IN)
  YESTERDAY        0.02          2.06 1949   0.13  -0.11      T
  MONTH TO DATE    1.88                      2.57  -0.69     0.50
  SINCE MAR 1      6.76                     10.75  -3.99     7.31
  SINCE JAN 1     13.92                     16.64  -2.72    13.65

SNOWFALL (IN)
  YESTERDAY        0.0           0.0  2002   0.0    0.0      0.0
                                      2001
  MONTH TO DATE    0.0                       0.0    0.0      0.0
  SINCE OCT 1     27.3                      27.6   -0.3     59.7
  SINCE JUL 1     27.3                      27.6   -0.3     59.7
  SNOW DEPTH       0

DEGREE DAYS
 HEATING
  YESTERDAY        3                         5     -2        0
  MONTH TO DATE  196                       170     26       93
  SINCE MAR 1   1280                      1438   -158     1507
  SINCE JUL 1   4415                      5325   -910     5613

 COOLING
  YESTERDAY        0                         1     -1        0
  MONTH TO DATE    0                         8     -8       22
  SINCE MAR 1      0                        10    -10       22
  SINCE JAN 1      0                        10    -10       22
..................................................................


WIND (MPH)
  HIGHEST WIND SPEED    14   HIGHEST WIND DIRECTION     N (10)
  HIGHEST GUST SPEED    19   HIGHEST GUST DIRECTION     N (10)
  AVERAGE WIND SPEED     5.2


SKY COVER
  AVERAGE SKY COVER 0.7


WEATHER CONDITIONS
 THE FOLLOWING WEATHER WAS RECORDED YESTERDAY.
  LIGHT RAIN


RELATIVE HUMIDITY (PERCENT)
 HIGHEST    86          1000 PM
 LOWEST     47           500 PM
 AVERAGE    67

..........................................................


THE BRIDGEPORT CT CLIMATE NORMALS FOR TODAY
                         NORMAL    RECORD    YEAR
 MAXIMUM TEMPERATURE (F)   70        89      1992
 MINIMUM TEMPERATURE (F)   53        42      1963


SUNRISE AND SUNSET
MAY 23 2016...........SUNRISE   527 AM EDT   SUNSET   812 PM EDT
MAY 24 2016...........SUNRISE   526 AM EDT   SUNSET   813 PM EDT


-  INDICATES NEGATIVE NUMBERS.
R  INDICATES RECORD WAS SET OR TIED.
MM INDICATES DATA IS MISSING.
T  INDICATES TRACE AMOUNT.




$$
