000
CDUS41 KOKX 210628
CLIBDR


CLIMATE REPORT
NATIONAL WEATHER SERVICE NEW YORK NY
228 AM EDT SUN SEP 21 2014


...................................

...THE BRIDGEPORT CT CLIMATE SUMMARY FOR SEPTEMBER 20 2014...

CLIMATE NORMAL PERIOD 1981 TO 2010
CLIMATE RECORD PERIOD 1948 TO 2014


WEATHER ITEM   OBSERVED TIME   RECORD YEAR NORMAL DEPARTURE LAST
                VALUE   (LST)  VALUE       VALUE  FROM      YEAR
                                                  NORMAL
..................................................................
TEMPERATURE (F)
 YESTERDAY
  MAXIMUM         75    204 PM  87    1983  73      2       77
  MINIMUM         56    523 AM  42    1979  57     -1       52
  AVERAGE         66                        65      1       65

PRECIPITATION (IN)
  YESTERDAY        0.00          2.43 1977   0.12  -0.12     0.00
  MONTH TO DATE    1.07                      2.29  -1.22     1.57
  SINCE SEP 1      1.07                      2.29  -1.22     1.57
  SINCE JAN 1     32.31                     31.19   1.12    28.35

SNOWFALL (IN)
  YESTERDAY        0.0           0.0  2002   0.0    0.0      0.0
                                      2001
  MONTH TO DATE    0.0                       0.0    0.0      0.0
  SINCE OCT 1     57.4                      27.6   29.8     64.3
  SINCE JUL 1      0.0                       0.0    0.0      0.0
  SNOW DEPTH       0

DEGREE DAYS
 HEATING
  YESTERDAY        0                         3     -3        0
  MONTH TO DATE   25                        24      1       36
  SINCE SEP 1     25                        24      1       36
  SINCE JUL 1     25                        28     -3       36

 COOLING
  YESTERDAY        1                         2     -1        0
  MONTH TO DATE  107                        83     24       91
  SINCE SEP 1    107                        83     24       91
  SINCE JAN 1    841                       801     40      976
..................................................................


WIND (MPH)
  HIGHEST WIND SPEED    15   HIGHEST WIND DIRECTION     S (170)
  HIGHEST GUST SPEED    20   HIGHEST GUST DIRECTION     S (200)
  AVERAGE WIND SPEED     9.3


SKY COVER
  AVERAGE SKY COVER 0.5


WEATHER CONDITIONS
 THE FOLLOWING WEATHER WAS RECORDED YESTERDAY.
  NO SIGNIFICANT WEATHER WAS OBSERVED.


RELATIVE HUMIDITY (PERCENT)
 HIGHEST    84          1000 PM
 LOWEST     53           100 PM
 AVERAGE    69

..........................................................


THE BRIDGEPORT CT CLIMATE NORMALS FOR TODAY
                         NORMAL    RECORD    YEAR
 MAXIMUM TEMPERATURE (F)   72        85      1965
 MINIMUM TEMPERATURE (F)   56        36      1956


SUNRISE AND SUNSET
SEPTEMBER 21 2014.....SUNRISE   639 AM EDT   SUNSET   651 PM EDT
SEPTEMBER 22 2014.....SUNRISE   640 AM EDT   SUNSET   650 PM EDT


-  INDICATES NEGATIVE NUMBERS.
R  INDICATES RECORD WAS SET OR TIED.
MM INDICATES DATA IS MISSING.
T  INDICATES TRACE AMOUNT.




$$
