000
CDUS41 KOKX 212035
CLIBDR


CLIMATE REPORT
NATIONAL WEATHER SERVICE NEW YORK NY
435 PM EDT FRI APR 21 2017


...................................

...THE BRIDGEPORT CT CLIMATE SUMMARY FOR APRIL 21 2017...
VALID TODAY AS OF 0400 PM LOCAL TIME.

CLIMATE NORMAL PERIOD 1981 TO 2010
CLIMATE RECORD PERIOD 1948 TO 2017


WEATHER ITEM   OBSERVED TIME   RECORD YEAR NORMAL DEPARTURE LAST
                VALUE   (LST)  VALUE       VALUE  FROM      YEAR
                                                  NORMAL
..................................................................
TEMPERATURE (F)
 TODAY
  MAXIMUM         52   1042 AM  85    1957  60     -8       68
  MINIMUM         49    706 AM  29    1956  43      6       44
  AVERAGE         51                        51      0       56

PRECIPITATION (IN)
  TODAY            0.33          3.34 2000   0.14   0.19     0.00
  MONTH TO DATE    3.81                      2.96   0.85     2.00
  SINCE MAR 1      8.15                      7.01   1.14     4.17
  SINCE JAN 1     13.34                     12.90   0.44    11.33

SNOWFALL (IN)
  TODAY            0.0           0.0  2001   0.1   -0.1      0.0
  MONTH TO DATE    0.0                       0.9   -0.9      0.1
  SINCE OCT 1     40.9                      27.6   13.3     27.3
  SINCE JUL 1     40.9                      27.6   13.3     27.3
  SNOW DEPTH       0

DEGREE DAYS
 HEATING
  TODAY           14                        14      0        9
  MONTH TO DATE  263                       361    -98      362
  SINCE MAR 1   1111                      1158    -47      985
  SINCE JUL 1   4278                      5045   -767     4120

 COOLING
  TODAY            0                         0      0        0
  MONTH TO DATE    0                         0      0        0
  SINCE MAR 1      0                         0      0        0
  SINCE JAN 1      0                         0      0        0
..................................................................


WIND (MPH)
  HIGHEST WIND SPEED    22   HIGHEST WIND DIRECTION     E (80)
  HIGHEST GUST SPEED    26   HIGHEST GUST DIRECTION     E (70)
  AVERAGE WIND SPEED    17.4


SKY COVER
  AVERAGE SKY COVER 0.6


WEATHER CONDITIONS
 THE FOLLOWING WEATHER WAS RECORDED TODAY.
  HEAVY RAIN
  RAIN
  LIGHT RAIN
  FOG


RELATIVE HUMIDITY (PERCENT)
 HIGHEST    93           700 AM
 LOWEST     86           800 AM
 AVERAGE    90

..........................................................


THE BRIDGEPORT CT CLIMATE NORMALS FOR TOMORROW
                         NORMAL    RECORD    YEAR
 MAXIMUM TEMPERATURE (F)   60        82      1960
 MINIMUM TEMPERATURE (F)   43        29      1975


SUNRISE AND SUNSET
APRIL 21 2017.........SUNRISE   604 AM EDT   SUNSET   739 PM EDT
APRIL 22 2017.........SUNRISE   602 AM EDT   SUNSET   740 PM EDT


-  INDICATES NEGATIVE NUMBERS.
R  INDICATES RECORD WAS SET OR TIED.
MM INDICATES DATA IS MISSING.
T  INDICATES TRACE AMOUNT.




$$
