000
CDUS41 KOKX 290620
CLIBDR


CLIMATE REPORT
NATIONAL WEATHER SERVICE NEW YORK NY
119 AM EST THU JAN 29 2015


...................................

...THE BRIDGEPORT CT CLIMATE SUMMARY FOR JANUARY 28 2015...

CLIMATE NORMAL PERIOD 1981 TO 2010
CLIMATE RECORD PERIOD 1948 TO 2015


WEATHER ITEM   OBSERVED TIME   RECORD YEAR NORMAL DEPARTURE LAST
                VALUE   (LST)  VALUE       VALUE  FROM      YEAR
                                                  NORMAL
..................................................................
TEMPERATURE (F)
 YESTERDAY
  MAXIMUM         29    413 PM  55    2006  37     -8       21
  MINIMUM         15    555 AM   3    2003  23     -8       12
  AVERAGE         22                        30     -8       17

PRECIPITATION (IN)
  YESTERDAY        T             1.42 1994   0.10  -0.10      T
  MONTH TO DATE    4.01                      2.82   1.19     2.73
  SINCE DEC 1      9.66                      6.15   3.51     7.06
  SINCE JAN 1      4.01                      2.82   1.19     2.73

SNOWFALL (IN)
  YESTERDAY        T             4.7  1952   0.2   -0.2      0.0
  MONTH TO DATE   16.9                       6.9   10.0     12.9
  SINCE OCT 1     17.8                      12.7    5.1     23.9
  SINCE JUL 1     17.8                      12.7    5.1     23.9
  SNOW DEPTH       7

DEGREE DAYS
 HEATING
  YESTERDAY       43                        35      8       48
  MONTH TO DATE 1015                       976     39     1048
  SINCE DEC 1   1813                      1895    -82     1969
  SINCE JUL 1   2719                      2869   -150     2922

 COOLING
  YESTERDAY        0                         0      0        0
  MONTH TO DATE    0                         0      0        0
  SINCE DEC 1      0                         0      0        0
  SINCE JAN 1      0                         0      0        0
..................................................................


WIND (MPH)
  HIGHEST WIND SPEED    21   HIGHEST WIND DIRECTION     N (340)
  HIGHEST GUST SPEED    28   HIGHEST GUST DIRECTION    NW (330)
  AVERAGE WIND SPEED    12.2


SKY COVER
  AVERAGE SKY COVER 0.3


WEATHER CONDITIONS
 THE FOLLOWING WEATHER WAS RECORDED YESTERDAY.
  LIGHT SNOW
  HAZE


RELATIVE HUMIDITY (PERCENT)
 HIGHEST    73          1200 AM
 LOWEST     38           600 PM
 AVERAGE    56

..........................................................


THE BRIDGEPORT CT CLIMATE NORMALS FOR TODAY
                         NORMAL    RECORD    YEAR
 MAXIMUM TEMPERATURE (F)   37        68      2002
 MINIMUM TEMPERATURE (F)   23         4      1966
                                             1963


SUNRISE AND SUNSET
JANUARY 29 2015.......SUNRISE   707 AM EST   SUNSET   505 PM EST
JANUARY 30 2015.......SUNRISE   706 AM EST   SUNSET   506 PM EST


-  INDICATES NEGATIVE NUMBERS.
R  INDICATES RECORD WAS SET OR TIED.
MM INDICATES DATA IS MISSING.
T  INDICATES TRACE AMOUNT.




$$
