872
CDUS41 KOKX 290617
CLIBDR


CLIMATE REPORT
NATIONAL WEATHER SERVICE NEW YORK NY
217 AM EDT THU SEP 29 2016


...................................

...THE BRIDGEPORT CT CLIMATE SUMMARY FOR SEPTEMBER 28 2016...

CLIMATE NORMAL PERIOD 1981 TO 2010
CLIMATE RECORD PERIOD 1948 TO 2016


WEATHER ITEM   OBSERVED TIME   RECORD YEAR NORMAL DEPARTURE LAST
                VALUE   (LST)  VALUE       VALUE  FROM      YEAR
                                                  NORMAL
..................................................................
TEMPERATURE (F)
 YESTERDAY
  MAXIMUM         69    958 AM  81    1959  70     -1       75
  MINIMUM         58   1147 PM  36    1957  53      5       58
  AVERAGE         64                        62      2       67

PRECIPITATION (IN)
  YESTERDAY        0.00          4.80 2012   0.12  -0.12     0.00
  MONTH TO DATE    2.68                      3.22  -0.54     1.59
  SINCE SEP 1      2.68                      3.22  -0.54     1.59
  SINCE JAN 1     27.44                     32.12  -4.68    25.18

SNOWFALL (IN)
  YESTERDAY        0.0          MM      MM   0.0    0.0      0.0
  MONTH TO DATE    0.0                       0.0    0.0      0.0
  SINCE OCT 1     27.3                      27.6   -0.3     59.7
  SINCE JUL 1      0.0                       0.0    0.0      0.0
  SNOW DEPTH       0

DEGREE DAYS
 HEATING
  YESTERDAY        1                         5     -4        0
  MONTH TO DATE   10                        54    -44        7
  SINCE SEP 1     10                        54    -44        7
  SINCE JUL 1     10                        58    -48        7

 COOLING
  YESTERDAY        0                         1     -1        2
  MONTH TO DATE  191                        96     95      184
  SINCE SEP 1    191                        96     95      184
  SINCE JAN 1   1243                       814    429     1104
..................................................................


WIND (MPH)
  HIGHEST WIND SPEED    22   HIGHEST WIND DIRECTION    NE (50)
  HIGHEST GUST SPEED    26   HIGHEST GUST DIRECTION    NE (40)
  AVERAGE WIND SPEED    12.3


SKY COVER
  AVERAGE SKY COVER 0.8


WEATHER CONDITIONS
 THE FOLLOWING WEATHER WAS RECORDED YESTERDAY.
  FOG


RELATIVE HUMIDITY (PERCENT)
 HIGHEST    90           200 AM
 LOWEST     61          1000 AM
 AVERAGE    76

..........................................................


THE BRIDGEPORT CT CLIMATE NORMALS FOR TODAY
                         NORMAL    RECORD    YEAR
 MAXIMUM TEMPERATURE (F)   69        83      1959
 MINIMUM TEMPERATURE (F)   53        39      2000
                                             1957


SUNRISE AND SUNSET
SEPTEMBER 29 2016.....SUNRISE   648 AM EDT   SUNSET   637 PM EDT
SEPTEMBER 30 2016.....SUNRISE   649 AM EDT   SUNSET   635 PM EDT


-  INDICATES NEGATIVE NUMBERS.
R  INDICATES RECORD WAS SET OR TIED.
MM INDICATES DATA IS MISSING.
T  INDICATES TRACE AMOUNT.




$$
