000
CDUS41 KOKX 290643
CLIBDR


CLIMATE REPORT
NATIONAL WEATHER SERVICE NEW YORK NY
243 AM EDT MON JUN 29 2015


...................................

...THE BRIDGEPORT CT CLIMATE SUMMARY FOR JUNE 28 2015...

CLIMATE NORMAL PERIOD 1981 TO 2010
CLIMATE RECORD PERIOD 1948 TO 2015


WEATHER ITEM   OBSERVED TIME   RECORD YEAR NORMAL DEPARTURE LAST
                VALUE   (LST)  VALUE       VALUE  FROM      YEAR
                                                  NORMAL
..................................................................
TEMPERATURE (F)
 YESTERDAY
  MAXIMUM         68    421 PM  93    1963  80    -12       79
  MINIMUM         61    618 AM  50    1970  64     -3       62
  AVERAGE         65                        72     -7       71

PRECIPITATION (IN)
  YESTERDAY        0.84          1.50 1983   0.09   0.75     0.00
  MONTH TO DATE    4.73                      3.42   1.31     4.01
  SINCE JUN 1      4.73                      3.42   1.31     4.01
  SINCE JAN 1     19.03                     21.29  -2.26    25.67

SNOWFALL (IN)
  YESTERDAY        0.0           T    1955   0.0    0.0      0.0
  MONTH TO DATE    0.0                       0.0    0.0      0.0
  SINCE OCT 1     59.7                      27.6   32.1     57.4
  SINCE JUL 1     59.7                      27.6   32.1     57.4
  SNOW DEPTH       0

DEGREE DAYS
 HEATING
  YESTERDAY        0                         0      0        0
  MONTH TO DATE   52                        30     22        4
  SINCE JUN 1     52                        30     22        4
  SINCE JUL 1   5673                      5390    283     5618

 COOLING
  YESTERDAY        0                         7     -7        6
  MONTH TO DATE  150                       127     23      128
  SINCE JUN 1    150                       127     23      128
  SINCE JAN 1    204                       151     53      151
..................................................................


WIND (MPH)
  HIGHEST WIND SPEED    26   HIGHEST WIND DIRECTION    NE (60)
  HIGHEST GUST SPEED    33   HIGHEST GUST DIRECTION    NE (60)
  AVERAGE WIND SPEED    10.8


SKY COVER
  AVERAGE SKY COVER 1.0


WEATHER CONDITIONS
 THE FOLLOWING WEATHER WAS RECORDED YESTERDAY.
  HEAVY RAIN
  RAIN
  LIGHT RAIN
  FOG
  HAZE


RELATIVE HUMIDITY (PERCENT)
 HIGHEST    97           500 AM
 LOWEST     78          1000 AM
 AVERAGE    88

..........................................................


THE BRIDGEPORT CT CLIMATE NORMALS FOR TODAY
                         NORMAL    RECORD    YEAR
 MAXIMUM TEMPERATURE (F)   81        93      1959
 MINIMUM TEMPERATURE (F)   64        53      1956


SUNRISE AND SUNSET
JUNE 29 2015..........SUNRISE   523 AM EDT   SUNSET   829 PM EDT
JUNE 30 2015..........SUNRISE   523 AM EDT   SUNSET   829 PM EDT


-  INDICATES NEGATIVE NUMBERS.
R  INDICATES RECORD WAS SET OR TIED.
MM INDICATES DATA IS MISSING.
T  INDICATES TRACE AMOUNT.




$$
