000
CDUS41 KOKX 302103
CLIBDR


CLIMATE REPORT
NATIONAL WEATHER SERVICE NEW YORK NY
503 PM EDT TUE JUN 30 2015


...................................

...THE BRIDGEPORT CT CLIMATE SUMMARY FOR JUNE 30 2015...
VALID TODAY AS OF 0500 PM LOCAL TIME.

CLIMATE NORMAL PERIOD 1981 TO 2010
CLIMATE RECORD PERIOD 1948 TO 2015


WEATHER ITEM   OBSERVED TIME   RECORD YEAR NORMAL DEPARTURE LAST
                VALUE   (LST)  VALUE       VALUE  FROM      YEAR
                                                  NORMAL
..................................................................
TEMPERATURE (F)
 TODAY
  MAXIMUM         81    128 PM  94    1959  81      0       83
  MINIMUM         63    409 AM  51    1988  64     -1       67
  AVERAGE         72                        73     -1       75

PRECIPITATION (IN)
  TODAY            0.00          2.03 1972   0.10  -0.10     0.00
  MONTH TO DATE    4.73                      3.61   1.12     4.01
  SINCE JUN 1      4.73                      3.61   1.12     4.01
  SINCE JAN 1     19.03                     21.48  -2.45    25.67

SNOWFALL (IN)
  TODAY            0.0           0.0  2002   0.0    0.0      0.0
                                      2001
  MONTH TO DATE    0.0                       0.0    0.0      0.0
  SINCE OCT 1     59.7                      27.6   32.1     57.4
  SINCE JUL 1     59.7                      27.6   32.1     57.4
  SNOW DEPTH       0

DEGREE DAYS
 HEATING
  TODAY            0                         0      0        0
  MONTH TO DATE   52                        30     22        4
  SINCE JUN 1     52                        32     20        4
  SINCE JUL 1   5673                      5392    281     5618

 COOLING
  TODAY            7                         8     -1       10
  MONTH TO DATE  161                       143     18      146
  SINCE JUN 1    161                       143     18      146
  SINCE JAN 1    215                       167     48      169
..................................................................


WIND (MPH)
  HIGHEST WIND SPEED    15   HIGHEST WIND DIRECTION     S (190)
  HIGHEST GUST SPEED    19   HIGHEST GUST DIRECTION     S (180)
  AVERAGE WIND SPEED     4.5


SKY COVER
  AVERAGE SKY COVER 0.2


WEATHER CONDITIONS
 THE FOLLOWING WEATHER WAS RECORDED TODAY.
  NO SIGNIFICANT WEATHER WAS OBSERVED.


RELATIVE HUMIDITY (PERCENT)
 HIGHEST    87           500 AM
 LOWEST     45           300 PM
 AVERAGE    66

..........................................................


THE BRIDGEPORT CT CLIMATE NORMALS FOR TOMORROW
                         NORMAL    RECORD    YEAR
 MAXIMUM TEMPERATURE (F)   81        95      1963
 MINIMUM TEMPERATURE (F)   65        49      1988


SUNRISE AND SUNSET
JUNE 30 2015..........SUNRISE   523 AM EDT   SUNSET   829 PM EDT
JULY  1 2015..........SUNRISE   523 AM EDT   SUNSET   829 PM EDT


-  INDICATES NEGATIVE NUMBERS.
R  INDICATES RECORD WAS SET OR TIED.
MM INDICATES DATA IS MISSING.
T  INDICATES TRACE AMOUNT.




$$
