331
CDUS41 KOKX 240616
CLIBDR


CLIMATE REPORT
NATIONAL WEATHER SERVICE NEW YORK NY
116 AM EST TUE JAN 24 2017


...................................

...THE BRIDGEPORT CT CLIMATE SUMMARY FOR JANUARY 23 2017...

CLIMATE NORMAL PERIOD 1981 TO 2010
CLIMATE RECORD PERIOD 1948 TO 2017


WEATHER ITEM   OBSERVED TIME   RECORD YEAR NORMAL DEPARTURE LAST
                VALUE   (LST)  VALUE       VALUE  FROM      YEAR
                                                  NORMAL
..................................................................
TEMPERATURE (F)
 YESTERDAY
  MAXIMUM         45    144 AM  56    1992  37      8       30
  MINIMUM         37    818 PM   0    1976  23     14       25
  AVERAGE         41                        30     11       28

PRECIPITATION (IN)
  YESTERDAY        0.55          2.48 1998   0.09   0.46     0.69
  MONTH TO DATE    2.57                      2.35   0.22     2.24
  SINCE DEC 1      6.00                      5.68   0.32     7.18
  SINCE JAN 1      2.57                      2.35   0.22     2.24

SNOWFALL (IN)
  YESTERDAY        0.0          12.0  2016   0.2   -0.2      9.5
  MONTH TO DATE    8.5                       5.8    2.7     10.3
  SINCE OCT 1     14.5                      11.6    2.9     11.0
  SINCE JUL 1     14.5                      11.6    2.9     11.0
  SNOW DEPTH       0

DEGREE DAYS
 HEATING
  YESTERDAY       24                        35    -11       37
  MONTH TO DATE  653                       801   -148      735
  SINCE DEC 1   1490                      1720   -230     1279
  SINCE JUL 1   2218                      2694   -476     2023

 COOLING
  YESTERDAY        0                         0      0        0
  MONTH TO DATE    0                         0      0        0
  SINCE DEC 1      0                         0      0        0
  SINCE JAN 1      0                         0      0        0
..................................................................


WIND (MPH)
  HIGHEST WIND SPEED    32   HIGHEST WIND DIRECTION    NE (60)
  HIGHEST GUST SPEED    40   HIGHEST GUST DIRECTION    NE (50)
  AVERAGE WIND SPEED    20.9


SKY COVER
  AVERAGE SKY COVER 1.0


WEATHER CONDITIONS
 THE FOLLOWING WEATHER WAS RECORDED YESTERDAY.
  RAIN
  LIGHT RAIN
  FOG


RELATIVE HUMIDITY (PERCENT)
 HIGHEST    85           800 PM
 LOWEST     62           700 AM
 AVERAGE    74

..........................................................


THE BRIDGEPORT CT CLIMATE NORMALS FOR TODAY
                         NORMAL    RECORD    YEAR
 MAXIMUM TEMPERATURE (F)   37        63      1967
 MINIMUM TEMPERATURE (F)   23         0      2011


SUNRISE AND SUNSET
JANUARY 24 2017.......SUNRISE   710 AM EST   SUNSET   500 PM EST
JANUARY 25 2017.......SUNRISE   709 AM EST   SUNSET   501 PM EST


-  INDICATES NEGATIVE NUMBERS.
R  INDICATES RECORD WAS SET OR TIED.
MM INDICATES DATA IS MISSING.
T  INDICATES TRACE AMOUNT.




$$
