000
CDUS41 KOKX 230632
CLIBDR


CLIMATE REPORT
NATIONAL WEATHER SERVICE NEW YORK NY
132 AM EST THU NOV 23 2017


...................................

...THE BRIDGEPORT CT CLIMATE SUMMARY FOR NOVEMBER 22 2017...

CLIMATE NORMAL PERIOD 1981 TO 2010
CLIMATE RECORD PERIOD 1948 TO 2017


WEATHER ITEM   OBSERVED TIME   RECORD YEAR NORMAL DEPARTURE LAST
                VALUE   (LST)  VALUE       VALUE  FROM      YEAR
                                                  NORMAL
..................................................................
TEMPERATURE (F)
 YESTERDAY
  MAXIMUM         54    228 AM  64    1983  51      3       45
  MINIMUM         37   1159 PM  18    1987  36      1       35
  AVERAGE         46                        44      2       40

PRECIPITATION (IN)
  YESTERDAY        0.52          1.52 1991   0.12   0.40     0.00
  MONTH TO DATE    1.86                      2.42  -0.56     1.50
  SINCE SEP 1     10.96                      9.54   1.42     8.48
  SINCE JAN 1     39.55                     38.44   1.11    33.24

SNOWFALL (IN)
  YESTERDAY        0.0           0.4  1989   0.0    0.0      0.0
  MONTH TO DATE    0.0                       0.3   -0.3       T
  SINCE OCT 1      0.0                       0.3   -0.3       T
  SINCE JUL 1      0.0                       0.3   -0.3       T
  SNOW DEPTH       0

DEGREE DAYS
 HEATING
  YESTERDAY       19                        21     -2       25
  MONTH TO DATE  413                       399     14      335
  SINCE SEP 1    572                       785   -213      577
  SINCE JUL 1    572                       789   -217      577

 COOLING
  YESTERDAY        0                         0      0        0
  MONTH TO DATE    0                         0      0        0
  SINCE SEP 1    216                       107    109      218
  SINCE JAN 1   1053                       825    228     1270
..................................................................


WIND (MPH)
  HIGHEST WIND SPEED    24   HIGHEST WIND DIRECTION    NW (320)
  HIGHEST GUST SPEED    33   HIGHEST GUST DIRECTION    NW (320)
  AVERAGE WIND SPEED     7.8


SKY COVER
  AVERAGE SKY COVER 0.6


WEATHER CONDITIONS
 THE FOLLOWING WEATHER WAS RECORDED YESTERDAY.
  HEAVY RAIN
  RAIN
  LIGHT RAIN
  FOG


RELATIVE HUMIDITY (PERCENT)
 HIGHEST    93           800 AM
 LOWEST     50          1100 PM
 AVERAGE    72

..........................................................


THE BRIDGEPORT CT CLIMATE NORMALS FOR TODAY
                         NORMAL    RECORD    YEAR
 MAXIMUM TEMPERATURE (F)   50        67      1992
 MINIMUM TEMPERATURE (F)   36        16      1972


SUNRISE AND SUNSET
NOVEMBER 23 2017......SUNRISE   650 AM EST   SUNSET   428 PM EST
NOVEMBER 24 2017......SUNRISE   651 AM EST   SUNSET   427 PM EST


-  INDICATES NEGATIVE NUMBERS.
R  INDICATES RECORD WAS SET OR TIED.
MM INDICATES DATA IS MISSING.
T  INDICATES TRACE AMOUNT.




$$
