000
CDUS41 KOKX 282035
CLIBDR


CLIMATE REPORT
NATIONAL WEATHER SERVICE NEW YORK NY
435 PM EDT SAT MAY 28 2016


...................................

...THE BRIDGEPORT CT CLIMATE SUMMARY FOR MAY 28 2016...
VALID TODAY AS OF 0400 PM LOCAL TIME.

CLIMATE NORMAL PERIOD 1981 TO 2010
CLIMATE RECORD PERIOD 1948 TO 2016


WEATHER ITEM   OBSERVED TIME   RECORD YEAR NORMAL DEPARTURE LAST
                VALUE   (LST)  VALUE       VALUE  FROM      YEAR
                                                  NORMAL
..................................................................
TEMPERATURE (F)
 TODAY
  MAXIMUM         86   1204 PM  90    1991  71     15       78
  MINIMUM         65    159 AM  40    1961  55     10       63
  AVERAGE         76                        63     13       71

PRECIPITATION (IN)
  TODAY            0.00          1.48 1985   0.13  -0.13     0.04
  MONTH TO DATE    2.26                      3.39  -1.13     0.55
  SINCE MAR 1      7.14                     11.57  -4.43     7.36
  SINCE JAN 1     14.30                     17.46  -3.16    13.70

SNOWFALL (IN)
  TODAY            0.0           0.0  2002   0.0    0.0      0.0
                                      2001
  MONTH TO DATE    0.0                       0.0    0.0      0.0
  SINCE OCT 1     27.3                      27.6   -0.3     59.7
  SINCE JUL 1     27.3                      27.6   -0.3     59.7
  SNOW DEPTH       0

DEGREE DAYS
 HEATING
  TODAY            0                         4     -4        0
  MONTH TO DATE  198                       196      2      104
  SINCE MAR 1   1282                      1464   -182     1518
  SINCE JUL 1   4417                      5351   -934     5624

 COOLING
  TODAY           11                         2      9        6
  MONTH TO DATE   30                        15     15       40
  SINCE MAR 1     30                        17     13       40
  SINCE JAN 1     30                        17     13       40
..................................................................


WIND (MPH)
  HIGHEST WIND SPEED    17   HIGHEST WIND DIRECTION     S (190)
  HIGHEST GUST SPEED    23   HIGHEST GUST DIRECTION     S (190)
  AVERAGE WIND SPEED     8.2


SKY COVER
  AVERAGE SKY COVER 0.0


WEATHER CONDITIONS
 THE FOLLOWING WEATHER WAS RECORDED TODAY.
  NO SIGNIFICANT WEATHER WAS OBSERVED.


RELATIVE HUMIDITY (PERCENT)
 HIGHEST    84           200 AM
 LOWEST     55          1200 PM
 AVERAGE    70

..........................................................


THE BRIDGEPORT CT CLIMATE NORMALS FOR TOMORROW
                         NORMAL    RECORD    YEAR
 MAXIMUM TEMPERATURE (F)   72        92      1987
                                             1969
 MINIMUM TEMPERATURE (F)   55        43      1956


SUNRISE AND SUNSET
MAY 28 2016...........SUNRISE   524 AM EDT   SUNSET   816 PM EDT
MAY 29 2016...........SUNRISE   523 AM EDT   SUNSET   817 PM EDT


-  INDICATES NEGATIVE NUMBERS.
R  INDICATES RECORD WAS SET OR TIED.
MM INDICATES DATA IS MISSING.
T  INDICATES TRACE AMOUNT.




$$
