000
CDUS41 KOKX 022030
CLIBDR


CLIMATE REPORT
NATIONAL WEATHER SERVICE NEW YORK NY
430 PM EDT TUE SEP 2 2014


...................................

...THE BRIDGEPORT CT CLIMATE SUMMARY FOR SEPTEMBER 2 2014...
VALID TODAY AS OF 0400 PM LOCAL TIME.

CLIMATE NORMAL PERIOD 1981 TO 2010
CLIMATE RECORD PERIOD 1948 TO 2014


WEATHER ITEM   OBSERVED TIME   RECORD YEAR NORMAL DEPARTURE LAST
                VALUE   (LST)  VALUE       VALUE  FROM      YEAR
                                                  NORMAL
..................................................................
TEMPERATURE (F)
 TODAY
  MAXIMUM         91    222 PM  99    1953  78     13       79
  MINIMUM         75    548 AM  50    1992  63     12       73
                                      1970
                                      1967
  AVERAGE         83                        71     12       76

PRECIPITATION (IN)
  TODAY            0.00          2.20 2002   0.11  -0.11     0.03
  MONTH TO DATE    T                         0.22  -0.22     0.03
  SINCE SEP 1      T                         0.22  -0.22     0.03
  SINCE JAN 1     31.24                     29.12   2.12    26.81

SNOWFALL (IN)
  TODAY            0.0           0.0  2002   0.0    0.0      0.0
                                      2001
  MONTH TO DATE    0.0                       0.0    0.0      0.0
  SINCE OCT 1     57.4                      27.6   29.8     64.3
  SINCE JUL 1      0.0                       0.0    0.0      0.0
  SNOW DEPTH       0

DEGREE DAYS
 HEATING
  TODAY            0                         0      0        0
  MONTH TO DATE    0                         0      0        0
  SINCE SEP 1      0                         0      0        0
  SINCE JUL 1      0                         4     -4        0

 COOLING
  TODAY           18                         6     12       11
  MONTH TO DATE   34                        12     22       24
  SINCE SEP 1     34                        12     22       24
  SINCE JAN 1    768                       730     38      909
..................................................................


WIND (MPH)
  HIGHEST WIND SPEED    15   HIGHEST WIND DIRECTION     S (190)
  HIGHEST GUST SPEED    19   HIGHEST GUST DIRECTION     S (180)
  AVERAGE WIND SPEED     6.6


SKY COVER
  AVERAGE SKY COVER 0.1


WEATHER CONDITIONS
 THE FOLLOWING WEATHER WAS RECORDED TODAY.
  FOG


RELATIVE HUMIDITY (PERCENT)
 HIGHEST    94           100 AM
 LOWEST     56           200 PM
 AVERAGE    75

..........................................................


THE BRIDGEPORT CT CLIMATE NORMALS FOR TOMORROW
                         NORMAL    RECORD    YEAR
 MAXIMUM TEMPERATURE (F)   78        91      1993
 MINIMUM TEMPERATURE (F)   63        46      1967


SUNRISE AND SUNSET
SEPTEMBER  2 2014.....SUNRISE   620 AM EDT   SUNSET   724 PM EDT
SEPTEMBER  3 2014.....SUNRISE   621 AM EDT   SUNSET   722 PM EDT


-  INDICATES NEGATIVE NUMBERS.
R  INDICATES RECORD WAS SET OR TIED.
MM INDICATES DATA IS MISSING.
T  INDICATES TRACE AMOUNT.




$$
