000
CDUS41 KOKX 012143
CLIBDR


CLIMATE REPORT
NATIONAL WEATHER SERVICE NEW YORK NY
443 PM EST SUN FEB 1 2015


...................................

...THE BRIDGEPORT CT CLIMATE SUMMARY FOR FEBRUARY 1 2015...
VALID TODAY AS OF 0400 PM LOCAL TIME.

CLIMATE NORMAL PERIOD 1981 TO 2010
CLIMATE RECORD PERIOD 1948 TO 2015


WEATHER ITEM   OBSERVED TIME   RECORD YEAR NORMAL DEPARTURE LAST
                VALUE   (LST)  VALUE       VALUE  FROM      YEAR
                                                  NORMAL
..................................................................
TEMPERATURE (F)
 TODAY
  MAXIMUM         35   1237 PM  62    2012  38     -3       41
  MINIMUM         11    650 AM   0    1961  24    -13       28
  AVERAGE         23                        30     -7       35

PRECIPITATION (IN)
  TODAY            0.00          1.79 2008   0.09  -0.09     0.00
  MONTH TO DATE    0.00                      0.09  -0.09     0.00
  SINCE DEC 1      9.76                      6.52   3.24     7.11
  SINCE JAN 1      4.11                      3.19   0.92     2.78

SNOWFALL (IN)
  TODAY            0.0           4.4  1957   0.3   -0.3      0.0
  MONTH TO DATE    0.0                       0.3   -0.3      0.0
  SINCE OCT 1     19.6                      13.8    5.8     24.4
  SINCE JUL 1     19.6                      13.8    5.8     24.4
  SNOW DEPTH       5

DEGREE DAYS
 HEATING
  TODAY           42                        35      7       30
  MONTH TO DATE   42                        35      7       30
  SINCE DEC 1   1985                      2037    -52     2121
  SINCE JUL 1   2891                      3011   -120     3074

 COOLING
  TODAY            0                         0      0        0
  MONTH TO DATE    0                         0      0        0
  SINCE DEC 1      0                         0      0        0
  SINCE JAN 1      0                         0      0        0
..................................................................


WIND (MPH)
  HIGHEST WIND SPEED    12   HIGHEST WIND DIRECTION     W (270)
  HIGHEST GUST SPEED    15   HIGHEST GUST DIRECTION     W (270)
  AVERAGE WIND SPEED     5.1


SKY COVER
  AVERAGE SKY COVER 0.3


WEATHER CONDITIONS
 THE FOLLOWING WEATHER WAS RECORDED TODAY.
  NO SIGNIFICANT WEATHER WAS OBSERVED.


RELATIVE HUMIDITY (PERCENT)
 HIGHEST    76           700 AM
 LOWEST     56          1200 PM
 AVERAGE    66

..........................................................


THE BRIDGEPORT CT CLIMATE NORMALS FOR TOMORROW
                         NORMAL    RECORD    YEAR
 MAXIMUM TEMPERATURE (F)   38        52      1983
                                             1973
 MINIMUM TEMPERATURE (F)   24        -3      1961


SUNRISE AND SUNSET
FEBRUARY  1 2015......SUNRISE   704 AM EST   SUNSET   509 PM EST
FEBRUARY  2 2015......SUNRISE   703 AM EST   SUNSET   510 PM EST


-  INDICATES NEGATIVE NUMBERS.
R  INDICATES RECORD WAS SET OR TIED.
MM INDICATES DATA IS MISSING.
T  INDICATES TRACE AMOUNT.




$$
