000
CDUS41 KOKX 170622
CLIBDR


CLIMATE REPORT
NATIONAL WEATHER SERVICE NEW YORK NY
222 AM EDT THU APR 17 2014


...................................

...THE BRIDGEPORT CT CLIMATE SUMMARY FOR APRIL 16 2014...

CLIMATE NORMAL PERIOD 1981 TO 2010
CLIMATE RECORD PERIOD 1948 TO 2014


WEATHER ITEM   OBSERVED TIME   RECORD YEAR NORMAL DEPARTURE LAST
                VALUE   (LST)  VALUE       VALUE  FROM      YEAR
                                                  NORMAL
..................................................................
TEMPERATURE (F)
 YESTERDAY
  MAXIMUM         47    352 PM  85    2002  58    -11       61
  MINIMUM         31    539 AM  29    1981  41    -10       42
  AVERAGE         39                        50    -11       52

PRECIPITATION (IN)
  YESTERDAY        0.09          5.28 1996   0.14  -0.05      T
  MONTH TO DATE    2.25                      2.29  -0.04     0.82
  SINCE MAR 1      7.47                      6.34   1.13     3.36
  SINCE JAN 1     14.45                     12.23   2.22    10.38

SNOWFALL (IN)
  YESTERDAY        0.1 R         0.0  2002   0.0    0.1      0.0
                                      2001
                                      1988
  MONTH TO DATE    0.1                       0.7   -0.6      0.0
  SINCE OCT 1     57.1                      27.4   29.7     64.3
  SINCE JUL 1     57.1                      27.4   29.7     64.3
  SNOW DEPTH       0

DEGREE DAYS
 HEATING
  YESTERDAY       26                        15     11       13
  MONTH TO DATE  273                       289    -16      275
  SINCE MAR 1   1207                      1086    121     1070
  SINCE JUL 1   5255                      4973    282     4693

 COOLING
  YESTERDAY        0                         0      0        0
  MONTH TO DATE    0                         0      0        0
  SINCE MAR 1      0                         0      0        0
  SINCE JAN 1      0                         0      0        0
..................................................................


WIND (MPH)
  HIGHEST WIND SPEED    28   HIGHEST WIND DIRECTION    NW (320)
  HIGHEST GUST SPEED    37   HIGHEST GUST DIRECTION    NW (320)
  AVERAGE WIND SPEED    15.3


SKY COVER
  AVERAGE SKY COVER 0.0


WEATHER CONDITIONS
 THE FOLLOWING WEATHER WAS RECORDED YESTERDAY.
  LIGHT RAIN
  LIGHT SNOW
  FOG


RELATIVE HUMIDITY (PERCENT)
 HIGHEST    69           300 AM
 LOWEST     25           200 PM
 AVERAGE    47

..........................................................


THE BRIDGEPORT CT CLIMATE NORMALS FOR TODAY
                         NORMAL    RECORD    YEAR
 MAXIMUM TEMPERATURE (F)   58        89      2002
 MINIMUM TEMPERATURE (F)   42        30      1962


SUNRISE AND SUNSET
APRIL 17 2014.........SUNRISE   610 AM EDT   SUNSET   735 PM EDT
APRIL 18 2014.........SUNRISE   609 AM EDT   SUNSET   736 PM EDT


-  INDICATES NEGATIVE NUMBERS.
R  INDICATES RECORD WAS SET OR TIED.
MM INDICATES DATA IS MISSING.
T  INDICATES TRACE AMOUNT.




$$
