000
CDUS41 KOKX 290617
CLIBDR


CLIMATE REPORT
NATIONAL WEATHER SERVICE NEW YORK NY
117 AM EST SAT NOV 29 2014


...................................

...THE BRIDGEPORT CT CLIMATE SUMMARY FOR NOVEMBER 28 2014...

CLIMATE NORMAL PERIOD 1981 TO 2010
CLIMATE RECORD PERIOD 1948 TO 2014


WEATHER ITEM   OBSERVED TIME   RECORD YEAR NORMAL DEPARTURE LAST
                VALUE   (LST)  VALUE       VALUE  FROM      YEAR
                                                  NORMAL
..................................................................
TEMPERATURE (F)
 YESTERDAY
  MAXIMUM         40   1229 PM  65    2001  49     -9       37
  MINIMUM         25   1159 PM  16    1951  34     -9       28
  AVERAGE         33                        42     -9       33

PRECIPITATION (IN)
  YESTERDAY        0.00          1.25 1980   0.12  -0.12     0.00
  MONTH TO DATE    4.24                      3.14   1.10     2.51
  SINCE SEP 1      9.32                     10.26  -0.94     5.55
  SINCE JAN 1     40.56                     39.16   1.40    32.33

SNOWFALL (IN)
  YESTERDAY        0.0           0.1  1977   0.1   -0.1      0.0
  MONTH TO DATE    0.2                       0.6   -0.4      0.1
  SINCE OCT 1      0.2                       0.6   -0.4      0.1
  SINCE JUL 1      0.2                       0.6   -0.4      0.1
  SNOW DEPTH       0

DEGREE DAYS
 HEATING
  YESTERDAY       32                        24      8       32
  MONTH TO DATE  589                       535     54      570
  SINCE SEP 1    858                       921    -63      889
  SINCE JUL 1    858                       925    -67      889

 COOLING
  YESTERDAY        0                         0      0        0
  MONTH TO DATE    0                         0      0        0
  SINCE SEP 1    150                       107     43      118
  SINCE JAN 1    884                       825     59     1003
..................................................................


WIND (MPH)
  HIGHEST WIND SPEED    21   HIGHEST WIND DIRECTION    NW (300)
  HIGHEST GUST SPEED    26   HIGHEST GUST DIRECTION    NW (320)
  AVERAGE WIND SPEED    10.0


SKY COVER
  AVERAGE SKY COVER 0.2


WEATHER CONDITIONS
 THE FOLLOWING WEATHER WAS RECORDED YESTERDAY.
  NO SIGNIFICANT WEATHER WAS OBSERVED.


RELATIVE HUMIDITY (PERCENT)
 HIGHEST    85           600 AM
 LOWEST     40           200 PM
 AVERAGE    63

..........................................................


THE BRIDGEPORT CT CLIMATE NORMALS FOR TODAY
                         NORMAL    RECORD    YEAR
 MAXIMUM TEMPERATURE (F)   48        65      2011
                                             1968
 MINIMUM TEMPERATURE (F)   34        20      1989


SUNRISE AND SUNSET
NOVEMBER 29 2014......SUNRISE   656 AM EST   SUNSET   425 PM EST
NOVEMBER 30 2014......SUNRISE   657 AM EST   SUNSET   425 PM EST


-  INDICATES NEGATIVE NUMBERS.
R  INDICATES RECORD WAS SET OR TIED.
MM INDICATES DATA IS MISSING.
T  INDICATES TRACE AMOUNT.




$$
