000
CDUS41 KOKX 232134
CLIBDR


CLIMATE REPORT
NATIONAL WEATHER SERVICE NEW YORK NY
434 PM EST TUE DEC 23 2014


...................................

...THE BRIDGEPORT CT CLIMATE SUMMARY FOR DECEMBER 23 2014...
VALID TODAY AS OF 0400 PM LOCAL TIME.

CLIMATE NORMAL PERIOD 1981 TO 2010
CLIMATE RECORD PERIOD 1948 TO 2014


WEATHER ITEM   OBSERVED TIME   RECORD YEAR NORMAL DEPARTURE LAST
                VALUE   (LST)  VALUE       VALUE  FROM      YEAR
                                                  NORMAL
..................................................................
TEMPERATURE (F)
 TODAY
  MAXIMUM         46    359 PM  60    2004  40      6       55
  MINIMUM         42    655 AM   5    1989  26     16       40
  AVERAGE         44                        33     11       48

PRECIPITATION (IN)
  TODAY            0.24          1.15 2006   0.10   0.14     0.60
  MONTH TO DATE    4.75                      2.52   2.23     3.01
  SINCE DEC 1      4.75                      2.52   2.23     3.01
  SINCE JAN 1     45.31                     41.93   3.38    35.34

SNOWFALL (IN)
  TODAY            0.0           6.1  1963   0.2   -0.2      0.0
  MONTH TO DATE    0.7                       3.2   -2.5     10.8
  SINCE OCT 1      0.9                       3.9   -3.0     10.9
  SINCE JUL 1      0.9                       3.9   -3.0     10.9
  SNOW DEPTH       0

DEGREE DAYS
 HEATING
  TODAY           21                        32    -11       17
  MONTH TO DATE  604                       656    -52      662
  SINCE DEC 1    604                       656    -52      662
  SINCE JUL 1   1510                      1630   -120     1615

 COOLING
  TODAY            0                         0      0        0
  MONTH TO DATE    0                         0      0        0
  SINCE DEC 1      0                         0      0        0
  SINCE JAN 1    884                       825     59     1003
..................................................................


WIND (MPH)
  HIGHEST WIND SPEED    18   HIGHEST WIND DIRECTION     E (70)
  HIGHEST GUST SPEED    23   HIGHEST GUST DIRECTION    NE (60)
  AVERAGE WIND SPEED    12.2


SKY COVER
  AVERAGE SKY COVER 0.9


WEATHER CONDITIONS
 THE FOLLOWING WEATHER WAS RECORDED TODAY.
  LIGHT RAIN
  FOG


RELATIVE HUMIDITY (PERCENT)
 HIGHEST   100           400 AM
 LOWEST     92           200 AM
 AVERAGE    96

..........................................................


THE BRIDGEPORT CT CLIMATE NORMALS FOR TOMORROW
                         NORMAL    RECORD    YEAR
 MAXIMUM TEMPERATURE (F)   40        57      1990
 MINIMUM TEMPERATURE (F)   26         6      1989


SUNRISE AND SUNSET
DECEMBER 23 2014......SUNRISE   715 AM EST   SUNSET   428 PM EST
DECEMBER 24 2014......SUNRISE   716 AM EST   SUNSET   428 PM EST


-  INDICATES NEGATIVE NUMBERS.
R  INDICATES RECORD WAS SET OR TIED.
MM INDICATES DATA IS MISSING.
T  INDICATES TRACE AMOUNT.




$$
