476
CDUS41 KOKX 080618
CLIBDR


CLIMATE REPORT
NATIONAL WEATHER SERVICE NEW YORK NY
117 AM EST MON FEB 8 2016


...................................

...THE BRIDGEPORT CT CLIMATE SUMMARY FOR FEBRUARY 7 2016...

CLIMATE NORMAL PERIOD 1981 TO 2010
CLIMATE RECORD PERIOD 1948 TO 2016


WEATHER ITEM   OBSERVED TIME   RECORD YEAR NORMAL DEPARTURE LAST
                VALUE   (LST)  VALUE       VALUE  FROM      YEAR
                                                  NORMAL
..................................................................
TEMPERATURE (F)
 YESTERDAY
  MAXIMUM         44   1137 AM  52    1951  38      6       31
  MINIMUM         23    720 AM   3    1993  24     -1       19
  AVERAGE         34                        31      3       25

PRECIPITATION (IN)
  YESTERDAY        0.00          1.80 1951   0.09  -0.09     0.01
  MONTH TO DATE    2.06                      0.64   1.42     1.01
  SINCE DEC 1      9.26                      7.07   2.19    10.77
  SINCE JAN 1      4.32                      3.74   0.58     5.12

SNOWFALL (IN)
  YESTERDAY        0.0          10.8  1967   0.3   -0.3      0.1
  MONTH TO DATE    8.0                       1.9    6.1     11.4
  SINCE OCT 1     19.0                      15.4    3.6     31.0
  SINCE JUL 1     19.0                      15.4    3.6     31.0
  SNOW DEPTH       5

DEGREE DAYS
 HEATING
  YESTERDAY       31                        34     -3       40
  MONTH TO DATE  180                       239    -59      309
  SINCE DEC 1   1704                      2241   -537     2252
  SINCE JUL 1   2448                      3215   -767     3158

 COOLING
  YESTERDAY        0                         0      0        0
  MONTH TO DATE    0                         0      0        0
  SINCE DEC 1      0                         0      0        0
  SINCE JAN 1      0                         0      0        0
..................................................................


WIND (MPH)
  HIGHEST WIND SPEED    16   HIGHEST WIND DIRECTION    NE (50)
  HIGHEST GUST SPEED    21   HIGHEST GUST DIRECTION    NE (50)
  AVERAGE WIND SPEED     5.7


SKY COVER
  AVERAGE SKY COVER 0.0


WEATHER CONDITIONS
 THE FOLLOWING WEATHER WAS RECORDED YESTERDAY.
  FOG
  HAZE


RELATIVE HUMIDITY (PERCENT)
 HIGHEST    81           600 AM
 LOWEST     54          1100 AM
 AVERAGE    68

..........................................................


THE BRIDGEPORT CT CLIMATE NORMALS FOR TODAY
                         NORMAL    RECORD    YEAR
 MAXIMUM TEMPERATURE (F)   38        57      1965
 MINIMUM TEMPERATURE (F)   24        -5      1963


SUNRISE AND SUNSET
FEBRUARY  8 2016......SUNRISE   656 AM EST   SUNSET   517 PM EST
FEBRUARY  9 2016......SUNRISE   655 AM EST   SUNSET   519 PM EST


-  INDICATES NEGATIVE NUMBERS.
R  INDICATES RECORD WAS SET OR TIED.
MM INDICATES DATA IS MISSING.
T  INDICATES TRACE AMOUNT.




$$
