000
CDUS41 KOKX 170614
CLIBDR


CLIMATE REPORT
NATIONAL WEATHER SERVICE NEW YORK NY
114 AM EST FRI FEB 17 2017


...................................

...THE BRIDGEPORT CT CLIMATE SUMMARY FOR FEBRUARY 16 2017...

CLIMATE NORMAL PERIOD 1981 TO 2010
CLIMATE RECORD PERIOD 1948 TO 2017


WEATHER ITEM   OBSERVED TIME   RECORD YEAR NORMAL DEPARTURE LAST
                VALUE   (LST)  VALUE       VALUE  FROM      YEAR
                                                  NORMAL
..................................................................
TEMPERATURE (F)
 YESTERDAY
  MAXIMUM         39    249 PM  57    1982  40     -1       55
                                      1976
  MINIMUM         27   1157 PM  -2    2015  25      2       32
  AVERAGE         33                        33      0       44

PRECIPITATION (IN)
  YESTERDAY        0.00          0.88 1958   0.11  -0.11     0.31
  MONTH TO DATE    1.52                      1.49   0.03     3.30
  SINCE DEC 1      8.23                      7.92   0.31    10.50
  SINCE JAN 1      4.80                      4.59   0.21     5.56

SNOWFALL (IN)
  YESTERDAY        0.0          13.0  1958   0.3   -0.3      0.0
  MONTH TO DATE   12.8                       4.5    8.3     13.9
  SINCE OCT 1     29.8                      18.0   11.8     24.9
  SINCE JUL 1     29.8                      18.0   11.8     24.9
  SNOW DEPTH       0

DEGREE DAYS
 HEATING
  YESTERDAY       32                        32      0       21
  MONTH TO DATE  485                       537    -52      549
  SINCE DEC 1   2185                      2539   -354     2073
  SINCE JUL 1   2913                      3513   -600     2817

 COOLING
  YESTERDAY        0                         0      0        0
  MONTH TO DATE    0                         0      0        0
  SINCE DEC 1      0                         0      0        0
  SINCE JAN 1      0                         0      0        0
..................................................................


WIND (MPH)
  HIGHEST WIND SPEED    25   HIGHEST WIND DIRECTION    NW (300)
  HIGHEST GUST SPEED    31   HIGHEST GUST DIRECTION     W (290)
  AVERAGE WIND SPEED    12.8


SKY COVER
  AVERAGE SKY COVER 0.1


WEATHER CONDITIONS
 THE FOLLOWING WEATHER WAS RECORDED YESTERDAY.
  NO SIGNIFICANT WEATHER WAS OBSERVED.


RELATIVE HUMIDITY (PERCENT)
 HIGHEST    64           100 AM
 LOWEST     40           100 PM
 AVERAGE    52

..........................................................


THE BRIDGEPORT CT CLIMATE NORMALS FOR TODAY
                         NORMAL    RECORD    YEAR
 MAXIMUM TEMPERATURE (F)   40        65      1976
 MINIMUM TEMPERATURE (F)   26         3      1979


SUNRISE AND SUNSET
FEBRUARY 17 2017......SUNRISE   644 AM EST   SUNSET   529 PM EST
FEBRUARY 18 2017......SUNRISE   643 AM EST   SUNSET   531 PM EST


-  INDICATES NEGATIVE NUMBERS.
R  INDICATES RECORD WAS SET OR TIED.
MM INDICATES DATA IS MISSING.
T  INDICATES TRACE AMOUNT.




$$
