000
CDUS41 KOKX 280616
CLIBDR


CLIMATE REPORT
NATIONAL WEATHER SERVICE NEW YORK NY
215 AM EDT SUN SEP 28 2014


...................................

...THE BRIDGEPORT CT CLIMATE SUMMARY FOR SEPTEMBER 27 2014...

CLIMATE NORMAL PERIOD 1981 TO 2010
CLIMATE RECORD PERIOD 1948 TO 2014


WEATHER ITEM   OBSERVED TIME   RECORD YEAR NORMAL DEPARTURE LAST
                VALUE   (LST)  VALUE       VALUE  FROM      YEAR
                                                  NORMAL
..................................................................
TEMPERATURE (F)
 YESTERDAY
  MAXIMUM         80   1128 AM  84    1998  70     10       66
  MINIMUM         57    411 AM  37    1957  54      3       52
  AVERAGE         69                        62      7       59

PRECIPITATION (IN)
  YESTERDAY        0.00          1.62 1962   0.13  -0.13     0.00
  MONTH TO DATE    2.10                      3.10  -1.00     2.72
  SINCE SEP 1      2.10                      3.10  -1.00     2.72
  SINCE JAN 1     33.34                     32.00   1.34    29.50

SNOWFALL (IN)
  YESTERDAY        0.0           0.0  2002   0.0    0.0      0.0
                                      2001
  MONTH TO DATE    0.0                       0.0    0.0      0.0
  SINCE OCT 1     57.4                      27.6   29.8     64.3
  SINCE JUL 1      0.0                       0.0    0.0      0.0
  SNOW DEPTH       0

DEGREE DAYS
 HEATING
  YESTERDAY        0                         4     -4        6
  MONTH TO DATE   40                        49     -9       68
  SINCE SEP 1     40                        49     -9       68
  SINCE JUL 1     40                        53    -13       68

 COOLING
  YESTERDAY        4                         1      3        0
  MONTH TO DATE  122                        95     27       96
  SINCE SEP 1    122                        95     27       96
  SINCE JAN 1    856                       813     43      981
..................................................................


WIND (MPH)
  HIGHEST WIND SPEED    13   HIGHEST WIND DIRECTION     N (360)
  HIGHEST GUST SPEED    18   HIGHEST GUST DIRECTION    NE (30)
  AVERAGE WIND SPEED     4.6


SKY COVER
  AVERAGE SKY COVER 0.0


WEATHER CONDITIONS
 THE FOLLOWING WEATHER WAS RECORDED YESTERDAY.
  NO SIGNIFICANT WEATHER WAS OBSERVED.


RELATIVE HUMIDITY (PERCENT)
 HIGHEST    87           100 AM
 LOWEST     48          1100 AM
 AVERAGE    68

..........................................................


THE BRIDGEPORT CT CLIMATE NORMALS FOR TODAY
                         NORMAL    RECORD    YEAR
 MAXIMUM TEMPERATURE (F)   70        81      1959
 MINIMUM TEMPERATURE (F)   53        36      1957


SUNRISE AND SUNSET
SEPTEMBER 28 2014.....SUNRISE   646 AM EDT   SUNSET   640 PM EDT
SEPTEMBER 29 2014.....SUNRISE   647 AM EDT   SUNSET   638 PM EDT


-  INDICATES NEGATIVE NUMBERS.
R  INDICATES RECORD WAS SET OR TIED.
MM INDICATES DATA IS MISSING.
T  INDICATES TRACE AMOUNT.




$$
