000
CDUS41 KOKX 182157
CLIBDR


CLIMATE REPORT
NATIONAL WEATHER SERVICE NEW YORK NY
457 PM EST SUN FEB 18 2018


...................................

...THE BRIDGEPORT CT CLIMATE SUMMARY FOR FEBRUARY 18 2018...
VALID TODAY AS OF 0400 PM LOCAL TIME.

CLIMATE NORMAL PERIOD 1981 TO 2010
CLIMATE RECORD PERIOD 1948 TO 2018


WEATHER ITEM   OBSERVED TIME   RECORD YEAR NORMAL DEPARTURE LAST
                VALUE   (LST)  VALUE       VALUE  FROM      YEAR
                                                  NORMAL
..................................................................
TEMPERATURE (F)
 TODAY
  MAXIMUM         45    326 PM  60    1981  40      5       52
  MINIMUM         33    701 AM   0    1979  26      7       27
  AVERAGE         39                        33      6       40

PRECIPITATION (IN)
  TODAY            0.04          1.03 1998   0.10  -0.06     0.00
  MONTH TO DATE    5.14                      1.69   3.45     1.52
  SINCE DEC 1      9.33                      8.12   1.21     8.23
  SINCE JAN 1      7.64                      4.79   2.85     4.80

SNOWFALL (IN)
  TODAY            0.3           4.0  1952   0.3    0.0      0.0
  MONTH TO DATE    5.3                       5.2    0.1     12.8
  SINCE OCT 1     25.4                      18.7    6.7     29.8
  SINCE JUL 1     25.4                      18.7    6.7     29.8
  SNOW DEPTH       4

DEGREE DAYS
 HEATING
  TODAY           26                        32     -6       25
  MONTH TO DATE  540                       601    -61      541
  SINCE DEC 1   2634                      2603     31     2241
  SINCE JUL 1   3389                      3577   -188     2969

 COOLING
  TODAY            0                         0      0        0
  MONTH TO DATE    0                         0      0        0
  SINCE DEC 1      0                         0      0        0
  SINCE JAN 1      0                         0      0        0
..................................................................


WIND (MPH)
  HIGHEST WIND SPEED    21   HIGHEST WIND DIRECTION     N (340)
  HIGHEST GUST SPEED    27   HIGHEST GUST DIRECTION     N (360)
  AVERAGE WIND SPEED     8.7


SKY COVER
  AVERAGE SKY COVER 0.3


WEATHER CONDITIONS
 THE FOLLOWING WEATHER WAS RECORDED TODAY.
  LIGHT SNOW
  FOG


RELATIVE HUMIDITY (PERCENT)
 HIGHEST   100           300 AM
 LOWEST     40           300 PM
 AVERAGE    70

..........................................................


THE BRIDGEPORT CT CLIMATE NORMALS FOR TOMORROW
                         NORMAL    RECORD    YEAR
 MAXIMUM TEMPERATURE (F)   40        63      2017
 MINIMUM TEMPERATURE (F)   26         7      2015


SUNRISE AND SUNSET
FEBRUARY 18 2018......SUNRISE   643 AM EST   SUNSET   530 PM EST
FEBRUARY 19 2018......SUNRISE   642 AM EST   SUNSET   532 PM EST


-  INDICATES NEGATIVE NUMBERS.
R  INDICATES RECORD WAS SET OR TIED.
MM INDICATES DATA IS MISSING.
T  INDICATES TRACE AMOUNT.




$$
