000
CDUS41 KOKX 090635
CLIBDR


CLIMATE REPORT
NATIONAL WEATHER SERVICE NEW YORK NY
235 AM EDT WED JUL 9 2014


...................................

...THE BRIDGEPORT CT CLIMATE SUMMARY FOR JULY 8 2014...

CLIMATE NORMAL PERIOD 1981 TO 2010
CLIMATE RECORD PERIOD 1948 TO 2014


WEATHER ITEM   OBSERVED TIME   RECORD YEAR NORMAL DEPARTURE LAST
                VALUE   (LST)  VALUE       VALUE  FROM      YEAR
                                                  NORMAL
..................................................................
TEMPERATURE (F)
 YESTERDAY
  MAXIMUM         90        MM  95    1993  82      8       90
  MINIMUM         69        MM  56    2000  66      3       74
                                      1948
  AVERAGE         80                        74      6       82

PRECIPITATION (IN)
  YESTERDAY        0.08          1.73 2005   0.10  -0.02     0.00
  MONTH TO DATE    1.22                      0.73   0.49     0.24
  SINCE JUN 1      5.23                      4.34   0.89     9.72
  SINCE JAN 1     26.89                     22.21   4.68    23.32

SNOWFALL (IN)
  YESTERDAY        0.0           0.0  2002   0.0    0.0      0.0
                                      2001
  MONTH TO DATE    0.0                       0.0    0.0      0.0
  SINCE OCT 1     57.4                      27.6   29.8     64.3
  SINCE JUL 1      0.0                       0.0    0.0      0.0
  SNOW DEPTH       0

DEGREE DAYS
 HEATING
  YESTERDAY        0                         0      0        0
  MONTH TO DATE    0                         0      0        0
  SINCE JUN 1      4                        32    -28       18
  SINCE JUL 1      0                         0      0        0

 COOLING
  YESTERDAY       15                         9      6       17
  MONTH TO DATE   94                        68     26      129
  SINCE JUN 1    240                       211     29      304
  SINCE JAN 1    263                       235     28      342
..................................................................


WIND (MPH)
  HIGHEST WIND SPEED    29   HIGHEST WIND DIRECTION    SW (230)
  HIGHEST GUST SPEED    39   HIGHEST GUST DIRECTION    SW (210)
  AVERAGE WIND SPEED    11.1


SKY COVER
  AVERAGE SKY COVER 0.1


WEATHER CONDITIONS
 THE FOLLOWING WEATHER WAS RECORDED YESTERDAY.
  LIGHT RAIN


RELATIVE HUMIDITY (PERCENT)
 HIGHEST    97           500 AM
 LOWEST     57          1200 PM
 AVERAGE    77

..........................................................


THE BRIDGEPORT CT CLIMATE NORMALS FOR TODAY
                         NORMAL    RECORD    YEAR
 MAXIMUM TEMPERATURE (F)   82        97      1974
 MINIMUM TEMPERATURE (F)   66        51      1963


SUNRISE AND SUNSET
JULY  9 2014..........SUNRISE   528 AM EDT   SUNSET   827 PM EDT
JULY 10 2014..........SUNRISE   529 AM EDT   SUNSET   826 PM EDT


-  INDICATES NEGATIVE NUMBERS.
R  INDICATES RECORD WAS SET OR TIED.
MM INDICATES DATA IS MISSING.
T  INDICATES TRACE AMOUNT.




$$
