864
CDUS41 KOKX 210618
CLIBDR


CLIMATE REPORT
NATIONAL WEATHER SERVICE NEW YORK NY
117 AM EST SAT JAN 21 2017


...................................

...THE BRIDGEPORT CT CLIMATE SUMMARY FOR JANUARY 20 2017...

CLIMATE NORMAL PERIOD 1981 TO 2010
CLIMATE RECORD PERIOD 1948 TO 2017


WEATHER ITEM   OBSERVED TIME   RECORD YEAR NORMAL DEPARTURE LAST
                VALUE   (LST)  VALUE       VALUE  FROM      YEAR
                                                  NORMAL
..................................................................
TEMPERATURE (F)
 YESTERDAY
  MAXIMUM         43    233 PM  54    1991  37      6       40
  MINIMUM         40    756 AM   1    1994  23     17       25
  AVERAGE         42                        30     12       33

PRECIPITATION (IN)
  YESTERDAY        0.02          1.62 1978   0.09  -0.07     0.00
  MONTH TO DATE    2.02                      2.06  -0.04     1.55
  SINCE DEC 1      5.45                      5.39   0.06     6.49
  SINCE JAN 1      2.02                      2.06  -0.04     1.55

SNOWFALL (IN)
  YESTERDAY        0.0          15.7  1978   0.2   -0.2      0.0
  MONTH TO DATE    8.5                       5.1    3.4      0.8
  SINCE OCT 1     14.5                      10.9    3.6      1.5
  SINCE JUL 1     14.5                      10.9    3.6      1.5
  SNOW DEPTH       0

DEGREE DAYS
 HEATING
  YESTERDAY       23                        35    -12       32
  MONTH TO DATE  590                       696   -106      623
  SINCE DEC 1   1427                      1615   -188     1167
  SINCE JUL 1   2155                      2589   -434     1911

 COOLING
  YESTERDAY        0                         0      0        0
  MONTH TO DATE    0                         0      0        0
  SINCE DEC 1      0                         0      0        0
  SINCE JAN 1      0                         0      0        0
..................................................................


WIND (MPH)
  HIGHEST WIND SPEED     7   HIGHEST WIND DIRECTION     E (110)
  HIGHEST GUST SPEED     9   HIGHEST GUST DIRECTION     E (110)
  AVERAGE WIND SPEED     3.2


SKY COVER
  AVERAGE SKY COVER 1.0


WEATHER CONDITIONS
 THE FOLLOWING WEATHER WAS RECORDED YESTERDAY.
  LIGHT RAIN
  FOG


RELATIVE HUMIDITY (PERCENT)
 HIGHEST    86          1100 PM
 LOWEST     62          1200 AM
 AVERAGE    74

..........................................................


THE BRIDGEPORT CT CLIMATE NORMALS FOR TODAY
                         NORMAL    RECORD    YEAR
 MAXIMUM TEMPERATURE (F)   37        57      2006
 MINIMUM TEMPERATURE (F)   23        -2      1985


SUNRISE AND SUNSET
JANUARY 21 2017.......SUNRISE   712 AM EST   SUNSET   456 PM EST
JANUARY 22 2017.......SUNRISE   712 AM EST   SUNSET   457 PM EST


-  INDICATES NEGATIVE NUMBERS.
R  INDICATES RECORD WAS SET OR TIED.
MM INDICATES DATA IS MISSING.
T  INDICATES TRACE AMOUNT.




$$
