000
CDUS41 KOKX 140622
CLIBDR


CLIMATE REPORT
NATIONAL WEATHER SERVICE NEW YORK NY
120 AM EST TUE NOV 14 2017


...................................

...THE BRIDGEPORT CT CLIMATE SUMMARY FOR NOVEMBER 13 2017...

CLIMATE NORMAL PERIOD 1981 TO 2010
CLIMATE RECORD PERIOD 1948 TO 2017


WEATHER ITEM   OBSERVED TIME   RECORD YEAR NORMAL DEPARTURE LAST
                VALUE   (LST)  VALUE       VALUE  FROM      YEAR
                                                  NORMAL
..................................................................
TEMPERATURE (F)
 YESTERDAY
  MAXIMUM         47    226 PM  67    1964  54     -7       61
  MINIMUM         37   1159 PM  23    1986  39     -2       38
  AVERAGE         42                        46     -4       50

PRECIPITATION (IN)
  YESTERDAY        T             2.23 1970   0.10  -0.10     0.00
  MONTH TO DATE    0.78                      1.37  -0.59      T
  SINCE SEP 1      9.88                      8.49   1.39     6.98
  SINCE JAN 1     38.47                     37.39   1.08    31.74

SNOWFALL (IN)
  YESTERDAY        0.0           1.5  2004   0.0    0.0      0.0
  MONTH TO DATE    0.0                       0.1   -0.1      0.0
  SINCE OCT 1      0.0                       0.1   -0.1       T
  SINCE JUL 1      0.0                       0.1   -0.1       T
  SNOW DEPTH       0

DEGREE DAYS
 HEATING
  YESTERDAY       23                        19      4       15
  MONTH TO DATE  230                       219     11      183
  SINCE SEP 1    389                       605   -216      425
  SINCE JUL 1    389                       609   -220      425

 COOLING
  YESTERDAY        0                         0      0        0
  MONTH TO DATE    0                         0      0        0
  SINCE SEP 1    216                       107    109      218
  SINCE JAN 1   1053                       825    228     1270
..................................................................


WIND (MPH)
  HIGHEST WIND SPEED    16   HIGHEST WIND DIRECTION     N (10)
  HIGHEST GUST SPEED    19   HIGHEST GUST DIRECTION     N (10)
  AVERAGE WIND SPEED     8.9


SKY COVER
  AVERAGE SKY COVER 0.5


WEATHER CONDITIONS
 THE FOLLOWING WEATHER WAS RECORDED YESTERDAY.
  LIGHT RAIN


RELATIVE HUMIDITY (PERCENT)
 HIGHEST    82          1000 PM
 LOWEST     53           900 AM
 AVERAGE    68

..........................................................


THE BRIDGEPORT CT CLIMATE NORMALS FOR TODAY
                         NORMAL    RECORD    YEAR
 MAXIMUM TEMPERATURE (F)   54        68      1959
 MINIMUM TEMPERATURE (F)   39        20      1986


SUNRISE AND SUNSET
NOVEMBER 14 2017......SUNRISE   639 AM EST   SUNSET   434 PM EST
NOVEMBER 15 2017......SUNRISE   641 AM EST   SUNSET   433 PM EST


-  INDICATES NEGATIVE NUMBERS.
R  INDICATES RECORD WAS SET OR TIED.
MM INDICATES DATA IS MISSING.
T  INDICATES TRACE AMOUNT.




$$
