000
CDUS41 KOKX 260616
CLIBDR


CLIMATE REPORT
NATIONAL WEATHER SERVICE NEW YORK NY
116 AM EST MON JAN 26 2015


...................................

...THE BRIDGEPORT CT CLIMATE SUMMARY FOR JANUARY 25 2015...

CLIMATE NORMAL PERIOD 1981 TO 2010
CLIMATE RECORD PERIOD 1948 TO 2015


WEATHER ITEM   OBSERVED TIME   RECORD YEAR NORMAL DEPARTURE LAST
                VALUE   (LST)  VALUE       VALUE  FROM      YEAR
                                                  NORMAL
..................................................................
TEMPERATURE (F)
 YESTERDAY
  MAXIMUM         40    216 PM  55    2010  37      3       34
  MINIMUM         24   1159 PM   2    2004  23      1       20
                                      1961
  AVERAGE         32                        30      2       27

PRECIPITATION (IN)
  YESTERDAY        0.00          1.43 1978   0.09  -0.09     0.09
  MONTH TO DATE    3.63                      2.54   1.09     2.73
  SINCE DEC 1      9.28                      5.87   3.41     7.06
  SINCE JAN 1      3.63                      2.54   1.09     2.73

SNOWFALL (IN)
  YESTERDAY        0.0           4.0  2000   0.2   -0.2      1.0
  MONTH TO DATE    9.7                       6.2    3.5     12.9
  SINCE OCT 1     10.6                      12.0   -1.4     23.9
  SINCE JUL 1     10.6                      12.0   -1.4     23.9
  SNOW DEPTH       3

DEGREE DAYS
 HEATING
  YESTERDAY       33                        35     -2       38
  MONTH TO DATE  883                       871     12      924
  SINCE DEC 1   1681                      1790   -109     1845
  SINCE JUL 1   2587                      2764   -177     2798

 COOLING
  YESTERDAY        0                         0      0        0
  MONTH TO DATE    0                         0      0        0
  SINCE DEC 1      0                         0      0        0
  SINCE JAN 1      0                         0      0        0
..................................................................


WIND (MPH)
  HIGHEST WIND SPEED    24   HIGHEST WIND DIRECTION     W (290)
  HIGHEST GUST SPEED    31   HIGHEST GUST DIRECTION    NW (300)
  AVERAGE WIND SPEED    12.0


SKY COVER
  AVERAGE SKY COVER 0.3


WEATHER CONDITIONS
 THE FOLLOWING WEATHER WAS RECORDED YESTERDAY.
  NO SIGNIFICANT WEATHER WAS OBSERVED.


RELATIVE HUMIDITY (PERCENT)
 HIGHEST    82           600 AM
 LOWEST     42          1100 PM
 AVERAGE    62

..........................................................


THE BRIDGEPORT CT CLIMATE NORMALS FOR TODAY
                         NORMAL    RECORD    YEAR
 MAXIMUM TEMPERATURE (F)   37        60      1950
 MINIMUM TEMPERATURE (F)   23         5      2007
                                             1994


SUNRISE AND SUNSET
JANUARY 26 2015.......SUNRISE   709 AM EST   SUNSET   501 PM EST
JANUARY 27 2015.......SUNRISE   708 AM EST   SUNSET   503 PM EST


-  INDICATES NEGATIVE NUMBERS.
R  INDICATES RECORD WAS SET OR TIED.
MM INDICATES DATA IS MISSING.
T  INDICATES TRACE AMOUNT.




$$
