000
CDUS41 KOKX 220620
CLIBDR


CLIMATE REPORT
NATIONAL WEATHER SERVICE NEW YORK NY
220 AM EDT THU JUN 22 2017


...................................

...THE BRIDGEPORT CT CLIMATE SUMMARY FOR JUNE 21 2017...

CLIMATE NORMAL PERIOD 1981 TO 2010
CLIMATE RECORD PERIOD 1948 TO 2017


WEATHER ITEM   OBSERVED TIME   RECORD YEAR NORMAL DEPARTURE LAST
                VALUE   (LST)  VALUE       VALUE  FROM      YEAR
                                                  NORMAL
..................................................................
TEMPERATURE (F)
 YESTERDAY
  MAXIMUM         86    156 PM  96    2012  79      7       88
  MINIMUM         68   1158 PM  51    1970  62      6       69
  AVERAGE         77                        70      7       79

PRECIPITATION (IN)
  YESTERDAY        0.00          0.72 2003   0.10  -0.10     0.04
  MONTH TO DATE    1.37                      2.75  -1.38     1.13
  SINCE JUN 1      1.37                      2.75  -1.38     1.13
  SINCE JAN 1     21.21                     20.62   0.59    16.67

SNOWFALL (IN)
  YESTERDAY        0.0           0.0  2002   0.0    0.0      0.0
                                      2001
  MONTH TO DATE    0.0                       0.0    0.0      0.0
  SINCE OCT 1     40.9                      27.6   13.3     27.3
  SINCE JUL 1     40.9                      27.6   13.3     27.3
  SNOW DEPTH       0

DEGREE DAYS
 HEATING
  YESTERDAY        0                         0      0        0
  MONTH TO DATE   25                        30     -5        4
  SINCE JUN 1     25                        30     -5        4
  SINCE JUL 1   4565                      5390   -825     4421

 COOLING
  YESTERDAY       12                         6      6       14
  MONTH TO DATE  127                        81     46       96
  SINCE JUN 1    127                        81     46       96
  SINCE JAN 1    171                       105     66      154
..................................................................


WIND (MPH)
  HIGHEST WIND SPEED    18   HIGHEST WIND DIRECTION    SW (230)
  HIGHEST GUST SPEED    22   HIGHEST GUST DIRECTION    SW (230)
  AVERAGE WIND SPEED     7.8


SKY COVER
  AVERAGE SKY COVER 0.2


WEATHER CONDITIONS
 THE FOLLOWING WEATHER WAS RECORDED YESTERDAY.
  THUNDERSTORM


RELATIVE HUMIDITY (PERCENT)
 HIGHEST    78          1200 AM
 LOWEST     40           100 PM
 AVERAGE    59

..........................................................


THE BRIDGEPORT CT CLIMATE NORMALS FOR TODAY
                         NORMAL    RECORD    YEAR
 MAXIMUM TEMPERATURE (F)   79        93      1949
 MINIMUM TEMPERATURE (F)   63        51      1986


SUNRISE AND SUNSET
JUNE 22 2017..........SUNRISE   520 AM EDT   SUNSET   829 PM EDT
JUNE 23 2017..........SUNRISE   521 AM EDT   SUNSET   829 PM EDT


-  INDICATES NEGATIVE NUMBERS.
R  INDICATES RECORD WAS SET OR TIED.
MM INDICATES DATA IS MISSING.
T  INDICATES TRACE AMOUNT.




$$
