115
CDUS41 KOKX 210618
CLIBDR


CLIMATE REPORT
NATIONAL WEATHER SERVICE NEW YORK NY
218 AM EDT TUE MAR 21 2017


...................................

...THE BRIDGEPORT CT CLIMATE SUMMARY FOR MARCH 20 2017...

CLIMATE NORMAL PERIOD 1981 TO 2010
CLIMATE RECORD PERIOD 1948 TO 2017


WEATHER ITEM   OBSERVED TIME   RECORD YEAR NORMAL DEPARTURE LAST
                VALUE   (LST)  VALUE       VALUE  FROM      YEAR
                                                  NORMAL
..................................................................
TEMPERATURE (F)
 YESTERDAY
  MAXIMUM         54    419 PM  68    2010  48      6       41
  MINIMUM         33    634 AM  11    1949  32      1       30
  AVERAGE         44                        40      4       36

PRECIPITATION (IN)
  YESTERDAY        0.00          1.12 1951   0.13  -0.13     0.04
  MONTH TO DATE    1.99                      2.54  -0.55     1.42
  SINCE MAR 1      1.99                      2.54  -0.55     1.42
  SINCE JAN 1      7.18                      8.43  -1.25     8.58

SNOWFALL (IN)
  YESTERDAY        0.0           5.5  1958   0.1   -0.1       T
  MONTH TO DATE   11.1                       4.0    7.1      0.3
  SINCE OCT 1     40.9                      25.6   15.3     25.2
  SINCE JUL 1     40.9                      25.6   15.3     25.2
  SNOW DEPTH       5

DEGREE DAYS
 HEATING
  YESTERDAY       21                        25     -4       29
  MONTH TO DATE  589                       548     41      423
  SINCE MAR 1    589                       548     41      423
  SINCE JUL 1   3756                      4435   -679     3558

 COOLING
  YESTERDAY        0                         0      0        0
  MONTH TO DATE    0                         0      0        0
  SINCE MAR 1      0                         0      0        0
  SINCE JAN 1      0                         0      0        0
..................................................................


WIND (MPH)
  HIGHEST WIND SPEED    18   HIGHEST WIND DIRECTION    NW (330)
  HIGHEST GUST SPEED    24   HIGHEST GUST DIRECTION    NW (330)
  AVERAGE WIND SPEED     8.0


SKY COVER
  AVERAGE SKY COVER 0.1


WEATHER CONDITIONS
 THE FOLLOWING WEATHER WAS RECORDED YESTERDAY.
  NO SIGNIFICANT WEATHER WAS OBSERVED.


RELATIVE HUMIDITY (PERCENT)
 HIGHEST    56          1200 AM
 LOWEST     15           500 PM
 AVERAGE    36

..........................................................


THE BRIDGEPORT CT CLIMATE NORMALS FOR TODAY
                         NORMAL    RECORD    YEAR
 MAXIMUM TEMPERATURE (F)   49        66      2012
 MINIMUM TEMPERATURE (F)   33        14      1986


SUNRISE AND SUNSET
MARCH 21 2017.........SUNRISE   654 AM EDT   SUNSET   706 PM EDT
MARCH 22 2017.........SUNRISE   652 AM EDT   SUNSET   707 PM EDT


-  INDICATES NEGATIVE NUMBERS.
R  INDICATES RECORD WAS SET OR TIED.
MM INDICATES DATA IS MISSING.
T  INDICATES TRACE AMOUNT.




$$
