000
CDUS41 KOKX 240617
CLIBDR


CLIMATE REPORT
NATIONAL WEATHER SERVICE NEW YORK NY
216 AM EDT SUN MAY 24 2015


...................................

...THE BRIDGEPORT CT CLIMATE SUMMARY FOR MAY 23 2015...

CLIMATE NORMAL PERIOD 1981 TO 2010
CLIMATE RECORD PERIOD 1948 TO 2015


WEATHER ITEM   OBSERVED TIME   RECORD YEAR NORMAL DEPARTURE LAST
                VALUE   (LST)  VALUE       VALUE  FROM      YEAR
                                                  NORMAL
..................................................................
TEMPERATURE (F)
 YESTERDAY
  MAXIMUM         65    505 PM  89    1992  70     -5       62
  MINIMUM         47    526 AM  42    1963  53     -6       55
  AVERAGE         56                        61     -5       59

PRECIPITATION (IN)
  YESTERDAY        0.00          1.70 1979   0.14  -0.14     0.04
  MONTH TO DATE    0.50                      2.71  -2.21     3.96
  SINCE MAR 1      7.31                     10.89  -3.58    14.64
  SINCE JAN 1     13.65                     16.78  -3.13    21.62

SNOWFALL (IN)
  YESTERDAY        0.0           0.0  2002   0.0    0.0      0.0
                                      2001
  MONTH TO DATE    0.0                       0.0    0.0      0.0
  SINCE OCT 1     59.7                      27.6   32.1     57.4
  SINCE JUL 1     59.7                      27.6   32.1     57.4
  SNOW DEPTH       0

DEGREE DAYS
 HEATING
  YESTERDAY        9                         5      4        6
  MONTH TO DATE  102                       175    -73      109
  SINCE MAR 1   1513                      1443     70     1541
  SINCE JUL 1   5619                      5330    289     5589

 COOLING
  YESTERDAY        0                         1     -1        0
  MONTH TO DATE   22                         9     13       11
  SINCE MAR 1     22                        11     11       11
  SINCE JAN 1     22                        11     11       11
..................................................................


WIND (MPH)
  HIGHEST WIND SPEED    18   HIGHEST WIND DIRECTION    SW (210)
  HIGHEST GUST SPEED    24   HIGHEST GUST DIRECTION     N (360)
  AVERAGE WIND SPEED    10.5


SKY COVER
  AVERAGE SKY COVER 0.0


WEATHER CONDITIONS
 THE FOLLOWING WEATHER WAS RECORDED YESTERDAY.
  NO SIGNIFICANT WEATHER WAS OBSERVED.


RELATIVE HUMIDITY (PERCENT)
 HIGHEST    72          1000 PM
 LOWEST     26          1100 AM
 AVERAGE    49

..........................................................


THE BRIDGEPORT CT CLIMATE NORMALS FOR TODAY
                         NORMAL    RECORD    YEAR
 MAXIMUM TEMPERATURE (F)   70        87      1975
 MINIMUM TEMPERATURE (F)   53        38      1963


SUNRISE AND SUNSET
MAY 24 2015...........SUNRISE   527 AM EDT   SUNSET   812 PM EDT
MAY 25 2015...........SUNRISE   526 AM EDT   SUNSET   813 PM EDT


-  INDICATES NEGATIVE NUMBERS.
R  INDICATES RECORD WAS SET OR TIED.
MM INDICATES DATA IS MISSING.
T  INDICATES TRACE AMOUNT.




$$
