743
CDUS41 KOKX 050630
CLIBDR


CLIMATE REPORT
NATIONAL WEATHER SERVICE NEW YORK NY
130 AM EST FRI FEB 5 2016


...................................

...THE BRIDGEPORT CT CLIMATE SUMMARY FOR FEBRUARY 4 2016...

CLIMATE NORMAL PERIOD 1981 TO 2010
CLIMATE RECORD PERIOD 1948 TO 2016


WEATHER ITEM   OBSERVED TIME   RECORD YEAR NORMAL DEPARTURE LAST
                VALUE   (LST)  VALUE       VALUE  FROM      YEAR
                                                  NORMAL
..................................................................
TEMPERATURE (F)
 YESTERDAY
  MAXIMUM         54    200 PM  59    1991  38     16       36
  MINIMUM         42   1127 PM   5    1996  24     18        9
                                      1955
  AVERAGE         48                        31     17       23

PRECIPITATION (IN)
  YESTERDAY        0.02          0.85 1995   0.09  -0.07     0.00
  MONTH TO DATE    1.26                      0.36   0.90     0.99
  SINCE DEC 1      8.46                      6.79   1.67    10.75
  SINCE JAN 1      3.52                      3.46   0.06     5.10

SNOWFALL (IN)
  YESTERDAY        0.0          10.2  1961   0.3   -0.3      0.0
  MONTH TO DATE    0.0                       1.1   -1.1     11.0
  SINCE OCT 1     11.0                      14.6   -3.6     30.6
  SINCE JUL 1     11.0                      14.6   -3.6     30.6
  SNOW DEPTH       0

DEGREE DAYS
 HEATING
  YESTERDAY       17                        34    -17       42
  MONTH TO DATE   79                       137    -58      178
  SINCE DEC 1   1603                      2139   -536     2121
  SINCE JUL 1   2347                      3113   -766     3027

 COOLING
  YESTERDAY        0                         0      0        0
  MONTH TO DATE    0                         0      0        0
  SINCE DEC 1      0                         0      0        0
  SINCE JAN 1      0                         0      0        0
..................................................................


WIND (MPH)
  HIGHEST WIND SPEED    17   HIGHEST WIND DIRECTION    NW (320)
  HIGHEST GUST SPEED    23   HIGHEST GUST DIRECTION    NW (320)
  AVERAGE WIND SPEED     8.2


SKY COVER
  AVERAGE SKY COVER 0.9


WEATHER CONDITIONS
 THE FOLLOWING WEATHER WAS RECORDED YESTERDAY.
  LIGHT RAIN
  FOG
  FOG W/VISIBILITY <= 1/4 MILE


RELATIVE HUMIDITY (PERCENT)
 HIGHEST   100           500 AM
 LOWEST     50           500 PM
 AVERAGE    75

..........................................................


THE BRIDGEPORT CT CLIMATE NORMALS FOR TODAY
                         NORMAL    RECORD    YEAR
 MAXIMUM TEMPERATURE (F)   38        60      1991
 MINIMUM TEMPERATURE (F)   24         2      1996


SUNRISE AND SUNSET
FEBRUARY  5 2016......SUNRISE   700 AM EST   SUNSET   514 PM EST
FEBRUARY  6 2016......SUNRISE   659 AM EST   SUNSET   515 PM EST


-  INDICATES NEGATIVE NUMBERS.
R  INDICATES RECORD WAS SET OR TIED.
MM INDICATES DATA IS MISSING.
T  INDICATES TRACE AMOUNT.




$$
