000
CDUS41 KOKX 270622
CLIBDR


CLIMATE REPORT
NATIONAL WEATHER SERVICE NEW YORK NY
122 AM EST TUE JAN 27 2015


...................................

...THE BRIDGEPORT CT CLIMATE SUMMARY FOR JANUARY 26 2015...

CLIMATE NORMAL PERIOD 1981 TO 2010
CLIMATE RECORD PERIOD 1948 TO 2015


WEATHER ITEM   OBSERVED TIME   RECORD YEAR NORMAL DEPARTURE LAST
                VALUE   (LST)  VALUE       VALUE  FROM      YEAR
                                                  NORMAL
..................................................................
TEMPERATURE (F)
 YESTERDAY
  MAXIMUM         25    930 PM  60    1950  37    -12       28
  MINIMUM         19   1129 AM   5    2007  23     -4       16
                                      1994
  AVERAGE         22                        30     -8       22

PRECIPITATION (IN)
  YESTERDAY        0.16          1.41 1978   0.09   0.07      T
  MONTH TO DATE    3.79                      2.63   1.16     2.73
  SINCE DEC 1      9.44                      5.96   3.48     7.06
  SINCE JAN 1      3.79                      2.63   1.16     2.73

SNOWFALL (IN)
  YESTERDAY       MM             6.0  2011   0.3   MM         T
  MONTH TO DATE    9.7                       6.5    3.2     12.9
  SINCE OCT 1     10.6                      12.3   -1.7     23.9
  SINCE JUL 1     10.6                      12.3   -1.7     23.9
  SNOW DEPTH       2

DEGREE DAYS
 HEATING
  YESTERDAY       43                        35      8       43
  MONTH TO DATE  926                       906     20      967
  SINCE DEC 1   1724                      1825   -101     1888
  SINCE JUL 1   2630                      2799   -169     2841

 COOLING
  YESTERDAY        0                         0      0        0
  MONTH TO DATE    0                         0      0        0
  SINCE DEC 1      0                         0      0        0
  SINCE JAN 1      0                         0      0        0
..................................................................


WIND (MPH)
  HIGHEST WIND SPEED    30   HIGHEST WIND DIRECTION     N (10)
  HIGHEST GUST SPEED    43   HIGHEST GUST DIRECTION     N (360)
  AVERAGE WIND SPEED    17.2


SKY COVER
  AVERAGE SKY COVER 1.0


WEATHER CONDITIONS
 THE FOLLOWING WEATHER WAS RECORDED YESTERDAY.
  LIGHT SNOW
  FOG
  HAZE


RELATIVE HUMIDITY (PERCENT)
 HIGHEST    88           300 PM
 LOWEST     46          1200 AM
 AVERAGE    67

..........................................................


THE BRIDGEPORT CT CLIMATE NORMALS FOR TODAY
                         NORMAL    RECORD    YEAR
 MAXIMUM TEMPERATURE (F)   37        65      1974
 MINIMUM TEMPERATURE (F)   23        -1      1994


SUNRISE AND SUNSET
JANUARY 27 2015.......SUNRISE   708 AM EST   SUNSET   503 PM EST
JANUARY 28 2015.......SUNRISE   707 AM EST   SUNSET   504 PM EST


-  INDICATES NEGATIVE NUMBERS.
R  INDICATES RECORD WAS SET OR TIED.
MM INDICATES DATA IS MISSING.
T  INDICATES TRACE AMOUNT.




$$
