310
CDUS41 KOKX 200619
CLIBDR


CLIMATE REPORT
NATIONAL WEATHER SERVICE NEW YORK NY
219 AM EDT SAT MAY 20 2017


...................................

...THE BRIDGEPORT CT CLIMATE SUMMARY FOR MAY 19 2017...

CLIMATE NORMAL PERIOD 1981 TO 2010
CLIMATE RECORD PERIOD 1948 TO 2017


WEATHER ITEM   OBSERVED TIME   RECORD YEAR NORMAL DEPARTURE LAST
                VALUE   (LST)  VALUE       VALUE  FROM      YEAR
                                                  NORMAL
..................................................................
TEMPERATURE (F)
 YESTERDAY
  MAXIMUM         89R   106 PM  86    1998  69     20       67
  MINIMUM         66   1159 PM  38    2002  52     14       53
  AVERAGE         78                        60     18       60

PRECIPITATION (IN)
  YESTERDAY        0.00          1.59 1966   0.12  -0.12      T
  MONTH TO DATE    2.72                      2.19   0.53     1.86
  SINCE MAR 1     11.88                     10.37   1.51     6.74
  SINCE JAN 1     17.07                     16.26   0.81    13.90

SNOWFALL (IN)
  YESTERDAY        0.0           0.0  2002   0.0    0.0      0.0
                                      2001
  MONTH TO DATE    0.0                       0.0    0.0      0.0
  SINCE OCT 1     40.9                      27.6   13.3     27.3
  SINCE JUL 1     40.9                      27.6   13.3     27.3
  SNOW DEPTH       0

DEGREE DAYS
 HEATING
  YESTERDAY        0                         6     -6        5
  MONTH TO DATE  145                       155    -10      181
  SINCE MAR 1   1324                      1423    -99     1265
  SINCE JUL 1   4491                      5310   -819     4400

 COOLING
  YESTERDAY       13                         1     12        0
  MONTH TO DATE   35                         5     30        0
  SINCE MAR 1     43                         7     36        0
  SINCE JAN 1     43                         7     36        0
..................................................................


WIND (MPH)
  HIGHEST WIND SPEED    20   HIGHEST WIND DIRECTION     N (350)
  HIGHEST GUST SPEED    26   HIGHEST GUST DIRECTION     N (350)
  AVERAGE WIND SPEED    10.7


SKY COVER
  AVERAGE SKY COVER 0.1


WEATHER CONDITIONS
 THE FOLLOWING WEATHER WAS RECORDED YESTERDAY.
  NO SIGNIFICANT WEATHER WAS OBSERVED.


RELATIVE HUMIDITY (PERCENT)
 HIGHEST    78           500 AM
 LOWEST     42           800 PM
 AVERAGE    60

..........................................................


THE BRIDGEPORT CT CLIMATE NORMALS FOR TODAY
                         NORMAL    RECORD    YEAR
 MAXIMUM TEMPERATURE (F)   69        97      1996
 MINIMUM TEMPERATURE (F)   52        39      2002


SUNRISE AND SUNSET
MAY 20 2017...........SUNRISE   530 AM EDT   SUNSET   809 PM EDT
MAY 21 2017...........SUNRISE   529 AM EDT   SUNSET   810 PM EDT


-  INDICATES NEGATIVE NUMBERS.
R  INDICATES RECORD WAS SET OR TIED.
MM INDICATES DATA IS MISSING.
T  INDICATES TRACE AMOUNT.




$$
