937
CDUS41 KOKX 202134
CLIBDR


CLIMATE REPORT
NATIONAL WEATHER SERVICE NEW YORK NY
434 PM EST TUE FEB 20 2018


...................................

...THE BRIDGEPORT CT CLIMATE SUMMARY FOR FEBRUARY 20 2018...
VALID TODAY AS OF 0400 PM LOCAL TIME.

CLIMATE NORMAL PERIOD 1981 TO 2010
CLIMATE RECORD PERIOD 1948 TO 2018


WEATHER ITEM   OBSERVED TIME   RECORD YEAR NORMAL DEPARTURE LAST
                VALUE   (LST)  VALUE       VALUE  FROM      YEAR
                                                  NORMAL
..................................................................
TEMPERATURE (F)
 TODAY
  MAXIMUM         56R   359 PM  54    1991  41     15       52
                                      1949
  MINIMUM         42    710 AM   1    2015  26     16       36
  AVERAGE         49                        33     16       44

PRECIPITATION (IN)
  TODAY            0.00          1.13 1981   0.10  -0.10     0.00
  MONTH TO DATE    5.30                      1.90   3.40     1.52
  SINCE DEC 1      9.49                      8.33   1.16     8.23
  SINCE JAN 1      7.80                      5.00   2.80     4.80

SNOWFALL (IN)
  TODAY            0.0           1.4  1977   0.3   -0.3      0.0
  MONTH TO DATE    5.3                       5.8   -0.5     12.8
  SINCE OCT 1     25.4                      19.3    6.1     29.8
  SINCE JUL 1     25.4                      19.3    6.1     29.8
  SNOW DEPTH       0

DEGREE DAYS
 HEATING
  TODAY           16                        32    -16       21
  MONTH TO DATE  586                       665    -79      576
  SINCE DEC 1   2680                      2667     13     2276
  SINCE JUL 1   3435                      3641   -206     3004

 COOLING
  TODAY            0                         0      0        0
  MONTH TO DATE    0                         0      0        0
  SINCE DEC 1      0                         0      0        0
  SINCE JAN 1      0                         0      0        0
..................................................................


WIND (MPH)
  HIGHEST WIND SPEED    15   HIGHEST WIND DIRECTION    SW (230)
  HIGHEST GUST SPEED    20   HIGHEST GUST DIRECTION    SW (230)
  AVERAGE WIND SPEED     6.4


SKY COVER
  AVERAGE SKY COVER 0.8


WEATHER CONDITIONS
 THE FOLLOWING WEATHER WAS RECORDED TODAY.
  FOG
  FOG W/VISIBILITY <= 1/4 MILE
  HAZE


RELATIVE HUMIDITY (PERCENT)
 HIGHEST   100           100 AM
 LOWEST     77           300 PM
 AVERAGE    89

..........................................................


THE BRIDGEPORT CT CLIMATE NORMALS FOR TOMORROW
                         NORMAL    RECORD    YEAR
 MAXIMUM TEMPERATURE (F)   41        59      2002
 MINIMUM TEMPERATURE (F)   26         1      1950


SUNRISE AND SUNSET
FEBRUARY 20 2018......SUNRISE   640 AM EST   SUNSET   533 PM EST
FEBRUARY 21 2018......SUNRISE   639 AM EST   SUNSET   534 PM EST


-  INDICATES NEGATIVE NUMBERS.
R  INDICATES RECORD WAS SET OR TIED.
MM INDICATES DATA IS MISSING.
T  INDICATES TRACE AMOUNT.




$$
