000
CDUS41 KOKX 270615
CLIBDR


CLIMATE REPORT
NATIONAL WEATHER SERVICE NEW YORK NY
215 AM EDT SAT SEP 27 2014


...................................

...THE BRIDGEPORT CT CLIMATE SUMMARY FOR SEPTEMBER 26 2014...

CLIMATE NORMAL PERIOD 1981 TO 2010
CLIMATE RECORD PERIOD 1948 TO 2014


WEATHER ITEM   OBSERVED TIME   RECORD YEAR NORMAL DEPARTURE LAST
                VALUE   (LST)  VALUE       VALUE  FROM      YEAR
                                                  NORMAL
..................................................................
TEMPERATURE (F)
 YESTERDAY
  MAXIMUM         79    309 PM  84    1958  70      9       66
  MINIMUM         58    653 AM  43    1987  54      4       56
                                      1949
  AVERAGE         69                        62      7       61

PRECIPITATION (IN)
  YESTERDAY        0.00          1.82 1993   0.11  -0.11     0.00
  MONTH TO DATE    2.10                      2.97  -0.87     2.72
  SINCE SEP 1      2.10                      2.97  -0.87     2.72
  SINCE JAN 1     33.34                     31.87   1.47    29.50

SNOWFALL (IN)
  YESTERDAY        0.0           0.0  2002   0.0    0.0      0.0
                                      2001
  MONTH TO DATE    0.0                       0.0    0.0      0.0
  SINCE OCT 1     57.4                      27.6   29.8     64.3
  SINCE JUL 1      0.0                       0.0    0.0      0.0
  SNOW DEPTH       0

DEGREE DAYS
 HEATING
  YESTERDAY        0                         4     -4        4
  MONTH TO DATE   40                        45     -5       62
  SINCE SEP 1     40                        45     -5       62
  SINCE JUL 1     40                        49     -9       62

 COOLING
  YESTERDAY        4                         1      3        0
  MONTH TO DATE  118                        94     24       96
  SINCE SEP 1    118                        94     24       96
  SINCE JAN 1    852                       812     40      981
..................................................................


WIND (MPH)
  HIGHEST WIND SPEED    16   HIGHEST WIND DIRECTION     N (10)
  HIGHEST GUST SPEED    22   HIGHEST GUST DIRECTION     N (340)
  AVERAGE WIND SPEED     8.2


SKY COVER
  AVERAGE SKY COVER 0.1


WEATHER CONDITIONS
 THE FOLLOWING WEATHER WAS RECORDED YESTERDAY.
  NO SIGNIFICANT WEATHER WAS OBSERVED.


RELATIVE HUMIDITY (PERCENT)
 HIGHEST    84          1000 PM
 LOWEST     35           400 PM
 AVERAGE    60

..........................................................


THE BRIDGEPORT CT CLIMATE NORMALS FOR TODAY
                         NORMAL    RECORD    YEAR
 MAXIMUM TEMPERATURE (F)   70        84      1998
 MINIMUM TEMPERATURE (F)   54        37      1957


SUNRISE AND SUNSET
SEPTEMBER 27 2014.....SUNRISE   645 AM EDT   SUNSET   641 PM EDT
SEPTEMBER 28 2014.....SUNRISE   646 AM EDT   SUNSET   640 PM EDT


-  INDICATES NEGATIVE NUMBERS.
R  INDICATES RECORD WAS SET OR TIED.
MM INDICATES DATA IS MISSING.
T  INDICATES TRACE AMOUNT.




$$
