000
CDUS41 KOKX 250616
CLIBDR


CLIMATE REPORT
NATIONAL WEATHER SERVICE NEW YORK NY
216 AM EDT THU JUN 25 2015


...................................

...THE BRIDGEPORT CT CLIMATE SUMMARY FOR JUNE 24 2015...

CLIMATE NORMAL PERIOD 1981 TO 2010
CLIMATE RECORD PERIOD 1948 TO 2015


WEATHER ITEM   OBSERVED TIME   RECORD YEAR NORMAL DEPARTURE LAST
                VALUE   (LST)  VALUE       VALUE  FROM      YEAR
                                                  NORMAL
..................................................................
TEMPERATURE (F)
 YESTERDAY
  MAXIMUM         85    344 PM  94    1966  80      5       81
  MINIMUM         66    504 AM  55    2007  63      3       65
                                      1988
                                      1987
  AVERAGE         76                        71      5       73

PRECIPITATION (IN)
  YESTERDAY        0.00          0.85 1985   0.10  -0.10     0.00
  MONTH TO DATE    3.47                      3.04   0.43     3.98
  SINCE JUN 1      3.47                      3.04   0.43     3.98
  SINCE JAN 1     17.77                     20.91  -3.14    25.64

SNOWFALL (IN)
  YESTERDAY        0.0           T    1955   0.0    0.0      0.0
  MONTH TO DATE    0.0                       0.0    0.0      0.0
  SINCE OCT 1     59.7                      27.6   32.1     57.4
  SINCE JUL 1     59.7                      27.6   32.1     57.4
  SNOW DEPTH       0

DEGREE DAYS
 HEATING
  YESTERDAY        0                         0      0        0
  MONTH TO DATE   52                        30     22        4
  SINCE JUN 1     52                        30     22        4
  SINCE JUL 1   5673                      5390    283     5618

 COOLING
  YESTERDAY       11                         6      5        8
  MONTH TO DATE  137                        99     38       90
  SINCE JUN 1    137                        99     38       90
  SINCE JAN 1    191                       123     68      113
..................................................................


WIND (MPH)
  HIGHEST WIND SPEED    16   HIGHEST WIND DIRECTION    NW (300)
  HIGHEST GUST SPEED    22   HIGHEST GUST DIRECTION     N (350)
  AVERAGE WIND SPEED     8.8


SKY COVER
  AVERAGE SKY COVER 0.1


WEATHER CONDITIONS
 THE FOLLOWING WEATHER WAS RECORDED YESTERDAY.
  NO SIGNIFICANT WEATHER WAS OBSERVED.


RELATIVE HUMIDITY (PERCENT)
 HIGHEST    73           100 AM
 LOWEST     40           300 PM
 AVERAGE    57

..........................................................


THE BRIDGEPORT CT CLIMATE NORMALS FOR TODAY
                         NORMAL    RECORD    YEAR
 MAXIMUM TEMPERATURE (F)   80        94      1952
 MINIMUM TEMPERATURE (F)   63        50      1986


SUNRISE AND SUNSET
JUNE 25 2015..........SUNRISE   521 AM EDT   SUNSET   829 PM EDT
JUNE 26 2015..........SUNRISE   521 AM EDT   SUNSET   829 PM EDT


-  INDICATES NEGATIVE NUMBERS.
R  INDICATES RECORD WAS SET OR TIED.
MM INDICATES DATA IS MISSING.
T  INDICATES TRACE AMOUNT.




$$
