000
CDUS41 KOKX 120619
CLIBDR


CLIMATE REPORT
NATIONAL WEATHER SERVICE NEW YORK NY
218 AM EDT FRI SEP 12 2014


...................................

...THE BRIDGEPORT CT CLIMATE SUMMARY FOR SEPTEMBER 11 2014...

CLIMATE NORMAL PERIOD 1981 TO 2010
CLIMATE RECORD PERIOD 1948 TO 2014


WEATHER ITEM   OBSERVED TIME   RECORD YEAR NORMAL DEPARTURE LAST
                VALUE   (LST)  VALUE       VALUE  FROM      YEAR
                                                  NORMAL
..................................................................
TEMPERATURE (F)
 YESTERDAY
  MAXIMUM         80    504 PM  90    2013  76      4       90
                                      1983
  MINIMUM         66   1159 PM  45    1969  60      6       72
  AVERAGE         73                        68      5       81

PRECIPITATION (IN)
  YESTERDAY        0.00          3.29 1954   0.11  -0.11     0.00
  MONTH TO DATE    0.74                      1.25  -0.51     0.18
  SINCE SEP 1      0.74                      1.25  -0.51     0.18
  SINCE JAN 1     31.98                     30.15   1.83    26.96

SNOWFALL (IN)
  YESTERDAY        0.0           0.0  2002   0.0    0.0      0.0
                                      2001
  MONTH TO DATE    0.0                       0.0    0.0      0.0
  SINCE OCT 1     57.4                      27.6   29.8     64.3
  SINCE JUL 1      0.0                       0.0    0.0      0.0
  SNOW DEPTH       0

DEGREE DAYS
 HEATING
  YESTERDAY        0                         1     -1        0
  MONTH TO DATE    0                         7     -7        8
  SINCE SEP 1      0                         7     -7        8
  SINCE JUL 1      0                        11    -11        8

 COOLING
  YESTERDAY        8                         4      4       16
  MONTH TO DATE  104                        56     48       74
  SINCE SEP 1    104                        56     48       74
  SINCE JAN 1    838                       774     64      959
..................................................................


WIND (MPH)
  HIGHEST WIND SPEED    17   HIGHEST WIND DIRECTION     S (200)
  HIGHEST GUST SPEED    23   HIGHEST GUST DIRECTION     S (200)
  AVERAGE WIND SPEED     9.5


SKY COVER
  AVERAGE SKY COVER 0.7


WEATHER CONDITIONS
 THE FOLLOWING WEATHER WAS RECORDED YESTERDAY.
  NO SIGNIFICANT WEATHER WAS OBSERVED.


RELATIVE HUMIDITY (PERCENT)
 HIGHEST    87           200 AM
 LOWEST     69          1100 AM
 AVERAGE    78

..........................................................


THE BRIDGEPORT CT CLIMATE NORMALS FOR TODAY
                         NORMAL    RECORD    YEAR
 MAXIMUM TEMPERATURE (F)   75        88      1961
                                             1952
 MINIMUM TEMPERATURE (F)   60        44      1958


SUNRISE AND SUNSET
SEPTEMBER 12 2014.....SUNRISE   630 AM EDT   SUNSET   707 PM EDT
SEPTEMBER 13 2014.....SUNRISE   631 AM EDT   SUNSET   705 PM EDT


-  INDICATES NEGATIVE NUMBERS.
R  INDICATES RECORD WAS SET OR TIED.
MM INDICATES DATA IS MISSING.
T  INDICATES TRACE AMOUNT.




$$
