000
CDUS41 KOKX 210622
CLIBDR


CLIMATE REPORT
NATIONAL WEATHER SERVICE NEW YORK NY
122 AM EST SUN DEC 21 2014


...................................

...THE BRIDGEPORT CT CLIMATE SUMMARY FOR DECEMBER 20 2014...

CLIMATE NORMAL PERIOD 1981 TO 2010
CLIMATE RECORD PERIOD 1948 TO 2014


WEATHER ITEM   OBSERVED TIME   RECORD YEAR NORMAL DEPARTURE LAST
                VALUE   (LST)  VALUE       VALUE  FROM      YEAR
                                                  NORMAL
..................................................................
TEMPERATURE (F)
 YESTERDAY
  MAXIMUM         34    336 PM  58    1957  41     -7       46
  MINIMUM         29    801 AM   4    1955  27      2       32
  AVERAGE         32                        34     -2       39

PRECIPITATION (IN)
  YESTERDAY        0.00          1.38 2002   0.10  -0.10     0.00
  MONTH TO DATE    4.42                      2.21   2.21     2.34
  SINCE DEC 1      4.42                      2.21   2.21     2.34
  SINCE JAN 1     44.98                     41.62   3.36    34.67

SNOWFALL (IN)
  YESTERDAY        0.0           3.6  1975   0.2   -0.2      0.0
  MONTH TO DATE    0.7                       2.7   -2.0     10.8
  SINCE OCT 1      0.9                       3.4   -2.5     10.9
  SINCE JUL 1      0.9                       3.4   -2.5     10.9
  SNOW DEPTH       0

DEGREE DAYS
 HEATING
  YESTERDAY       33                        31      2       26
  MONTH TO DATE  528                       561    -33      614
  SINCE DEC 1    528                       561    -33      614
  SINCE JUL 1   1434                      1535   -101     1567

 COOLING
  YESTERDAY        0                         0      0        0
  MONTH TO DATE    0                         0      0        0
  SINCE DEC 1      0                         0      0        0
  SINCE JAN 1    884                       825     59     1003
..................................................................


WIND (MPH)
  HIGHEST WIND SPEED    12   HIGHEST WIND DIRECTION     N (350)
  HIGHEST GUST SPEED    14   HIGHEST GUST DIRECTION     N (10)
  AVERAGE WIND SPEED     5.1


SKY COVER
  AVERAGE SKY COVER 0.9


WEATHER CONDITIONS
 THE FOLLOWING WEATHER WAS RECORDED YESTERDAY.
  NO SIGNIFICANT WEATHER WAS OBSERVED.


RELATIVE HUMIDITY (PERCENT)
 HIGHEST    85           800 PM
 LOWEST     61          1200 PM
 AVERAGE    73

..........................................................


THE BRIDGEPORT CT CLIMATE NORMALS FOR TODAY
                         NORMAL    RECORD    YEAR
 MAXIMUM TEMPERATURE (F)   41        60      1957
 MINIMUM TEMPERATURE (F)   27         0      1955


SUNRISE AND SUNSET
DECEMBER 21 2014......SUNRISE   714 AM EST   SUNSET   427 PM EST
DECEMBER 22 2014......SUNRISE   715 AM EST   SUNSET   427 PM EST


-  INDICATES NEGATIVE NUMBERS.
R  INDICATES RECORD WAS SET OR TIED.
MM INDICATES DATA IS MISSING.
T  INDICATES TRACE AMOUNT.




$$
