000
CDUS41 KOKX 240621
CLIBDR


CLIMATE REPORT
NATIONAL WEATHER SERVICE NEW YORK NY
121 AM EST MON NOV 24 2014


...................................

...THE BRIDGEPORT CT CLIMATE SUMMARY FOR NOVEMBER 23 2014...

CLIMATE NORMAL PERIOD 1981 TO 2010
CLIMATE RECORD PERIOD 1948 TO 2014


WEATHER ITEM   OBSERVED TIME   RECORD YEAR NORMAL DEPARTURE LAST
                VALUE   (LST)  VALUE       VALUE  FROM      YEAR
                                                  NORMAL
..................................................................
TEMPERATURE (F)
 YESTERDAY
  MAXIMUM         53    302 PM  67    1992  50      3       52
  MINIMUM         44   1002 PM  16    1972  36      8       31
  AVERAGE         49                        43      6       42

PRECIPITATION (IN)
  YESTERDAY        T             1.84 2006   0.12  -0.12      T
  MONTH TO DATE    2.58                      2.54   0.04     0.70
  SINCE SEP 1      7.66                      9.66  -2.00     3.74
  SINCE JAN 1     38.90                     38.56   0.34    30.52

SNOWFALL (IN)
  YESTERDAY        0.0           6.2  1989   0.0    0.0       T
  MONTH TO DATE    T                         0.3   -0.3      0.1
  SINCE OCT 1      T                         0.3   -0.3      0.1
  SINCE JUL 1      T                         0.3   -0.3      0.1
  SNOW DEPTH       0

DEGREE DAYS
 HEATING
  YESTERDAY       16                        22     -6       23
  MONTH TO DATE  485                       421     64      424
  SINCE SEP 1    754                       807    -53      743
  SINCE JUL 1    754                       811    -57      743

 COOLING
  YESTERDAY        0                         0      0        0
  MONTH TO DATE    0                         0      0        0
  SINCE SEP 1    150                       107     43      118
  SINCE JAN 1    884                       825     59     1003
..................................................................


WIND (MPH)
  HIGHEST WIND SPEED    15   HIGHEST WIND DIRECTION    SW (230)
  HIGHEST GUST SPEED    21   HIGHEST GUST DIRECTION     W (260)
  AVERAGE WIND SPEED     7.3


SKY COVER
  AVERAGE SKY COVER 0.4


WEATHER CONDITIONS
 THE FOLLOWING WEATHER WAS RECORDED YESTERDAY.
  LIGHT RAIN


RELATIVE HUMIDITY (PERCENT)
 HIGHEST    83           900 PM
 LOWEST     46           300 PM
 AVERAGE    65

..........................................................


THE BRIDGEPORT CT CLIMATE NORMALS FOR TODAY
                         NORMAL    RECORD    YEAR
 MAXIMUM TEMPERATURE (F)   50        63      1979
 MINIMUM TEMPERATURE (F)   36        17      1989


SUNRISE AND SUNSET
NOVEMBER 24 2014......SUNRISE   651 AM EST   SUNSET   427 PM EST
NOVEMBER 25 2014......SUNRISE   652 AM EST   SUNSET   427 PM EST


-  INDICATES NEGATIVE NUMBERS.
R  INDICATES RECORD WAS SET OR TIED.
MM INDICATES DATA IS MISSING.
T  INDICATES TRACE AMOUNT.




$$
