000
CDUS41 KOKX 130718
CLIBDR


CLIMATE REPORT
NATIONAL WEATHER SERVICE NEW YORK NY
218 AM EST TUE FEB 13 2018


...................................

...THE BRIDGEPORT CT CLIMATE SUMMARY FOR FEBRUARY 12 2018...

CLIMATE NORMAL PERIOD 1981 TO 2010
CLIMATE RECORD PERIOD 1948 TO 2018


WEATHER ITEM   OBSERVED TIME   RECORD YEAR NORMAL DEPARTURE LAST
                VALUE   (LST)  VALUE       VALUE  FROM      YEAR
                                                  NORMAL
..................................................................
TEMPERATURE (F)
 YESTERDAY
  MAXIMUM         54R   514 AM  54    2018  39     15       35
                                      2009
  MINIMUM         30   1159 PM   2    1979  25      5       27
  AVERAGE         42                        32     10       31

PRECIPITATION (IN)
  YESTERDAY        T             1.38 1988   0.09  -0.09     0.51
  MONTH TO DATE    4.11                      1.09   3.02     1.50
  SINCE DEC 1      8.30                      7.52   0.78     8.21
  SINCE JAN 1      6.61                      4.19   2.42     4.78

SNOWFALL (IN)
  YESTERDAY        0.0          12.0  2006   0.3   -0.3      2.5
  MONTH TO DATE    0.5                       3.3   -2.8     12.8
  SINCE OCT 1     20.6                      16.8    3.8     29.8
  SINCE JUL 1     20.6                      16.8    3.8     29.8
  SNOW DEPTH       0

DEGREE DAYS
 HEATING
  YESTERDAY       23                        33    -10       34
  MONTH TO DATE  383                       406    -23      361
  SINCE DEC 1   2477                      2408     69     2061
  SINCE JUL 1   3232                      3382   -150     2789

 COOLING
  YESTERDAY        0                         0      0        0
  MONTH TO DATE    0                         0      0        0
  SINCE DEC 1      0                         0      0        0
  SINCE JAN 1      0                         0      0        0
..................................................................


WIND (MPH)
  HIGHEST WIND SPEED    20   HIGHEST WIND DIRECTION    NW (330)
  HIGHEST GUST SPEED    27   HIGHEST GUST DIRECTION    NW (330)
  AVERAGE WIND SPEED    10.6


SKY COVER
  AVERAGE SKY COVER 0.6


WEATHER CONDITIONS
 THE FOLLOWING WEATHER WAS RECORDED YESTERDAY.
  LIGHT RAIN
  FOG
  FOG W/VISIBILITY <= 1/4 MILE


RELATIVE HUMIDITY (PERCENT)
 HIGHEST   100          1200 AM
 LOWEST     45           300 PM
 AVERAGE    73

..........................................................


THE BRIDGEPORT CT CLIMATE NORMALS FOR TODAY
                         NORMAL    RECORD    YEAR
 MAXIMUM TEMPERATURE (F)   39        54      2008
                                             1951
 MINIMUM TEMPERATURE (F)   25        -2      1967


SUNRISE AND SUNSET
FEBRUARY 13 2018......SUNRISE   650 AM EST   SUNSET   524 PM EST
FEBRUARY 14 2018......SUNRISE   648 AM EST   SUNSET   525 PM EST


-  INDICATES NEGATIVE NUMBERS.
R  INDICATES RECORD WAS SET OR TIED.
MM INDICATES DATA IS MISSING.
T  INDICATES TRACE AMOUNT.




$$
