000
CDUS41 KOKX 232038
CLIBDR


CLIMATE REPORT
NATIONAL WEATHER SERVICE NEW YORK NY
437 PM EDT MON MAY 23 2016


...................................

...THE BRIDGEPORT CT CLIMATE SUMMARY FOR MAY 23 2016...
VALID TODAY AS OF 0400 PM LOCAL TIME.

CLIMATE NORMAL PERIOD 1981 TO 2010
CLIMATE RECORD PERIOD 1948 TO 2016


WEATHER ITEM   OBSERVED TIME   RECORD YEAR NORMAL DEPARTURE LAST
                VALUE   (LST)  VALUE       VALUE  FROM      YEAR
                                                  NORMAL
..................................................................
TEMPERATURE (F)
 TODAY
  MAXIMUM         74    250 PM  89    1992  70      4       65
  MINIMUM         53    501 AM  42    1963  53      0       47
  AVERAGE         64                        61      3       56

PRECIPITATION (IN)
  TODAY            0.00          1.70 1979   0.14  -0.14     0.00
  MONTH TO DATE    1.88                      2.71  -0.83     0.50
  SINCE MAR 1      6.76                     10.89  -4.13     7.31
  SINCE JAN 1     13.92                     16.78  -2.86    13.65

SNOWFALL (IN)
  TODAY            0.0           0.0  2002   0.0    0.0      0.0
                                      2001
  MONTH TO DATE    0.0                       0.0    0.0      0.0
  SINCE OCT 1     27.3                      27.6   -0.3     59.7
  SINCE JUL 1     27.3                      27.6   -0.3     59.7
  SNOW DEPTH       0

DEGREE DAYS
 HEATING
  TODAY            1                         5     -4        9
  MONTH TO DATE  197                       175     22      102
  SINCE MAR 1   1281                      1443   -162     1516
  SINCE JUL 1   4416                      5330   -914     5622

 COOLING
  TODAY            0                         1     -1        0
  MONTH TO DATE    0                         9     -9       22
  SINCE MAR 1      0                        11    -11       22
  SINCE JAN 1      0                        11    -11       22
..................................................................


WIND (MPH)
  HIGHEST WIND SPEED    12   HIGHEST WIND DIRECTION     S (160)
  HIGHEST GUST SPEED    15   HIGHEST GUST DIRECTION     S (160)
  AVERAGE WIND SPEED     4.7


SKY COVER
  AVERAGE SKY COVER 0.1


WEATHER CONDITIONS
 THE FOLLOWING WEATHER WAS RECORDED TODAY.
  NO SIGNIFICANT WEATHER WAS OBSERVED.


RELATIVE HUMIDITY (PERCENT)
 HIGHEST    89           200 AM
 LOWEST     38           300 PM
 AVERAGE    64

..........................................................


THE BRIDGEPORT CT CLIMATE NORMALS FOR TOMORROW
                         NORMAL    RECORD    YEAR
 MAXIMUM TEMPERATURE (F)   70        87      1975
 MINIMUM TEMPERATURE (F)   53        38      1963


SUNRISE AND SUNSET
MAY 23 2016...........SUNRISE   527 AM EDT   SUNSET   812 PM EDT
MAY 24 2016...........SUNRISE   526 AM EDT   SUNSET   813 PM EDT


-  INDICATES NEGATIVE NUMBERS.
R  INDICATES RECORD WAS SET OR TIED.
MM INDICATES DATA IS MISSING.
T  INDICATES TRACE AMOUNT.




$$
