000
CDUS41 KOKX 062032
CLIBDR


CLIMATE REPORT
NATIONAL WEATHER SERVICE NEW YORK NY
432 PM EDT SUN JUL 6 2014


...................................

...THE BRIDGEPORT CT CLIMATE SUMMARY FOR JULY 6 2014...
VALID TODAY AS OF 0400 PM LOCAL TIME.

CLIMATE NORMAL PERIOD 1981 TO 2010
CLIMATE RECORD PERIOD 1948 TO 2014


WEATHER ITEM   OBSERVED TIME   RECORD YEAR NORMAL DEPARTURE LAST
                VALUE   (LST)  VALUE       VALUE  FROM      YEAR
                                                  NORMAL
..................................................................
TEMPERATURE (F)
 TODAY
  MAXIMUM         86    147 PM  98    2010  82      4       92
                                      1999
  MINIMUM         61    438 AM  52    1979  66     -5       75
  AVERAGE         74                        74      0       84

PRECIPITATION (IN)
  TODAY            0.00          0.74 1948   0.09  -0.09     0.00
  MONTH TO DATE    1.14                      0.53   0.61     0.24
  SINCE JUN 1      5.15                      4.14   1.01     9.72
  SINCE JAN 1     26.81                     22.01   4.80    23.32

SNOWFALL (IN)
  TODAY            0.0           0.0  2002   0.0    0.0      0.0
                                      2001
  MONTH TO DATE    0.0                       0.0    0.0      0.0
  SINCE OCT 1     57.4                      27.6   29.8     64.3
  SINCE JUL 1      0.0                       0.0    0.0      0.0
  SNOW DEPTH       0

DEGREE DAYS
 HEATING
  TODAY            0                         0      0        0
  MONTH TO DATE    0                         0      0        0
  SINCE JUN 1      4                        32    -28       18
  SINCE JUL 1      0                         0      0        0

 COOLING
  TODAY            9                         9      0       19
  MONTH TO DATE   65                        50     15       92
  SINCE JUN 1    211                       193     18      267
  SINCE JAN 1    234                       217     17      305
..................................................................


WIND (MPH)
  HIGHEST WIND SPEED    18   HIGHEST WIND DIRECTION     S (200)
  HIGHEST GUST SPEED    22   HIGHEST GUST DIRECTION     S (200)
  AVERAGE WIND SPEED     9.4


SKY COVER
  AVERAGE SKY COVER 0.0


WEATHER CONDITIONS
 THE FOLLOWING WEATHER WAS RECORDED TODAY.
  NO SIGNIFICANT WEATHER WAS OBSERVED.


RELATIVE HUMIDITY (PERCENT)
 HIGHEST    78           500 AM
 LOWEST     37           200 PM
 AVERAGE    58

..........................................................


THE BRIDGEPORT CT CLIMATE NORMALS FOR TOMORROW
                         NORMAL    RECORD    YEAR
 MAXIMUM TEMPERATURE (F)   82        95      2010
                                             1994
                                             1993
 MINIMUM TEMPERATURE (F)   66        55      1979


SUNRISE AND SUNSET
JULY  6 2014..........SUNRISE   526 AM EDT   SUNSET   828 PM EDT
JULY  7 2014..........SUNRISE   527 AM EDT   SUNSET   828 PM EDT


-  INDICATES NEGATIVE NUMBERS.
R  INDICATES RECORD WAS SET OR TIED.
MM INDICATES DATA IS MISSING.
T  INDICATES TRACE AMOUNT.




$$
