000
CDUS41 KOKX 130616
CLIBDR


CLIMATE REPORT
NATIONAL WEATHER SERVICE NEW YORK NY
216 AM EDT SAT SEP 13 2014


...................................

...THE BRIDGEPORT CT CLIMATE SUMMARY FOR SEPTEMBER 12 2014...

CLIMATE NORMAL PERIOD 1981 TO 2010
CLIMATE RECORD PERIOD 1948 TO 2014


WEATHER ITEM   OBSERVED TIME   RECORD YEAR NORMAL DEPARTURE LAST
                VALUE   (LST)  VALUE       VALUE  FROM      YEAR
                                                  NORMAL
..................................................................
TEMPERATURE (F)
 YESTERDAY
  MAXIMUM         76    254 PM  88    1961  75      1       85
                                      1952
  MINIMUM         57    539 AM  44    1958  60     -3       70
  AVERAGE         67                        68     -1       78

PRECIPITATION (IN)
  YESTERDAY        0.00          4.46 1960   0.12  -0.12     1.28
  MONTH TO DATE    0.74                      1.37  -0.63     1.46
  SINCE SEP 1      0.74                      1.37  -0.63     1.46
  SINCE JAN 1     31.98                     30.27   1.71    28.24

SNOWFALL (IN)
  YESTERDAY        0.0           0.0  2002   0.0    0.0      0.0
                                      2001
  MONTH TO DATE    0.0                       0.0    0.0      0.0
  SINCE OCT 1     57.4                      27.6   29.8     64.3
  SINCE JUL 1      0.0                       0.0    0.0      0.0
  SNOW DEPTH       0

DEGREE DAYS
 HEATING
  YESTERDAY        0                         1     -1        0
  MONTH TO DATE    0                         8     -8        8
  SINCE SEP 1      0                         8     -8        8
  SINCE JUL 1      0                        12    -12        8

 COOLING
  YESTERDAY        2                         4     -2       13
  MONTH TO DATE  106                        60     46       87
  SINCE SEP 1    106                        60     46       87
  SINCE JAN 1    840                       778     62      972
..................................................................


WIND (MPH)
  HIGHEST WIND SPEED    18   HIGHEST WIND DIRECTION     N (350)
  HIGHEST GUST SPEED    26   HIGHEST GUST DIRECTION     N (340)
  AVERAGE WIND SPEED     8.8


SKY COVER
  AVERAGE SKY COVER 0.0


WEATHER CONDITIONS
 THE FOLLOWING WEATHER WAS RECORDED YESTERDAY.
  NO SIGNIFICANT WEATHER WAS OBSERVED.


RELATIVE HUMIDITY (PERCENT)
 HIGHEST    80           500 AM
 LOWEST     46           300 PM
 AVERAGE    63

..........................................................


THE BRIDGEPORT CT CLIMATE NORMALS FOR TODAY
                         NORMAL    RECORD    YEAR
 MAXIMUM TEMPERATURE (F)   75        89      1957
                                             1952
 MINIMUM TEMPERATURE (F)   60        46      1985
                                             1954


SUNRISE AND SUNSET
SEPTEMBER 13 2014.....SUNRISE   631 AM EDT   SUNSET   705 PM EDT
SEPTEMBER 14 2014.....SUNRISE   632 AM EDT   SUNSET   703 PM EDT


-  INDICATES NEGATIVE NUMBERS.
R  INDICATES RECORD WAS SET OR TIED.
MM INDICATES DATA IS MISSING.
T  INDICATES TRACE AMOUNT.




$$
