000
CDUS41 KOKX 080617
CLIBDR


CLIMATE REPORT
NATIONAL WEATHER SERVICE NEW YORK NY
217 AM EDT FRI SEP 8 2017


...................................

...THE BRIDGEPORT CT CLIMATE SUMMARY FOR SEPTEMBER 7 2017...

CLIMATE NORMAL PERIOD 1981 TO 2010
CLIMATE RECORD PERIOD 1948 TO 2017


WEATHER ITEM   OBSERVED TIME   RECORD YEAR NORMAL DEPARTURE LAST
                VALUE   (LST)  VALUE       VALUE  FROM      YEAR
                                                  NORMAL
..................................................................
TEMPERATURE (F)
 YESTERDAY
  MAXIMUM         73    458 PM  91    1983  77     -4       83
  MINIMUM         60   1113 PM  46    1962  62     -2       72
  AVERAGE         67                        69     -2       78

PRECIPITATION (IN)
  YESTERDAY        0.01          0.82 1987   0.12  -0.11     0.05
  MONTH TO DATE    1.53                      0.80   0.73     0.75
  SINCE SEP 1      1.53                      0.80   0.73     0.75
  SINCE JAN 1     30.12                     29.70   0.42    25.51

SNOWFALL (IN)
  YESTERDAY        0.0           0.0  2002   0.0    0.0      0.0
                                      2001
  MONTH TO DATE    0.0                       0.0    0.0      0.0
  SINCE OCT 1     40.9                      27.6   13.3     27.3
  SINCE JUL 1      0.0                       0.0    0.0      0.0
  SNOW DEPTH       0

DEGREE DAYS
 HEATING
  YESTERDAY        0                         1     -1        0
  MONTH TO DATE   10                         3      7        0
  SINCE SEP 1     10                         3      7        0
  SINCE JUL 1     10                         7      3        0

 COOLING
  YESTERDAY        2                         5     -3       13
  MONTH TO DATE   21                        39    -18       59
  SINCE SEP 1     21                        39    -18       59
  SINCE JAN 1    858                       757    101     1111
..................................................................


WIND (MPH)
  HIGHEST WIND SPEED    18   HIGHEST WIND DIRECTION    SW (220)
  HIGHEST GUST SPEED    23   HIGHEST GUST DIRECTION    SW (220)
  AVERAGE WIND SPEED     9.2


SKY COVER
  AVERAGE SKY COVER 0.3


WEATHER CONDITIONS
 THE FOLLOWING WEATHER WAS RECORDED YESTERDAY.
  LIGHT RAIN
  FOG


RELATIVE HUMIDITY (PERCENT)
 HIGHEST    93           200 AM
 LOWEST     49           500 PM
 AVERAGE    71

..........................................................


THE BRIDGEPORT CT CLIMATE NORMALS FOR TODAY
                         NORMAL    RECORD    YEAR
 MAXIMUM TEMPERATURE (F)   77        94      2015
 MINIMUM TEMPERATURE (F)   61        49      1962


SUNRISE AND SUNSET
SEPTEMBER  8 2017.....SUNRISE   626 AM EDT   SUNSET   713 PM EDT
SEPTEMBER  9 2017.....SUNRISE   627 AM EDT   SUNSET   712 PM EDT


-  INDICATES NEGATIVE NUMBERS.
R  INDICATES RECORD WAS SET OR TIED.
MM INDICATES DATA IS MISSING.
T  INDICATES TRACE AMOUNT.




$$
