419
CDUS41 KOKX 110623
CLIBDR


CLIMATE REPORT
NATIONAL WEATHER SERVICE NEW YORK NY
223 AM EDT MON MAY 11 2015


...................................

...THE BRIDGEPORT CT CLIMATE SUMMARY FOR MAY 10 2015...

CLIMATE NORMAL PERIOD 1981 TO 2010
CLIMATE RECORD PERIOD 1948 TO 2015


WEATHER ITEM   OBSERVED TIME   RECORD YEAR NORMAL DEPARTURE LAST
                VALUE   (LST)  VALUE       VALUE  FROM      YEAR
                                                  NORMAL
..................................................................
TEMPERATURE (F)
 YESTERDAY
  MAXIMUM         78    346 PM  87    1987  66     12       79
  MINIMUM         55    412 AM  31    1966  49      6       55
  AVERAGE         67                        57     10       67

PRECIPITATION (IN)
  YESTERDAY        0.00          2.07 1990   0.11  -0.11     0.02
  MONTH TO DATE    0.01                      1.15  -1.14     1.99
  SINCE MAR 1      6.82                      9.33  -2.51    12.67
  SINCE JAN 1     13.16                     15.22  -2.06    19.65

SNOWFALL (IN)
  YESTERDAY        0.0           0.0  2002   0.0    0.0      0.0
                                      2001
  MONTH TO DATE    0.0                       0.0    0.0      0.0
  SINCE OCT 1     59.7                      27.6   32.1     57.4
  SINCE JUL 1     59.7                      27.6   32.1     57.4
  SNOW DEPTH       0

DEGREE DAYS
 HEATING
  YESTERDAY        0                         8     -8        0
  MONTH TO DATE   53                        94    -41       65
  SINCE MAR 1   1464                      1362    102     1497
  SINCE JUL 1   5570                      5249    321     5545

 COOLING
  YESTERDAY        2                         0      2        2
  MONTH TO DATE    5                         0      5        2
  SINCE MAR 1      5                         2      3        2
  SINCE JAN 1      5                         2      3        2
..................................................................


WIND (MPH)
  HIGHEST WIND SPEED    18   HIGHEST WIND DIRECTION     S (200)
  HIGHEST GUST SPEED    24   HIGHEST GUST DIRECTION     S (200)
  AVERAGE WIND SPEED     7.5


SKY COVER
  AVERAGE SKY COVER 0.4


WEATHER CONDITIONS
 THE FOLLOWING WEATHER WAS RECORDED YESTERDAY.
  FOG
  FOG W/VISIBILITY <= 1/4 MILE
  HAZE


RELATIVE HUMIDITY (PERCENT)
 HIGHEST   100          1200 AM
 LOWEST     58           200 PM
 AVERAGE    79

..........................................................


THE BRIDGEPORT CT CLIMATE NORMALS FOR TODAY
                         NORMAL    RECORD    YEAR
 MAXIMUM TEMPERATURE (F)   66        86      1953
 MINIMUM TEMPERATURE (F)   49        32      1966


SUNRISE AND SUNSET
MAY 11 2015...........SUNRISE   539 AM EDT   SUNSET   800 PM EDT
MAY 12 2015...........SUNRISE   538 AM EDT   SUNSET   801 PM EDT


-  INDICATES NEGATIVE NUMBERS.
R  INDICATES RECORD WAS SET OR TIED.
MM INDICATES DATA IS MISSING.
T  INDICATES TRACE AMOUNT.




$$
