280
CDUS41 KOKX 232032
CLIBDR


CLIMATE REPORT
NATIONAL WEATHER SERVICE NEW YORK NY
432 PM EDT FRI SEP 23 2016


...................................

...THE BRIDGEPORT CT CLIMATE SUMMARY FOR SEPTEMBER 23 2016...
VALID TODAY AS OF 0400 PM LOCAL TIME.

CLIMATE NORMAL PERIOD 1981 TO 2010
CLIMATE RECORD PERIOD 1948 TO 2016


WEATHER ITEM   OBSERVED TIME   RECORD YEAR NORMAL DEPARTURE LAST
                VALUE   (LST)  VALUE       VALUE  FROM      YEAR
                                                  NORMAL
..................................................................
TEMPERATURE (F)
 TODAY
  MAXIMUM         83    259 PM  91    1970  72     11       74
  MINIMUM         59    605 AM  40    1963  56      3       55
  AVERAGE         71                        64      7       65

PRECIPITATION (IN)
  TODAY            0.00          1.63 1975   0.12  -0.12     0.00
  MONTH TO DATE    2.32                      2.63  -0.31     1.59
  SINCE SEP 1      2.32                      2.63  -0.31     1.59
  SINCE JAN 1     27.08                     31.53  -4.45    25.18

SNOWFALL (IN)
  TODAY            0.0           0.0  2002   0.0    0.0      0.0
                                      2001
  MONTH TO DATE    0.0                       0.0    0.0      0.0
  SINCE OCT 1     27.3                      27.6   -0.3     59.7
  SINCE JUL 1      0.0                       0.0    0.0      0.0
  SNOW DEPTH       0

DEGREE DAYS
 HEATING
  TODAY            0                         3     -3        0
  MONTH TO DATE    0                        33    -33        0
  SINCE SEP 1      0                        33    -33        0
  SINCE JUL 1      0                        37    -37        0

 COOLING
  TODAY            6                         2      4        0
  MONTH TO DATE  188                        89     99      178
  SINCE SEP 1    188                        89     99      178
  SINCE JAN 1   1240                       807    433     1098
..................................................................


WIND (MPH)
  HIGHEST WIND SPEED    14   HIGHEST WIND DIRECTION    SW (220)
  HIGHEST GUST SPEED    16   HIGHEST GUST DIRECTION    SW (220)
  AVERAGE WIND SPEED     5.7


SKY COVER
  AVERAGE SKY COVER 0.0


WEATHER CONDITIONS
 THE FOLLOWING WEATHER WAS RECORDED TODAY.
  NO SIGNIFICANT WEATHER WAS OBSERVED.


RELATIVE HUMIDITY (PERCENT)
 HIGHEST    87           500 AM
 LOWEST     37           300 PM
 AVERAGE    62

..........................................................


THE BRIDGEPORT CT CLIMATE NORMALS FOR TOMORROW
                         NORMAL    RECORD    YEAR
 MAXIMUM TEMPERATURE (F)   71        87      1959
 MINIMUM TEMPERATURE (F)   55        36      1963


SUNRISE AND SUNSET
SEPTEMBER 23 2016.....SUNRISE   641 AM EDT   SUNSET   647 PM EDT
SEPTEMBER 24 2016.....SUNRISE   642 AM EDT   SUNSET   645 PM EDT


-  INDICATES NEGATIVE NUMBERS.
R  INDICATES RECORD WAS SET OR TIED.
MM INDICATES DATA IS MISSING.
T  INDICATES TRACE AMOUNT.




$$
