000
CDUS41 KOKX 140713
CLIBDR


CLIMATE REPORT
NATIONAL WEATHER SERVICE NEW YORK NY
312 AM EDT TUE MAR 14 2017


...................................

...THE BRIDGEPORT CT CLIMATE SUMMARY FOR MARCH 13 2017...

CLIMATE NORMAL PERIOD 1981 TO 2010
CLIMATE RECORD PERIOD 1948 TO 2017


WEATHER ITEM   OBSERVED TIME   RECORD YEAR NORMAL DEPARTURE LAST
                VALUE   (LST)  VALUE       VALUE  FROM      YEAR
                                                  NORMAL
..................................................................
TEMPERATURE (F)
 YESTERDAY
  MAXIMUM         33    437 PM  84    1990  46    -13       63
  MINIMUM         17    601 AM  16    1998  30    -13       43
  AVERAGE         25                        38    -13       53

PRECIPITATION (IN)
  YESTERDAY        0.00          3.31 2010   0.12  -0.12     0.00
  MONTH TO DATE    0.64                      1.62  -0.98     0.39
  SINCE MAR 1      0.64                      1.62  -0.98     0.39
  SINCE JAN 1      5.83                      7.51  -1.68     7.55

SNOWFALL (IN)
  YESTERDAY        0.0          10.6  1993   0.2   -0.2      0.0
  MONTH TO DATE    4.0                       2.9    1.1      0.3
  SINCE OCT 1     33.8                      24.5    9.3     25.2
  SINCE JUL 1     33.8                      24.5    9.3     25.2
  SNOW DEPTH       0

DEGREE DAYS
 HEATING
  YESTERDAY       40                        27     13       12
  MONTH TO DATE  376                       369      7      287
  SINCE MAR 1    376                       369      7      287
  SINCE JUL 1   3543                      4256   -713     3422

 COOLING
  YESTERDAY        0                         0      0        0
  MONTH TO DATE    0                         0      0        0
  SINCE MAR 1      0                         0      0        0
  SINCE JAN 1      0                         0      0        0
..................................................................


WIND (MPH)
  HIGHEST WIND SPEED    16   HIGHEST WIND DIRECTION    SW (210)
  HIGHEST GUST SPEED    19   HIGHEST GUST DIRECTION    SW (210)
  AVERAGE WIND SPEED     7.1


SKY COVER
  AVERAGE SKY COVER 0.1


WEATHER CONDITIONS
 THE FOLLOWING WEATHER WAS RECORDED YESTERDAY.
  NO SIGNIFICANT WEATHER WAS OBSERVED.


RELATIVE HUMIDITY (PERCENT)
 HIGHEST    58          1000 PM
 LOWEST     28           400 PM
 AVERAGE    43

..........................................................


THE BRIDGEPORT CT CLIMATE NORMALS FOR TODAY
                         NORMAL    RECORD    YEAR
 MAXIMUM TEMPERATURE (F)   46        70      2012
 MINIMUM TEMPERATURE (F)   31        16      1993


SUNRISE AND SUNSET
MARCH 14 2017.........SUNRISE   706 AM EDT   SUNSET   658 PM EDT
MARCH 15 2017.........SUNRISE   704 AM EDT   SUNSET   659 PM EDT


-  INDICATES NEGATIVE NUMBERS.
R  INDICATES RECORD WAS SET OR TIED.
MM INDICATES DATA IS MISSING.
T  INDICATES TRACE AMOUNT.




$$
