000
CDUS41 KOKX 130624
CLIBDR


CLIMATE REPORT
NATIONAL WEATHER SERVICE NEW YORK NY
223 AM EDT TUE JUN 13 2017


...................................

...THE BRIDGEPORT CT CLIMATE SUMMARY FOR JUNE 12 2017...

CLIMATE NORMAL PERIOD 1981 TO 2010
CLIMATE RECORD PERIOD 1948 TO 2017


WEATHER ITEM   OBSERVED TIME   RECORD YEAR NORMAL DEPARTURE LAST
                VALUE   (LST)  VALUE       VALUE  FROM      YEAR
                                                  NORMAL
..................................................................
TEMPERATURE (F)
 YESTERDAY
  MAXIMUM         93R   343 PM  92    1973  76     17       84
  MINIMUM         68    206 AM  46    1972  60      8       60
  AVERAGE         81                        68     13       72

PRECIPITATION (IN)
  YESTERDAY        0.00          1.78 1998   0.13  -0.13     0.00
  MONTH TO DATE    0.38                      1.70  -1.32     1.09
  SINCE JUN 1      0.38                      1.70  -1.32     1.09
  SINCE JAN 1     20.22                     19.57   0.65    16.63

SNOWFALL (IN)
  YESTERDAY        0.0           T    1955   0.0    0.0      0.0
  MONTH TO DATE    0.0                       0.0    0.0      0.0
  SINCE OCT 1     40.9                      27.6   13.3     27.3
  SINCE JUL 1     40.9                      27.6   13.3     27.3
  SNOW DEPTH       0

DEGREE DAYS
 HEATING
  YESTERDAY        0                         1     -1        0
  MONTH TO DATE   25                        23      2        4
  SINCE JUN 1     25                        23      2        4
  SINCE JUL 1   4565                      5383   -818     4421

 COOLING
  YESTERDAY       16                         4     12        7
  MONTH TO DATE   43                        36      7       44
  SINCE JUN 1     43                        36      7       44
  SINCE JAN 1     87                        60     27      102
..................................................................


WIND (MPH)
  HIGHEST WIND SPEED    15   HIGHEST WIND DIRECTION     S (200)
  HIGHEST GUST SPEED    18   HIGHEST GUST DIRECTION     S (200)
  AVERAGE WIND SPEED     7.2


SKY COVER
  AVERAGE SKY COVER 0.0


WEATHER CONDITIONS
 THE FOLLOWING WEATHER WAS RECORDED YESTERDAY.
  NO SIGNIFICANT WEATHER WAS OBSERVED.


RELATIVE HUMIDITY (PERCENT)
 HIGHEST    78          1200 AM
 LOWEST     36           200 PM
 AVERAGE    57

..........................................................


THE BRIDGEPORT CT CLIMATE NORMALS FOR TODAY
                         NORMAL    RECORD    YEAR
 MAXIMUM TEMPERATURE (F)   76        93      1961
                                             1956
 MINIMUM TEMPERATURE (F)   60        48      1976


SUNRISE AND SUNSET
JUNE 13 2017..........SUNRISE   519 AM EDT   SUNSET   826 PM EDT
JUNE 14 2017..........SUNRISE   519 AM EDT   SUNSET   827 PM EDT


-  INDICATES NEGATIVE NUMBERS.
R  INDICATES RECORD WAS SET OR TIED.
MM INDICATES DATA IS MISSING.
T  INDICATES TRACE AMOUNT.




$$
