000
CDUS41 KOKX 110615
CLIBDR


CLIMATE REPORT
NATIONAL WEATHER SERVICE NEW YORK NY
115 AM EST WED JAN 11 2017


...................................

...THE BRIDGEPORT CT CLIMATE SUMMARY FOR JANUARY 10 2017...

CLIMATE NORMAL PERIOD 1981 TO 2010
CLIMATE RECORD PERIOD 1948 TO 2017


WEATHER ITEM   OBSERVED TIME   RECORD YEAR NORMAL DEPARTURE LAST
                VALUE   (LST)  VALUE       VALUE  FROM      YEAR
                                                  NORMAL
..................................................................
TEMPERATURE (F)
 YESTERDAY
  MAXIMUM         46   1159 PM  60    2016  37      9       60
  MINIMUM         13    500 AM  -2    2004  23    -10       42
  AVERAGE         30                        30      0       51

PRECIPITATION (IN)
  YESTERDAY        0.00          1.45 1977   0.10  -0.10     1.23
  MONTH TO DATE    1.01                      1.03  -0.02     1.23
  SINCE DEC 1      4.44                      4.36   0.08     6.17
  SINCE JAN 1      1.01                      1.03  -0.02     1.23

SNOWFALL (IN)
  YESTERDAY        0.0           5.7  1965   0.3   -0.3      0.0
  MONTH TO DATE    6.9                       2.6    4.3      0.0
  SINCE OCT 1     12.9                       8.4    4.5      0.7
  SINCE JUL 1     12.9                       8.4    4.5      0.7
  SNOW DEPTH       3

DEGREE DAYS
 HEATING
  YESTERDAY       35                        35      0       14
  MONTH TO DATE  333                       346    -13      300
  SINCE DEC 1   1170                      1265    -95      844
  SINCE JUL 1   1898                      2239   -341     1588

 COOLING
  YESTERDAY        0                         0      0        0
  MONTH TO DATE    0                         0      0        0
  SINCE DEC 1      0                         0      0        0
  SINCE JAN 1      0                         0      0        0
..................................................................


WIND (MPH)
  HIGHEST WIND SPEED    20   HIGHEST WIND DIRECTION     S (190)
  HIGHEST GUST SPEED    24   HIGHEST GUST DIRECTION     S (190)
  AVERAGE WIND SPEED     5.2


SKY COVER
  AVERAGE SKY COVER 0.4


WEATHER CONDITIONS
 THE FOLLOWING WEATHER WAS RECORDED YESTERDAY.
  NO SIGNIFICANT WEATHER WAS OBSERVED.


RELATIVE HUMIDITY (PERCENT)
 HIGHEST    92          1000 PM
 LOWEST     56           100 AM
 AVERAGE    74

..........................................................


THE BRIDGEPORT CT CLIMATE NORMALS FOR TODAY
                         NORMAL    RECORD    YEAR
 MAXIMUM TEMPERATURE (F)   37        56      1975
 MINIMUM TEMPERATURE (F)   23         2      1982
                                             1968


SUNRISE AND SUNSET
JANUARY 11 2017.......SUNRISE   717 AM EST   SUNSET   444 PM EST
JANUARY 12 2017.......SUNRISE   717 AM EST   SUNSET   446 PM EST


-  INDICATES NEGATIVE NUMBERS.
R  INDICATES RECORD WAS SET OR TIED.
MM INDICATES DATA IS MISSING.
T  INDICATES TRACE AMOUNT.




$$
