000
CDUS41 KOKX 230708
CLIBDR


CLIMATE REPORT
NATIONAL WEATHER SERVICE NEW YORK NY
308 AM EDT MON MAR 23 2015


...................................

...THE BRIDGEPORT CT CLIMATE SUMMARY FOR MARCH 22 2015...

CLIMATE NORMAL PERIOD 1981 TO 2010
CLIMATE RECORD PERIOD 1948 TO 2015


WEATHER ITEM   OBSERVED TIME   RECORD YEAR NORMAL DEPARTURE LAST
                VALUE   (LST)  VALUE       VALUE  FROM      YEAR
                                                  NORMAL
..................................................................
TEMPERATURE (F)
 YESTERDAY
  MAXIMUM         40    136 AM  71    2012  49     -9       63
  MINIMUM         24   1159 PM  17    1988  33     -9       31
  AVERAGE         32                        41     -9       47

PRECIPITATION (IN)
  YESTERDAY        0.00          4.20 1977   0.14  -0.14     0.00
  MONTH TO DATE    3.96                      2.82   1.14     1.33
  SINCE MAR 1      3.96                      2.82   1.14     1.33
  SINCE JAN 1     10.30                      8.71   1.59     8.31

SNOWFALL (IN)
  YESTERDAY        0.0          11.1  1967   0.1   -0.1      0.0
  MONTH TO DATE   17.3                       4.2   13.1      0.1
  SINCE OCT 1     58.4                      25.8   32.6     56.6
  SINCE JUL 1     58.4                      25.8   32.6     56.6
  SNOW DEPTH       1

DEGREE DAYS
 HEATING
  YESTERDAY       33                        24      9       18
  MONTH TO DATE  706                       596    110      679
  SINCE MAR 1    706                       596    110      679
  SINCE JUL 1   4812                      4483    329     4727

 COOLING
  YESTERDAY        0                         0      0        0
  MONTH TO DATE    0                         0      0        0
  SINCE MAR 1      0                         0      0        0
  SINCE JAN 1      0                         0      0        0
..................................................................


WIND (MPH)
  HIGHEST WIND SPEED    25   HIGHEST WIND DIRECTION    NW (310)
  HIGHEST GUST SPEED    36   HIGHEST GUST DIRECTION    NW (320)
  AVERAGE WIND SPEED    15.0


SKY COVER
  AVERAGE SKY COVER 0.1


WEATHER CONDITIONS
 THE FOLLOWING WEATHER WAS RECORDED YESTERDAY.
  NO SIGNIFICANT WEATHER WAS OBSERVED.


RELATIVE HUMIDITY (PERCENT)
 HIGHEST    70          1200 AM
 LOWEST     27           300 PM
 AVERAGE    49

..........................................................


THE BRIDGEPORT CT CLIMATE NORMALS FOR TODAY
                         NORMAL    RECORD    YEAR
 MAXIMUM TEMPERATURE (F)   49        71      2012
 MINIMUM TEMPERATURE (F)   33        19      2004
                                             1959


SUNRISE AND SUNSET
MARCH 23 2015.........SUNRISE   651 AM EDT   SUNSET   708 PM EDT
MARCH 24 2015.........SUNRISE   650 AM EDT   SUNSET   709 PM EDT


-  INDICATES NEGATIVE NUMBERS.
R  INDICATES RECORD WAS SET OR TIED.
MM INDICATES DATA IS MISSING.
T  INDICATES TRACE AMOUNT.




$$
