000
CDUS41 KOKX 240616
CLIBDR


CLIMATE REPORT
NATIONAL WEATHER SERVICE NEW YORK NY
116 AM EST SAT JAN 24 2015


...................................

...THE BRIDGEPORT CT CLIMATE SUMMARY FOR JANUARY 23 2015...

CLIMATE NORMAL PERIOD 1981 TO 2010
CLIMATE RECORD PERIOD 1948 TO 2015


WEATHER ITEM   OBSERVED TIME   RECORD YEAR NORMAL DEPARTURE LAST
                VALUE   (LST)  VALUE       VALUE  FROM      YEAR
                                                  NORMAL
..................................................................
TEMPERATURE (F)
 YESTERDAY
  MAXIMUM         36   1159 PM  56    1992  37     -1       20
  MINIMUM         21    619 AM   0    1976  23     -2        5
  AVERAGE         29                        30     -1       13

PRECIPITATION (IN)
  YESTERDAY        0.00          2.48 1998   0.09  -0.09     0.00
  MONTH TO DATE    2.88                      2.35   0.53     2.64
  SINCE DEC 1      8.53                      5.68   2.85     6.97
  SINCE JAN 1      2.88                      2.35   0.53     2.64

SNOWFALL (IN)
  YESTERDAY        0.0           7.1  1965   0.2   -0.2      0.0
  MONTH TO DATE    4.2                       5.8   -1.6     11.9
  SINCE OCT 1      5.1                      11.6   -6.5     22.9
  SINCE JUL 1      5.1                      11.6   -6.5     22.9
  SNOW DEPTH       0

DEGREE DAYS
 HEATING
  YESTERDAY       36                        35      1       52
  MONTH TO DATE  820                       801     19      836
  SINCE DEC 1   1618                      1720   -102     1757
  SINCE JUL 1   2524                      2694   -170     2710

 COOLING
  YESTERDAY        0                         0      0        0
  MONTH TO DATE    0                         0      0        0
  SINCE DEC 1      0                         0      0        0
  SINCE JAN 1      0                         0      0        0
..................................................................


WIND (MPH)
  HIGHEST WIND SPEED    16   HIGHEST WIND DIRECTION    SW (210)
  HIGHEST GUST SPEED    20   HIGHEST GUST DIRECTION    SW (230)
  AVERAGE WIND SPEED     8.8


SKY COVER
  AVERAGE SKY COVER 0.1


WEATHER CONDITIONS
 THE FOLLOWING WEATHER WAS RECORDED YESTERDAY.
  NO SIGNIFICANT WEATHER WAS OBSERVED.


RELATIVE HUMIDITY (PERCENT)
 HIGHEST    82           800 PM
 LOWEST     50           100 AM
 AVERAGE    66

..........................................................


THE BRIDGEPORT CT CLIMATE NORMALS FOR TODAY
                         NORMAL    RECORD    YEAR
 MAXIMUM TEMPERATURE (F)   37        63      1967
 MINIMUM TEMPERATURE (F)   23         0      2011


SUNRISE AND SUNSET
JANUARY 24 2015.......SUNRISE   711 AM EST   SUNSET   459 PM EST
JANUARY 25 2015.......SUNRISE   710 AM EST   SUNSET   500 PM EST


-  INDICATES NEGATIVE NUMBERS.
R  INDICATES RECORD WAS SET OR TIED.
MM INDICATES DATA IS MISSING.
T  INDICATES TRACE AMOUNT.




$$
