000
CDUS41 KOKX 100616
CLIBDR


CLIMATE REPORT
NATIONAL WEATHER SERVICE NEW YORK NY
215 AM EDT MON APR 10 2017


...................................

...THE BRIDGEPORT CT CLIMATE SUMMARY FOR APRIL 9 2017...

CLIMATE NORMAL PERIOD 1981 TO 2010
CLIMATE RECORD PERIOD 1948 TO 2017


WEATHER ITEM   OBSERVED TIME   RECORD YEAR NORMAL DEPARTURE LAST
                VALUE   (LST)  VALUE       VALUE  FROM      YEAR
                                                  NORMAL
..................................................................
TEMPERATURE (F)
 YESTERDAY
  MAXIMUM         62    331 PM  81    2013  55      7       45
  MINIMUM         35    542 AM  24    1977  39     -4       31
  AVERAGE         49                        47      2       38

PRECIPITATION (IN)
  YESTERDAY        0.00          2.80 1980   0.15  -0.15      T
  MONTH TO DATE    3.03                      1.27   1.76     1.71
  SINCE MAR 1      7.37                      5.32   2.05     3.88
  SINCE JAN 1     12.56                     11.21   1.35    11.04

SNOWFALL (IN)
  YESTERDAY        0.0           0.0  2001   0.1   -0.1      0.0
                                      1974
  MONTH TO DATE    0.0                       0.5   -0.5      0.1
  SINCE OCT 1     40.9                      27.2   13.7     27.3
  SINCE JUL 1     40.9                      27.2   13.7     27.3
  SNOW DEPTH       0

DEGREE DAYS
 HEATING
  YESTERDAY       16                        18     -2       27
  MONTH TO DATE  153                       174    -21      199
  SINCE MAR 1   1001                       971     30      822
  SINCE JUL 1   4168                      4858   -690     3957

 COOLING
  YESTERDAY        0                         0      0        0
  MONTH TO DATE    0                         0      0        0
  SINCE MAR 1      0                         0      0        0
  SINCE JAN 1      0                         0      0        0
..................................................................


WIND (MPH)
  HIGHEST WIND SPEED    22   HIGHEST WIND DIRECTION     S (200)
  HIGHEST GUST SPEED    28   HIGHEST GUST DIRECTION    SW (210)
  AVERAGE WIND SPEED     7.5


SKY COVER
  AVERAGE SKY COVER 0.0


WEATHER CONDITIONS
 THE FOLLOWING WEATHER WAS RECORDED YESTERDAY.
  NO SIGNIFICANT WEATHER WAS OBSERVED.


RELATIVE HUMIDITY (PERCENT)
 HIGHEST    71          1100 PM
 LOWEST     25           200 PM
 AVERAGE    48

..........................................................


THE BRIDGEPORT CT CLIMATE NORMALS FOR TODAY
                         NORMAL    RECORD    YEAR
 MAXIMUM TEMPERATURE (F)   56        81      1955
 MINIMUM TEMPERATURE (F)   39        26      1997


SUNRISE AND SUNSET
APRIL 10 2017.........SUNRISE   621 AM EDT   SUNSET   727 PM EDT
APRIL 11 2017.........SUNRISE   619 AM EDT   SUNSET   729 PM EDT


-  INDICATES NEGATIVE NUMBERS.
R  INDICATES RECORD WAS SET OR TIED.
MM INDICATES DATA IS MISSING.
T  INDICATES TRACE AMOUNT.




$$
