000
CDUS41 KOKX 030616
CLIBDR


CLIMATE REPORT
NATIONAL WEATHER SERVICE NEW YORK NY
115 AM EST SUN DEC 3 2017


...................................

...THE BRIDGEPORT CT CLIMATE SUMMARY FOR DECEMBER 2 2017...

CLIMATE NORMAL PERIOD 1981 TO 2010
CLIMATE RECORD PERIOD 1948 TO 2017


WEATHER ITEM   OBSERVED TIME   RECORD YEAR NORMAL DEPARTURE LAST
                VALUE   (LST)  VALUE       VALUE  FROM      YEAR
                                                  NORMAL
..................................................................
TEMPERATURE (F)
 YESTERDAY
  MAXIMUM         45    312 PM  60    1998  47     -2       52
  MINIMUM         32    619 AM  13    1989  33     -1       37
  AVERAGE         39                        40     -1       45

PRECIPITATION (IN)
  YESTERDAY        0.00          2.47 1974   0.12  -0.12      T
  MONTH TO DATE    0.03                      0.24  -0.21     0.04
  SINCE DEC 1      0.03                      0.24  -0.21     0.04
  SINCE JAN 1     39.59                     39.65  -0.06    36.01

SNOWFALL (IN)
  YESTERDAY        0.0           2.5  1952   0.1   -0.1      0.0
  MONTH TO DATE    0.0                       0.2   -0.2      0.0
  SINCE OCT 1      0.0                       0.9   -0.9       T
  SINCE JUL 1      0.0                       0.9   -0.9       T
  SNOW DEPTH       0

DEGREE DAYS
 HEATING
  YESTERDAY       26                        25      1       20
  MONTH TO DATE   46                        50     -4       34
  SINCE DEC 1     46                        50     -4       34
  SINCE JUL 1    801                      1024   -223      762

 COOLING
  YESTERDAY        0                         0      0        0
  MONTH TO DATE    0                         0      0        0
  SINCE DEC 1      0                         0      0        0
  SINCE JAN 1   1053                       825    228     1270
..................................................................


WIND (MPH)
  HIGHEST WIND SPEED     9   HIGHEST WIND DIRECTION     N (360)
  HIGHEST GUST SPEED    11   HIGHEST GUST DIRECTION     N (360)
  AVERAGE WIND SPEED     3.8


SKY COVER
  AVERAGE SKY COVER 0.1


WEATHER CONDITIONS
 THE FOLLOWING WEATHER WAS RECORDED YESTERDAY.
  NO SIGNIFICANT WEATHER WAS OBSERVED.


RELATIVE HUMIDITY (PERCENT)
 HIGHEST    79           900 PM
 LOWEST     58           500 PM
 AVERAGE    69

..........................................................


THE BRIDGEPORT CT CLIMATE NORMALS FOR TODAY
                         NORMAL    RECORD    YEAR
 MAXIMUM TEMPERATURE (F)   47        64      2009
 MINIMUM TEMPERATURE (F)   33        14      1976
                                             1966


SUNRISE AND SUNSET
DECEMBER  3 2017......SUNRISE   701 AM EST   SUNSET   424 PM EST
DECEMBER  4 2017......SUNRISE   702 AM EST   SUNSET   424 PM EST


-  INDICATES NEGATIVE NUMBERS.
R  INDICATES RECORD WAS SET OR TIED.
MM INDICATES DATA IS MISSING.
T  INDICATES TRACE AMOUNT.




$$
