000
CDUS41 KOKX 162043
CLIBDR


CLIMATE REPORT
NATIONAL WEATHER SERVICE NEW YORK NY
442 PM EDT SAT JUL 16 2016


...................................

...THE BRIDGEPORT CT CLIMATE SUMMARY FOR JULY 16 2016...
VALID TODAY AS OF 0400 PM LOCAL TIME.

CLIMATE NORMAL PERIOD 1981 TO 2010
CLIMATE RECORD PERIOD 1948 TO 2016


WEATHER ITEM   OBSERVED TIME   RECORD YEAR NORMAL DEPARTURE LAST
                VALUE   (LST)  VALUE       VALUE  FROM      YEAR
                                                  NORMAL
..................................................................
TEMPERATURE (F)
 TODAY
  MAXIMUM         89    238 PM  95    2013  83      6       76
  MINIMUM         73    535 AM  57    1954  67      6       62
  AVERAGE         81                        75      6       69

PRECIPITATION (IN)
  TODAY            0.00          0.93 1984   0.11  -0.11     0.00
  MONTH TO DATE    3.10                      1.62   1.48     1.72
  SINCE JUN 1      4.36                      5.23  -0.87     6.45
  SINCE JAN 1     19.90                     23.10  -3.20    20.75

SNOWFALL (IN)
  TODAY            0.0           0.0  2002   0.0    0.0      0.0
                                      2001
  MONTH TO DATE    0.0                       0.0    0.0      0.0
  SINCE OCT 1     27.3                      27.6   -0.3     59.7
  SINCE JUL 1      0.0                       0.0    0.0      0.0
  SNOW DEPTH       0

DEGREE DAYS
 HEATING
  TODAY            0                         0      0        0
  MONTH TO DATE    0                         0      0        0
  SINCE JUN 1      4                        32    -28       52
  SINCE JUL 1      0                         0      0        0

 COOLING
  TODAY           16                        10      6        4
  MONTH TO DATE  172                       142     30      157
  SINCE JUN 1    344                       285     59      318
  SINCE JAN 1    402                       309     93      372
..................................................................


WIND (MPH)
  HIGHEST WIND SPEED    13   HIGHEST WIND DIRECTION    NW (330)
  HIGHEST GUST SPEED    16   HIGHEST GUST DIRECTION    NW (330)
  AVERAGE WIND SPEED     5.9


SKY COVER
  AVERAGE SKY COVER 0.1


WEATHER CONDITIONS
 THE FOLLOWING WEATHER WAS RECORDED TODAY.
  NO SIGNIFICANT WEATHER WAS OBSERVED.


RELATIVE HUMIDITY (PERCENT)
 HIGHEST    79           400 AM
 LOWEST     39           200 PM
 AVERAGE    59

..........................................................


THE BRIDGEPORT CT CLIMATE NORMALS FOR TOMORROW
                         NORMAL    RECORD    YEAR
 MAXIMUM TEMPERATURE (F)   83        95      1953
 MINIMUM TEMPERATURE (F)   67        56      1954


SUNRISE AND SUNSET
JULY 16 2016..........SUNRISE   534 AM EDT   SUNSET   823 PM EDT
JULY 17 2016..........SUNRISE   535 AM EDT   SUNSET   822 PM EDT


-  INDICATES NEGATIVE NUMBERS.
R  INDICATES RECORD WAS SET OR TIED.
MM INDICATES DATA IS MISSING.
T  INDICATES TRACE AMOUNT.




$$
