387
CDUS41 KOKX 182041
CLIBDR


CLIMATE REPORT
NATIONAL WEATHER SERVICE NEW YORK NY
441 PM EDT WED MAY 18 2016


...................................

...THE BRIDGEPORT CT CLIMATE SUMMARY FOR MAY 18 2016...
VALID TODAY AS OF 0400 PM LOCAL TIME.

CLIMATE NORMAL PERIOD 1981 TO 2010
CLIMATE RECORD PERIOD 1948 TO 2016


WEATHER ITEM   OBSERVED TIME   RECORD YEAR NORMAL DEPARTURE LAST
                VALUE   (LST)  VALUE       VALUE  FROM      YEAR
                                                  NORMAL
..................................................................
TEMPERATURE (F)
 TODAY
  MAXIMUM         66    256 PM  84    1998  68     -2       67
  MINIMUM         48    310 AM  41    1984  51     -3       56
                                      1983
  AVERAGE         57                        60     -3       62

PRECIPITATION (IN)
  TODAY            0.00          2.35 2011   0.12  -0.12     0.00
  MONTH TO DATE    1.86                      2.07  -0.21     0.46
  SINCE MAR 1      6.74                     10.25  -3.51     7.27
  SINCE JAN 1     13.90                     16.14  -2.24    13.61

SNOWFALL (IN)
  TODAY            0.0           0.0  2002   0.0    0.0      0.0
                                      2001
  MONTH TO DATE    0.0                       0.0    0.0      0.0
  SINCE OCT 1     27.3                      27.6   -0.3     59.7
  SINCE JUL 1     27.3                      27.6   -0.3     59.7
  SNOW DEPTH       0

DEGREE DAYS
 HEATING
  TODAY            8                         6      2        3
  MONTH TO DATE  176                       149     27       73
  SINCE MAR 1   1260                      1417   -157     1487
  SINCE JUL 1   4395                      5304   -909     5593

 COOLING
  TODAY            0                         1     -1        0
  MONTH TO DATE    0                         4     -4       22
  SINCE MAR 1      0                         6     -6       22
  SINCE JAN 1      0                         6     -6       22
..................................................................


WIND (MPH)
  HIGHEST WIND SPEED    15   HIGHEST WIND DIRECTION     N (10)
  HIGHEST GUST SPEED    20   HIGHEST GUST DIRECTION     N (10)
  AVERAGE WIND SPEED     7.4


SKY COVER
  AVERAGE SKY COVER 0.2


WEATHER CONDITIONS
 THE FOLLOWING WEATHER WAS RECORDED TODAY.
  NO SIGNIFICANT WEATHER WAS OBSERVED.


RELATIVE HUMIDITY (PERCENT)
 HIGHEST    83          1200 AM
 LOWEST     32           300 PM
 AVERAGE    58

..........................................................


THE BRIDGEPORT CT CLIMATE NORMALS FOR TOMORROW
                         NORMAL    RECORD    YEAR
 MAXIMUM TEMPERATURE (F)   69        86      1998
 MINIMUM TEMPERATURE (F)   52        38      2002


SUNRISE AND SUNSET
MAY 18 2016...........SUNRISE   531 AM EDT   SUNSET   807 PM EDT
MAY 19 2016...........SUNRISE   530 AM EDT   SUNSET   808 PM EDT


-  INDICATES NEGATIVE NUMBERS.
R  INDICATES RECORD WAS SET OR TIED.
MM INDICATES DATA IS MISSING.
T  INDICATES TRACE AMOUNT.




$$
