940
CDUS41 KOKX 120619
CLIBDR


CLIMATE REPORT
NATIONAL WEATHER SERVICE NEW YORK NY
119 AM EST FRI FEB 12 2016


...................................

...THE BRIDGEPORT CT CLIMATE SUMMARY FOR FEBRUARY 11 2016...

CLIMATE NORMAL PERIOD 1981 TO 2010
CLIMATE RECORD PERIOD 1948 TO 2016


WEATHER ITEM   OBSERVED TIME   RECORD YEAR NORMAL DEPARTURE LAST
                VALUE   (LST)  VALUE       VALUE  FROM      YEAR
                                                  NORMAL
..................................................................
TEMPERATURE (F)
 YESTERDAY
  MAXIMUM         33    111 AM  59    2009  39     -6       32
  MINIMUM         16   1159 PM  -2    1962  25     -9       21
  AVERAGE         25                        32     -7       27

PRECIPITATION (IN)
  YESTERDAY        T             1.05 1994   0.10  -0.10     0.00
  MONTH TO DATE    2.47                      1.00   1.47     1.18
  SINCE DEC 1      9.67                      7.43   2.24    10.94
  SINCE JAN 1      4.73                      4.10   0.63     5.29

SNOWFALL (IN)
  YESTERDAY        T            12.6  1994   0.3   -0.3      0.0
  MONTH TO DATE   12.2                       3.0    9.2     13.5
  SINCE OCT 1     23.2                      16.5    6.7     33.1
  SINCE JUL 1     23.2                      16.5    6.7     33.1
  SNOW DEPTH       4

DEGREE DAYS
 HEATING
  YESTERDAY       40                        33      7       38
  MONTH TO DATE  323                       373    -50      461
  SINCE DEC 1   1847                      2375   -528     2404
  SINCE JUL 1   2591                      3349   -758     3310

 COOLING
  YESTERDAY        0                         0      0        0
  MONTH TO DATE    0                         0      0        0
  SINCE DEC 1      0                         0      0        0
  SINCE JAN 1      0                         0      0        0
..................................................................


WIND (MPH)
  HIGHEST WIND SPEED    31   HIGHEST WIND DIRECTION    NW (300)
  HIGHEST GUST SPEED    45   HIGHEST GUST DIRECTION    NW (300)
  AVERAGE WIND SPEED    18.2


SKY COVER
  AVERAGE SKY COVER 0.6


WEATHER CONDITIONS
 THE FOLLOWING WEATHER WAS RECORDED YESTERDAY.
  NO SIGNIFICANT WEATHER WAS OBSERVED.


RELATIVE HUMIDITY (PERCENT)
 HIGHEST    69          1200 AM
 LOWEST     35          1100 AM
 AVERAGE    52

..........................................................


THE BRIDGEPORT CT CLIMATE NORMALS FOR TODAY
                         NORMAL    RECORD    YEAR
 MAXIMUM TEMPERATURE (F)   39        54      2009
 MINIMUM TEMPERATURE (F)   25         2      1979


SUNRISE AND SUNSET
FEBRUARY 12 2016......SUNRISE   652 AM EST   SUNSET   522 PM EST
FEBRUARY 13 2016......SUNRISE   650 AM EST   SUNSET   524 PM EST


-  INDICATES NEGATIVE NUMBERS.
R  INDICATES RECORD WAS SET OR TIED.
MM INDICATES DATA IS MISSING.
T  INDICATES TRACE AMOUNT.




$$
