000
CDUS41 KOKX 030617
CLIBDR


CLIMATE REPORT
NATIONAL WEATHER SERVICE NEW YORK NY
117 AM EST SAT DEC 3 2016


...................................

...THE BRIDGEPORT CT CLIMATE SUMMARY FOR DECEMBER 2 2016...

CLIMATE NORMAL PERIOD 1981 TO 2010
CLIMATE RECORD PERIOD 1948 TO 2016


WEATHER ITEM   OBSERVED TIME   RECORD YEAR NORMAL DEPARTURE LAST
                VALUE   (LST)  VALUE       VALUE  FROM      YEAR
                                                  NORMAL
..................................................................
TEMPERATURE (F)
 YESTERDAY
  MAXIMUM         MM        MM  60    1998  47     MM       54
  MINIMUM         MM        MM  13    1989  33     MM       42
  AVERAGE         MM                        40     MM       48

PRECIPITATION (IN)
  YESTERDAY        0.00          2.47 1974   0.12  -0.12     0.46
  MONTH TO DATE    0.04                      0.24  -0.20     0.73
  SINCE DEC 1      0.04                      0.24  -0.20     0.73
  SINCE JAN 1     36.01                     39.65  -3.64    30.84

SNOWFALL (IN)
  YESTERDAY        0.0           2.5  1952   0.1   -0.1      0.0
  MONTH TO DATE    0.0                       0.2   -0.2      0.0
  SINCE OCT 1      T                         0.9   -0.9       T
  SINCE JUL 1      T                         0.9   -0.9       T
  SNOW DEPTH       0

DEGREE DAYS
 HEATING
  YESTERDAY       MM                        25     MM       17
  MONTH TO DATE   14                        50    -36       36
  SINCE DEC 1     14                        50    -36       36
  SINCE JUL 1    742                      1024   -282      780

 COOLING
  YESTERDAY       MM                         0     MM        0
  MONTH TO DATE    0                         0      0        0
  SINCE DEC 1      0                         0      0        0
  SINCE JAN 1   1270                       825    445     1122
..................................................................


WIND (MPH)
  HIGHEST WIND SPEED    17   HIGHEST WIND DIRECTION    NW (330)
  HIGHEST GUST SPEED    23   HIGHEST GUST DIRECTION     W (280)
  AVERAGE WIND SPEED    13.0


SKY COVER
  AVERAGE SKY COVER 0.3


WEATHER CONDITIONS
 THE FOLLOWING WEATHER WAS RECORDED YESTERDAY.
  NO SIGNIFICANT WEATHER WAS OBSERVED.


RELATIVE HUMIDITY (PERCENT)
 HIGHEST    58           900 PM
 LOWEST     41           300 PM
 AVERAGE    50

..........................................................


THE BRIDGEPORT CT CLIMATE NORMALS FOR TODAY
                         NORMAL    RECORD    YEAR
 MAXIMUM TEMPERATURE (F)   47        64      2009
 MINIMUM TEMPERATURE (F)   33        14      1976
                                             1966


SUNRISE AND SUNSET
DECEMBER  3 2016......SUNRISE   701 AM EST   SUNSET   424 PM EST
DECEMBER  4 2016......SUNRISE   702 AM EST   SUNSET   424 PM EST


-  INDICATES NEGATIVE NUMBERS.
R  INDICATES RECORD WAS SET OR TIED.
MM INDICATES DATA IS MISSING.
T  INDICATES TRACE AMOUNT.




$$
