000
CDUS41 KOKX 252040
CLIBDR


CLIMATE REPORT
NATIONAL WEATHER SERVICE NEW YORK NY
440 PM EDT SUN SEP 25 2016


...................................

...THE BRIDGEPORT CT CLIMATE SUMMARY FOR SEPTEMBER 25 2016...
VALID TODAY AS OF 0400 PM LOCAL TIME.

CLIMATE NORMAL PERIOD 1981 TO 2010
CLIMATE RECORD PERIOD 1948 TO 2016


WEATHER ITEM   OBSERVED TIME   RECORD YEAR NORMAL DEPARTURE LAST
                VALUE   (LST)  VALUE       VALUE  FROM      YEAR
                                                  NORMAL
..................................................................
TEMPERATURE (F)
 TODAY
  MAXIMUM         71    244 PM  85    1970  71      0       72
  MINIMUM         50    503 AM  37    1950  55     -5       60
  AVERAGE         61                        63     -2       66

PRECIPITATION (IN)
  TODAY            0.00          1.23 1991   0.12  -0.12     0.00
  MONTH TO DATE    2.32                      2.86  -0.54     1.59
  SINCE SEP 1      2.32                      2.86  -0.54     1.59
  SINCE JAN 1     27.08                     31.76  -4.68    25.18

SNOWFALL (IN)
  TODAY            0.0           0.0  2002   0.0    0.0      0.0
                                      2001
  MONTH TO DATE    0.0                       0.0    0.0      0.0
  SINCE OCT 1     27.3                      27.6   -0.3     59.7
  SINCE JUL 1      0.0                       0.0    0.0      0.0
  SNOW DEPTH       0

DEGREE DAYS
 HEATING
  TODAY            4                         4      0        0
  MONTH TO DATE    4                        41    -37        0
  SINCE SEP 1      4                        41    -37        0
  SINCE JUL 1      4                        45    -41        0

 COOLING
  TODAY            0                         2     -2        1
  MONTH TO DATE  188                        93     95      182
  SINCE SEP 1    188                        93     95      182
  SINCE JAN 1   1240                       811    429     1102
..................................................................


WIND (MPH)
  HIGHEST WIND SPEED    18   HIGHEST WIND DIRECTION    NW (310)
  HIGHEST GUST SPEED    23   HIGHEST GUST DIRECTION    NW (310)
  AVERAGE WIND SPEED     7.7


SKY COVER
  AVERAGE SKY COVER 0.0


WEATHER CONDITIONS
 THE FOLLOWING WEATHER WAS RECORDED TODAY.
  NO SIGNIFICANT WEATHER WAS OBSERVED.


RELATIVE HUMIDITY (PERCENT)
 HIGHEST    68           300 AM
 LOWEST     23           300 PM
 AVERAGE    46

..........................................................


THE BRIDGEPORT CT CLIMATE NORMALS FOR TOMORROW
                         NORMAL    RECORD    YEAR
 MAXIMUM TEMPERATURE (F)   70        84      1958
 MINIMUM TEMPERATURE (F)   54        43      1987
                                             1949


SUNRISE AND SUNSET
SEPTEMBER 25 2016.....SUNRISE   643 AM EDT   SUNSET   644 PM EDT
SEPTEMBER 26 2016.....SUNRISE   644 AM EDT   SUNSET   642 PM EDT


-  INDICATES NEGATIVE NUMBERS.
R  INDICATES RECORD WAS SET OR TIED.
MM INDICATES DATA IS MISSING.
T  INDICATES TRACE AMOUNT.




$$
