000
CDUS41 KOKX 122031
CLIBDR


CLIMATE REPORT
NATIONAL WEATHER SERVICE NEW YORK NY
431 PM EDT FRI MAY 12 2017


...................................

...THE BRIDGEPORT CT CLIMATE SUMMARY FOR MAY 12 2017...
VALID TODAY AS OF 0400 PM LOCAL TIME.

CLIMATE NORMAL PERIOD 1981 TO 2010
CLIMATE RECORD PERIOD 1948 TO 2017


WEATHER ITEM   OBSERVED TIME   RECORD YEAR NORMAL DEPARTURE LAST
                VALUE   (LST)  VALUE       VALUE  FROM      YEAR
                                                  NORMAL
..................................................................
TEMPERATURE (F)
 TODAY
  MAXIMUM         61    255 PM  88    1991  66     -5       70
  MINIMUM         49    106 AM  40    1990  49      0       53
  AVERAGE         55                        58     -3       62

PRECIPITATION (IN)
  TODAY            0.00          2.97 2006   0.12  -0.12     0.00
  MONTH TO DATE    1.43                      1.38   0.05     1.65
  SINCE MAR 1     10.59                      9.56   1.03     6.53
  SINCE JAN 1     15.78                     15.45   0.33    13.69

SNOWFALL (IN)
  TODAY            0.0           0.0  2002   0.0    0.0      0.0
                                      2001
  MONTH TO DATE    0.0                       0.0    0.0      0.0
  SINCE OCT 1     40.9                      27.6   13.3     27.3
  SINCE JUL 1     40.9                      27.6   13.3     27.3
  SNOW DEPTH       0

DEGREE DAYS
 HEATING
  TODAY           10                         8      2        3
  MONTH TO DATE  119                       110      9      131
  SINCE MAR 1   1298                      1378    -80     1215
  SINCE JUL 1   4465                      5265   -800     4350

 COOLING
  TODAY            0                         0      0        0
  MONTH TO DATE    3                         0      3        0
  SINCE MAR 1     11                         2      9        0
  SINCE JAN 1     11                         2      9        0
..................................................................


WIND (MPH)
  HIGHEST WIND SPEED    17   HIGHEST WIND DIRECTION    SE (140)
  HIGHEST GUST SPEED    23   HIGHEST GUST DIRECTION    SE (120)
  AVERAGE WIND SPEED     9.1


SKY COVER
  AVERAGE SKY COVER 0.5


WEATHER CONDITIONS
 THE FOLLOWING WEATHER WAS RECORDED TODAY.
  NO SIGNIFICANT WEATHER WAS OBSERVED.


RELATIVE HUMIDITY (PERCENT)
 HIGHEST    80           100 AM
 LOWEST     51           900 AM
 AVERAGE    66

..........................................................


THE BRIDGEPORT CT CLIMATE NORMALS FOR TOMORROW
                         NORMAL    RECORD    YEAR
 MAXIMUM TEMPERATURE (F)   67        88      1956
 MINIMUM TEMPERATURE (F)   50        38      1967
                                             1963


SUNRISE AND SUNSET
MAY 12 2017...........SUNRISE   537 AM EDT   SUNSET   801 PM EDT
MAY 13 2017...........SUNRISE   536 AM EDT   SUNSET   802 PM EDT


-  INDICATES NEGATIVE NUMBERS.
R  INDICATES RECORD WAS SET OR TIED.
MM INDICATES DATA IS MISSING.
T  INDICATES TRACE AMOUNT.




$$
