000
CDUS41 KOKX 040617
CLIBDR


CLIMATE REPORT
NATIONAL WEATHER SERVICE NEW YORK NY
217 AM EDT SAT NOV 4 2017


...................................

...THE BRIDGEPORT CT CLIMATE SUMMARY FOR NOVEMBER 3 2017...

CLIMATE NORMAL PERIOD 1981 TO 2010
CLIMATE RECORD PERIOD 1948 TO 2017


WEATHER ITEM   OBSERVED TIME   RECORD YEAR NORMAL DEPARTURE LAST
                VALUE   (LST)  VALUE       VALUE  FROM      YEAR
                                                  NORMAL
..................................................................
TEMPERATURE (F)
 YESTERDAY
  MAXIMUM         72    435 PM  74    2016  57     15       74
                                      2003
  MINIMUM         50   1159 PM  30    1951  41      9       52
  AVERAGE         61                        49     12       63

PRECIPITATION (IN)
  YESTERDAY        0.00          1.62 1951   0.11  -0.11      T
  MONTH TO DATE    T                         0.33  -0.33      T
  SINCE SEP 1      9.10                      7.45   1.65     6.98
  SINCE JAN 1     37.69                     36.35   1.34    31.74

SNOWFALL (IN)
  YESTERDAY        0.0           T    1951   0.0    0.0      0.0
  MONTH TO DATE    0.0                       0.0    0.0      0.0
  SINCE OCT 1      0.0                       0.0    0.0       T
  SINCE JUL 1      0.0                       0.0    0.0       T
  SNOW DEPTH       0

DEGREE DAYS
 HEATING
  YESTERDAY        4                        16    -12        2
  MONTH TO DATE   25                        46    -21       27
  SINCE SEP 1    184                       432   -248      269
  SINCE JUL 1    184                       436   -252      269

 COOLING
  YESTERDAY        0                         0      0        0
  MONTH TO DATE    0                         0      0        0
  SINCE SEP 1    216                       107    109      218
  SINCE JAN 1   1053                       825    228     1270
..................................................................


WIND (MPH)
  HIGHEST WIND SPEED    24   HIGHEST WIND DIRECTION     N (340)
  HIGHEST GUST SPEED    32   HIGHEST GUST DIRECTION     N (340)
  AVERAGE WIND SPEED     8.5


SKY COVER
  AVERAGE SKY COVER 0.3


WEATHER CONDITIONS
 THE FOLLOWING WEATHER WAS RECORDED YESTERDAY.
  FOG
  FOG W/VISIBILITY <= 1/4 MILE


RELATIVE HUMIDITY (PERCENT)
 HIGHEST   100           800 AM
 LOWEST     50           900 PM
 AVERAGE    75

..........................................................


THE BRIDGEPORT CT CLIMATE NORMALS FOR TODAY
                         NORMAL    RECORD    YEAR
 MAXIMUM TEMPERATURE (F)   57        78      1975
 MINIMUM TEMPERATURE (F)   41        26      1951


SUNRISE AND SUNSET
NOVEMBER  4 2017......SUNRISE   727 AM EDT   SUNSET   544 PM EDT
NOVEMBER  5 2017......SUNRISE   629 AM EST   SUNSET   443 PM EST


-  INDICATES NEGATIVE NUMBERS.
R  INDICATES RECORD WAS SET OR TIED.
MM INDICATES DATA IS MISSING.
T  INDICATES TRACE AMOUNT.




$$
