000
CDUS41 KOKX 160631
CLIBDR


CLIMATE REPORT
NATIONAL WEATHER SERVICE NEW YORK NY
230 AM EDT SAT APR 16 2016


...................................

...THE BRIDGEPORT CT CLIMATE SUMMARY FOR APRIL 15 2016...

CLIMATE NORMAL PERIOD 1981 TO 2010
CLIMATE RECORD PERIOD 1948 TO 2016


WEATHER ITEM   OBSERVED TIME   RECORD YEAR NORMAL DEPARTURE LAST
                VALUE   (LST)  VALUE       VALUE  FROM      YEAR
                                                  NORMAL
..................................................................
TEMPERATURE (F)
 YESTERDAY
  MAXIMUM         59    438 PM  81    1960  58      1       71
  MINIMUM         38    429 AM  30    1973  41     -3       48
                                      1957
  AVERAGE         49                        49      0       60

PRECIPITATION (IN)
  YESTERDAY        0.00          3.02 2007   0.14  -0.14     0.00
  MONTH TO DATE    2.00                      2.15  -0.15     0.40
  SINCE MAR 1      4.17                      6.20  -2.03     5.12
  SINCE JAN 1     11.33                     12.09  -0.76    11.46

SNOWFALL (IN)
  YESTERDAY        0.0           T    2014   0.0    0.0      0.0
  MONTH TO DATE    0.1                       0.7   -0.6      0.0
  SINCE OCT 1     27.3                      27.4   -0.1     59.7
  SINCE JUL 1     27.3                      27.4   -0.1     59.7
  SNOW DEPTH       0

DEGREE DAYS
 HEATING
  YESTERDAY       16                        16      0        5
  MONTH TO DATE  308                       274     34      272
  SINCE MAR 1    931                      1071   -140     1232
  SINCE JUL 1   4066                      4958   -892     5338

 COOLING
  YESTERDAY        0                         0      0        0
  MONTH TO DATE    0                         0      0        0
  SINCE MAR 1      0                         0      0        0
  SINCE JAN 1      0                         0      0        0
..................................................................


WIND (MPH)
  HIGHEST WIND SPEED    16   HIGHEST WIND DIRECTION    NE (50)
  HIGHEST GUST SPEED    21   HIGHEST GUST DIRECTION    NE (50)
  AVERAGE WIND SPEED     6.6


SKY COVER
  AVERAGE SKY COVER 0.0


WEATHER CONDITIONS
 THE FOLLOWING WEATHER WAS RECORDED YESTERDAY.
  NO SIGNIFICANT WEATHER WAS OBSERVED.


RELATIVE HUMIDITY (PERCENT)
 HIGHEST    82           400 AM
 LOWEST     26          1000 AM
 AVERAGE    54

..........................................................


THE BRIDGEPORT CT CLIMATE NORMALS FOR TODAY
                         NORMAL    RECORD    YEAR
 MAXIMUM TEMPERATURE (F)   58        85      2002
 MINIMUM TEMPERATURE (F)   41        29      1981


SUNRISE AND SUNSET
APRIL 16 2016.........SUNRISE   611 AM EDT   SUNSET   734 PM EDT
APRIL 17 2016.........SUNRISE   609 AM EDT   SUNSET   735 PM EDT


-  INDICATES NEGATIVE NUMBERS.
R  INDICATES RECORD WAS SET OR TIED.
MM INDICATES DATA IS MISSING.
T  INDICATES TRACE AMOUNT.




$$
