000
CDUS41 KOKX 260616
CLIBDR


CLIMATE REPORT
NATIONAL WEATHER SERVICE NEW YORK NY
116 AM EST THU FEB 26 2015


...................................

...THE BRIDGEPORT CT CLIMATE SUMMARY FOR FEBRUARY 25 2015...

CLIMATE NORMAL PERIOD 1981 TO 2010
CLIMATE RECORD PERIOD 1948 TO 2015


WEATHER ITEM   OBSERVED TIME   RECORD YEAR NORMAL DEPARTURE LAST
                VALUE   (LST)  VALUE       VALUE  FROM      YEAR
                                                  NORMAL
..................................................................
TEMPERATURE (F)
 YESTERDAY
  MAXIMUM         36    422 PM  62    1985  42     -6       32
  MINIMUM         12    545 AM  11    1993  27    -15       22
                                      1990
  AVERAGE         24                        34    -10       27

PRECIPITATION (IN)
  YESTERDAY        0.00          2.36 2010   0.11  -0.11      T
  MONTH TO DATE    2.22                      2.44  -0.22     4.18
  SINCE DEC 1     11.98                      8.87   3.11    11.29
  SINCE JAN 1      6.33                      5.54   0.79     6.96

SNOWFALL (IN)
  YESTERDAY        0.0           7.2  1990   0.3   -0.3       T
  MONTH TO DATE   21.2                       7.3   13.9     32.1
  SINCE OCT 1     40.8                      20.8   20.0     56.5
  SINCE JUL 1     40.8                      20.8   20.0     56.5
  SNOW DEPTH      12

DEGREE DAYS
 HEATING
  YESTERDAY       41                        31     10       38
  MONTH TO DATE 1124                       821    303      874
  SINCE DEC 1   3067                      2823    244     2965
  SINCE JUL 1   3973                      3797    176     3918

 COOLING
  YESTERDAY        0                         0      0        0
  MONTH TO DATE    0                         0      0        0
  SINCE DEC 1      0                         0      0        0
  SINCE JAN 1      0                         0      0        0
..................................................................


WIND (MPH)
  HIGHEST WIND SPEED    22   HIGHEST WIND DIRECTION     W (290)
  HIGHEST GUST SPEED    30   HIGHEST GUST DIRECTION    NW (300)
  AVERAGE WIND SPEED     7.3


SKY COVER
  AVERAGE SKY COVER 0.0


WEATHER CONDITIONS
 THE FOLLOWING WEATHER WAS RECORDED YESTERDAY.
  NO SIGNIFICANT WEATHER WAS OBSERVED.


RELATIVE HUMIDITY (PERCENT)
 HIGHEST    92           600 AM
 LOWEST     38           400 PM
 AVERAGE    65

..........................................................


THE BRIDGEPORT CT CLIMATE NORMALS FOR TODAY
                         NORMAL    RECORD    YEAR
 MAXIMUM TEMPERATURE (F)   42        57      2002
                                             1996
                                             1951
 MINIMUM TEMPERATURE (F)   27         5      1990


SUNRISE AND SUNSET
FEBRUARY 26 2015......SUNRISE   632 AM EST   SUNSET   540 PM EST
FEBRUARY 27 2015......SUNRISE   630 AM EST   SUNSET   541 PM EST


-  INDICATES NEGATIVE NUMBERS.
R  INDICATES RECORD WAS SET OR TIED.
MM INDICATES DATA IS MISSING.
T  INDICATES TRACE AMOUNT.




$$
