000
CDUS41 KOKX 090627
CLIBDR


CLIMATE REPORT
NATIONAL WEATHER SERVICE NEW YORK NY
222 AM EDT SAT SEP 9 2017


...................................

...THE BRIDGEPORT CT CLIMATE SUMMARY FOR SEPTEMBER 8 2017...

CLIMATE NORMAL PERIOD 1981 TO 2010
CLIMATE RECORD PERIOD 1948 TO 2017


WEATHER ITEM   OBSERVED TIME   RECORD YEAR NORMAL DEPARTURE LAST
                VALUE   (LST)  VALUE       VALUE  FROM      YEAR
                                                  NORMAL
..................................................................
TEMPERATURE (F)
 YESTERDAY
  MAXIMUM         73    428 PM  94    2015  77     -4       87
  MINIMUM         56    558 AM  49    1962  61     -5       69
  AVERAGE         65                        69     -4       78

PRECIPITATION (IN)
  YESTERDAY        0.00          2.08 1969   0.11  -0.11     0.00
  MONTH TO DATE    1.53                      0.91   0.62     0.75
  SINCE SEP 1      1.53                      0.91   0.62     0.75
  SINCE JAN 1     30.12                     29.81   0.31    25.51

SNOWFALL (IN)
  YESTERDAY        0.0           0.0  2002   0.0    0.0      0.0
                                      2001
  MONTH TO DATE    0.0                       0.0    0.0      0.0
  SINCE OCT 1     40.9                      27.6   13.3     27.3
  SINCE JUL 1      0.0                       0.0    0.0      0.0
  SNOW DEPTH       0

DEGREE DAYS
 HEATING
  YESTERDAY        0                         1     -1        0
  MONTH TO DATE   10                         4      6        0
  SINCE SEP 1     10                         4      6        0
  SINCE JUL 1     10                         8      2        0

 COOLING
  YESTERDAY        0                         5     -5       13
  MONTH TO DATE   21                        44    -23       72
  SINCE SEP 1     21                        44    -23       72
  SINCE JAN 1    858                       762     96     1124
..................................................................


WIND (MPH)
  HIGHEST WIND SPEED    16   HIGHEST WIND DIRECTION     W (290)
  HIGHEST GUST SPEED    20   HIGHEST GUST DIRECTION    SW (210)
  AVERAGE WIND SPEED     6.9


SKY COVER
  AVERAGE SKY COVER 0.2


WEATHER CONDITIONS
 THE FOLLOWING WEATHER WAS RECORDED YESTERDAY.
  NO SIGNIFICANT WEATHER WAS OBSERVED.


RELATIVE HUMIDITY (PERCENT)
 HIGHEST    83           500 AM
 LOWEST     38           400 PM
 AVERAGE    61

..........................................................


THE BRIDGEPORT CT CLIMATE NORMALS FOR TODAY
                         NORMAL    RECORD    YEAR
 MAXIMUM TEMPERATURE (F)   76        90      2016
 MINIMUM TEMPERATURE (F)   61        48      1986
                                             1956


SUNRISE AND SUNSET
SEPTEMBER  9 2017.....SUNRISE   627 AM EDT   SUNSET   712 PM EDT
SEPTEMBER 10 2017.....SUNRISE   628 AM EDT   SUNSET   710 PM EDT


-  INDICATES NEGATIVE NUMBERS.
R  INDICATES RECORD WAS SET OR TIED.
MM INDICATES DATA IS MISSING.
T  INDICATES TRACE AMOUNT.




$$
