000
CDUS41 KOKX 052145
CLIBDR


CLIMATE REPORT
NATIONAL WEATHER SERVICE NEW YORK NY
445 PM EST THU JAN 5 2017


...................................

...THE BRIDGEPORT CT CLIMATE SUMMARY FOR JANUARY 5 2017...
VALID TODAY AS OF 0400 PM LOCAL TIME.

CLIMATE NORMAL PERIOD 1981 TO 2010
CLIMATE RECORD PERIOD 1948 TO 2017


WEATHER ITEM   OBSERVED TIME   RECORD YEAR NORMAL DEPARTURE LAST
                VALUE   (LST)  VALUE       VALUE  FROM      YEAR
                                                  NORMAL
..................................................................
TEMPERATURE (F)
 TODAY
  MAXIMUM         36   1224 AM  60    1993  38     -2       29
  MINIMUM         29    900 AM   0    1981  23      6       10
  AVERAGE         33                        30      3       20

PRECIPITATION (IN)
  TODAY            0.00          1.07 1993   0.11  -0.11     0.00
                                      1949
  MONTH TO DATE    0.77                      0.52   0.25     0.00
  SINCE DEC 1      4.20                      3.85   0.35     4.94
  SINCE JAN 1      0.77                      0.52   0.25     0.00

SNOWFALL (IN)
  TODAY            0.0           2.0  1985   0.2   -0.2      0.0
  MONTH TO DATE    0.0                       1.2   -1.2      0.0
  SINCE OCT 1      6.0                       7.0   -1.0      0.7
  SINCE JUL 1      6.0                       7.0   -1.0      0.7
  SNOW DEPTH       0

DEGREE DAYS
 HEATING
  TODAY           32                        35     -3       45
  MONTH TO DATE  129                       171    -42      167
  SINCE DEC 1    966                      1090   -124      711
  SINCE JUL 1   1694                      2064   -370     1455

 COOLING
  TODAY            0                         0      0        0
  MONTH TO DATE    0                         0      0        0
  SINCE DEC 1      0                         0      0        0
  SINCE JAN 1      0                         0      0        0
..................................................................


WIND (MPH)
  HIGHEST WIND SPEED    21   HIGHEST WIND DIRECTION     W (280)
  HIGHEST GUST SPEED    27   HIGHEST GUST DIRECTION     W (290)
  AVERAGE WIND SPEED    11.0


SKY COVER
  AVERAGE SKY COVER 0.1


WEATHER CONDITIONS
 THE FOLLOWING WEATHER WAS RECORDED TODAY.
  NO SIGNIFICANT WEATHER WAS OBSERVED.


RELATIVE HUMIDITY (PERCENT)
 HIGHEST    46           800 AM
 LOWEST     35           100 AM
 AVERAGE    41

..........................................................


THE BRIDGEPORT CT CLIMATE NORMALS FOR TOMORROW
                         NORMAL    RECORD    YEAR
 MAXIMUM TEMPERATURE (F)   37        68      2007
 MINIMUM TEMPERATURE (F)   23         2      1996


SUNRISE AND SUNSET
JANUARY  5 2017.......SUNRISE   718 AM EST   SUNSET   438 PM EST
JANUARY  6 2017.......SUNRISE   718 AM EST   SUNSET   439 PM EST


-  INDICATES NEGATIVE NUMBERS.
R  INDICATES RECORD WAS SET OR TIED.
MM INDICATES DATA IS MISSING.
T  INDICATES TRACE AMOUNT.




$$
