000
CDUS41 KOKX 232033
CLIBDR


CLIMATE REPORT
NATIONAL WEATHER SERVICE NEW YORK NY
433 PM EDT TUE SEP 23 2014


...................................

...THE BRIDGEPORT CT CLIMATE SUMMARY FOR SEPTEMBER 23 2014...
VALID TODAY AS OF 0400 PM LOCAL TIME.

CLIMATE NORMAL PERIOD 1981 TO 2010
CLIMATE RECORD PERIOD 1948 TO 2014


WEATHER ITEM   OBSERVED TIME   RECORD YEAR NORMAL DEPARTURE LAST
                VALUE   (LST)  VALUE       VALUE  FROM      YEAR
                                                  NORMAL
..................................................................
TEMPERATURE (F)
 TODAY
  MAXIMUM         70    249 PM  91    1970  72     -2       65
  MINIMUM         47    536 AM  40    1963  56     -9       48
  AVERAGE         59                        64     -5       57

PRECIPITATION (IN)
  TODAY            0.00          1.63 1975   0.12  -0.12     0.00
  MONTH TO DATE    1.89                      2.63  -0.74     2.72
  SINCE SEP 1      1.89                      2.63  -0.74     2.72
  SINCE JAN 1     33.13                     31.53   1.60    29.50

SNOWFALL (IN)
  TODAY            0.0           0.0  2002   0.0    0.0      0.0
                                      2001
  MONTH TO DATE    0.0                       0.0    0.0      0.0
  SINCE OCT 1     57.4                      27.6   29.8     64.3
  SINCE JUL 1      0.0                       0.0    0.0      0.0
  SNOW DEPTH       0

DEGREE DAYS
 HEATING
  TODAY            6                         3      3        8
  MONTH TO DATE   33                        33      0       46
  SINCE SEP 1     33                        33      0       46
  SINCE JUL 1     33                        37     -4       46

 COOLING
  TODAY            0                         2     -2        0
  MONTH TO DATE  114                        89     25       96
  SINCE SEP 1    114                        89     25       96
  SINCE JAN 1    848                       807     41      981
..................................................................


WIND (MPH)
  HIGHEST WIND SPEED    14   HIGHEST WIND DIRECTION    SW (210)
  HIGHEST GUST SPEED    18   HIGHEST GUST DIRECTION    NW (320)
  AVERAGE WIND SPEED     6.8


SKY COVER
  AVERAGE SKY COVER 0.0


WEATHER CONDITIONS
 THE FOLLOWING WEATHER WAS RECORDED TODAY.
  NO SIGNIFICANT WEATHER WAS OBSERVED.


RELATIVE HUMIDITY (PERCENT)
 HIGHEST    80           300 AM
 LOWEST     44           300 PM
 AVERAGE    62

..........................................................


THE BRIDGEPORT CT CLIMATE NORMALS FOR TOMORROW
                         NORMAL    RECORD    YEAR
 MAXIMUM TEMPERATURE (F)   71        87      1959
 MINIMUM TEMPERATURE (F)   55        36      1963


SUNRISE AND SUNSET
SEPTEMBER 23 2014.....SUNRISE   641 AM EDT   SUNSET   648 PM EDT
SEPTEMBER 24 2014.....SUNRISE   642 AM EDT   SUNSET   646 PM EDT


-  INDICATES NEGATIVE NUMBERS.
R  INDICATES RECORD WAS SET OR TIED.
MM INDICATES DATA IS MISSING.
T  INDICATES TRACE AMOUNT.




$$
