000
CDUS41 KOKX 232045
CLIBDR


CLIMATE REPORT
NATIONAL WEATHER SERVICE NEW YORK NY
444 PM EDT SUN AUG 23 2015


...................................

...THE BRIDGEPORT CT CLIMATE SUMMARY FOR AUGUST 23 2015...
VALID TODAY AS OF 0400 PM LOCAL TIME.

CLIMATE NORMAL PERIOD 1981 TO 2010
CLIMATE RECORD PERIOD 1948 TO 2015


WEATHER ITEM   OBSERVED TIME   RECORD YEAR NORMAL DEPARTURE LAST
                VALUE   (LST)  VALUE       VALUE  FROM      YEAR
                                                  NORMAL
..................................................................
TEMPERATURE (F)
 TODAY
  MAXIMUM         80   1233 PM  89    1976  80      0       74
  MINIMUM         68    607 AM  52    1952  65      3       64
  AVERAGE         74                        73      1       69

PRECIPITATION (IN)
  TODAY            0.00          1.69 1970   0.14  -0.14      T
  MONTH TO DATE    1.76                      3.06  -1.30     2.05
  SINCE JUN 1      9.16                     10.13  -0.97     9.52
  SINCE JAN 1     23.46                     28.00  -4.54    31.18

SNOWFALL (IN)
  TODAY            0.0           0.0  2002   0.0    0.0      0.0
                                      2001
  MONTH TO DATE    0.0                       0.0    0.0      0.0
  SINCE OCT 1     59.7                      27.6   32.1     57.4
  SINCE JUL 1      0.0                       0.0    0.0      0.0
  SNOW DEPTH       0

DEGREE DAYS
 HEATING
  TODAY            0                         0      0        0
  MONTH TO DATE    0                         0      0        0
  SINCE JUN 1     52                        33     19        4
  SINCE JUL 1      0                         1     -1        0

 COOLING
  TODAY            9                         8      1        4
  MONTH TO DATE  266                       206     60      175
  SINCE JUN 1    780                       638    142      644
  SINCE JAN 1    834                       662    172      667
..................................................................


WIND (MPH)
  HIGHEST WIND SPEED    13   HIGHEST WIND DIRECTION    SE (150)
  HIGHEST GUST SPEED    15   HIGHEST GUST DIRECTION    SE (140)
  AVERAGE WIND SPEED     8.1


SKY COVER
  AVERAGE SKY COVER 0.5


WEATHER CONDITIONS
 THE FOLLOWING WEATHER WAS RECORDED TODAY.
  NO SIGNIFICANT WEATHER WAS OBSERVED.


RELATIVE HUMIDITY (PERCENT)
 HIGHEST    90           200 AM
 LOWEST     67          1000 AM
 AVERAGE    79

..........................................................


THE BRIDGEPORT CT CLIMATE NORMALS FOR TOMORROW
                         NORMAL    RECORD    YEAR
 MAXIMUM TEMPERATURE (F)   80        91      1995
 MINIMUM TEMPERATURE (F)   65        48      1952


SUNRISE AND SUNSET
AUGUST 23 2015........SUNRISE   610 AM EDT   SUNSET   740 PM EDT
AUGUST 24 2015........SUNRISE   611 AM EDT   SUNSET   738 PM EDT


-  INDICATES NEGATIVE NUMBERS.
R  INDICATES RECORD WAS SET OR TIED.
MM INDICATES DATA IS MISSING.
T  INDICATES TRACE AMOUNT.




$$
