000
CDUS41 KOKX 050617
CLIBDR


CLIMATE REPORT
NATIONAL WEATHER SERVICE NEW YORK NY
217 AM EDT THU OCT 5 2017


...................................

...THE BRIDGEPORT CT CLIMATE SUMMARY FOR OCTOBER 4 2017...

CLIMATE NORMAL PERIOD 1981 TO 2010
CLIMATE RECORD PERIOD 1948 TO 2017


WEATHER ITEM   OBSERVED TIME   RECORD YEAR NORMAL DEPARTURE LAST
                VALUE   (LST)  VALUE       VALUE  FROM      YEAR
                                                  NORMAL
..................................................................
TEMPERATURE (F)
 YESTERDAY
  MAXIMUM         74    331 PM  83    1954  67      7       71
  MINIMUM         53    218 AM  34    1996  51      2       57
                                      1987
  AVERAGE         64                        59      5       64

PRECIPITATION (IN)
  YESTERDAY        0.00          1.25 1987   0.11  -0.11     0.02
  MONTH TO DATE    0.00                      0.46  -0.46     0.16
  SINCE SEP 1      1.73                      3.94  -2.21     2.89
  SINCE JAN 1     30.32                     32.84  -2.52    27.65

SNOWFALL (IN)
  YESTERDAY        0.0           0.5  1987   0.0    0.0      0.0
  MONTH TO DATE    0.0                       0.0    0.0      0.0
  SINCE OCT 1      0.0                       0.0    0.0      0.0
  SINCE JUL 1      0.0                       0.0    0.0      0.0
  SNOW DEPTH       0

DEGREE DAYS
 HEATING
  YESTERDAY        1                         7     -6        1
  MONTH TO DATE   20                        25     -5       12
  SINCE SEP 1     45                        89    -44       27
  SINCE JUL 1     45                        93    -48       27

 COOLING
  YESTERDAY        0                         1     -1        0
  MONTH TO DATE    0                         4     -4        1
  SINCE SEP 1    157                       102     55      192
  SINCE JAN 1    994                       820    174     1244
..................................................................


WIND (MPH)
  HIGHEST WIND SPEED    20   HIGHEST WIND DIRECTION    SW (230)
  HIGHEST GUST SPEED    24   HIGHEST GUST DIRECTION    SW (220)
  AVERAGE WIND SPEED    11.1


SKY COVER
  AVERAGE SKY COVER 0.0


WEATHER CONDITIONS
 THE FOLLOWING WEATHER WAS RECORDED YESTERDAY.
  NO SIGNIFICANT WEATHER WAS OBSERVED.


RELATIVE HUMIDITY (PERCENT)
 HIGHEST    87           800 PM
 LOWEST     53           200 PM
 AVERAGE    70

..........................................................


THE BRIDGEPORT CT CLIMATE NORMALS FOR TODAY
                         NORMAL    RECORD    YEAR
 MAXIMUM TEMPERATURE (F)   67        84      1967
 MINIMUM TEMPERATURE (F)   50        33      1965


SUNRISE AND SUNSET
OCTOBER  5 2017.......SUNRISE   654 AM EDT   SUNSET   627 PM EDT
OCTOBER  6 2017.......SUNRISE   655 AM EDT   SUNSET   626 PM EDT


-  INDICATES NEGATIVE NUMBERS.
R  INDICATES RECORD WAS SET OR TIED.
MM INDICATES DATA IS MISSING.
T  INDICATES TRACE AMOUNT.




$$
