000
CDUS41 KOKX 120622
CLIBDR


CLIMATE REPORT
NATIONAL WEATHER SERVICE NEW YORK NY
222 AM EDT TUE AUG 12 2014


...................................

...THE BRIDGEPORT CT CLIMATE SUMMARY FOR AUGUST 11 2014...

CLIMATE NORMAL PERIOD 1981 TO 2010
CLIMATE RECORD PERIOD 1948 TO 2014


WEATHER ITEM   OBSERVED TIME   RECORD YEAR NORMAL DEPARTURE LAST
                VALUE   (LST)  VALUE       VALUE  FROM      YEAR
                                                  NORMAL
..................................................................
TEMPERATURE (F)
 YESTERDAY
  MAXIMUM         85    315 PM  95    1949  82      3       80
  MINIMUM         66    537 AM  51    1972  67     -1       60
  AVERAGE         76                        74      2       70

PRECIPITATION (IN)
  YESTERDAY        0.00          3.99 2000   0.12  -0.12     0.00
  MONTH TO DATE    0.20                      1.46  -1.26     0.63
  SINCE JUN 1      7.67                      8.53  -0.86    11.70
  SINCE JAN 1     29.33                     26.40   2.93    25.30

SNOWFALL (IN)
  YESTERDAY        0.0           0.0  2002   0.0    0.0      0.0
                                      2001
  MONTH TO DATE    0.0                       0.0    0.0      0.0
  SINCE OCT 1     57.4                      27.6   29.8     64.3
  SINCE JUL 1      0.0                       0.0    0.0      0.0
  SNOW DEPTH       0

DEGREE DAYS
 HEATING
  YESTERDAY        0                         0      0        0
  MONTH TO DATE    0                         0      0        0
  SINCE JUN 1      4                        33    -29       18
  SINCE JUL 1      0                         1     -1        0

 COOLING
  YESTERDAY       11                         9      2        5
  MONTH TO DATE  102                       104     -2       88
  SINCE JUN 1    571                       536     35      688
  SINCE JAN 1    594                       560     34      726
..................................................................


WIND (MPH)
  HIGHEST WIND SPEED    15   HIGHEST WIND DIRECTION     S (190)
  HIGHEST GUST SPEED    19   HIGHEST GUST DIRECTION     S (190)
  AVERAGE WIND SPEED     6.2


SKY COVER
  AVERAGE SKY COVER 0.0


WEATHER CONDITIONS
 THE FOLLOWING WEATHER WAS RECORDED YESTERDAY.
  NO SIGNIFICANT WEATHER WAS OBSERVED.


RELATIVE HUMIDITY (PERCENT)
 HIGHEST    93           400 AM
 LOWEST     48           300 PM
 AVERAGE    71

..........................................................


THE BRIDGEPORT CT CLIMATE NORMALS FOR TODAY
                         NORMAL    RECORD    YEAR
 MAXIMUM TEMPERATURE (F)   82        92      1988
 MINIMUM TEMPERATURE (F)   67        54      1968


SUNRISE AND SUNSET
AUGUST 12 2014........SUNRISE   559 AM EDT   SUNSET   755 PM EDT
AUGUST 13 2014........SUNRISE   600 AM EDT   SUNSET   754 PM EDT


-  INDICATES NEGATIVE NUMBERS.
R  INDICATES RECORD WAS SET OR TIED.
MM INDICATES DATA IS MISSING.
T  INDICATES TRACE AMOUNT.




$$
