260
CDUS41 KOKX 100626
CLIBDR


CLIMATE REPORT
NATIONAL WEATHER SERVICE NEW YORK NY
125 AM EST SUN DEC 10 2017


...................................

...THE BRIDGEPORT CT CLIMATE SUMMARY FOR DECEMBER 9 2017...

CLIMATE NORMAL PERIOD 1981 TO 2010
CLIMATE RECORD PERIOD 1948 TO 2017


WEATHER ITEM   OBSERVED TIME   RECORD YEAR NORMAL DEPARTURE LAST
                VALUE   (LST)  VALUE       VALUE  FROM      YEAR
                                                  NORMAL
..................................................................
TEMPERATURE (F)
 YESTERDAY
  MAXIMUM         36    936 AM  63    1991  44     -8       42
  MINIMUM         31    935 PM  10    1968  31      0       27
  AVERAGE         34                        38     -4       35

PRECIPITATION (IN)
  YESTERDAY        0.41          2.13 2014   0.11   0.30     0.00
  MONTH TO DATE    0.82                      1.05  -0.23     0.56
  SINCE DEC 1      0.82                      1.05  -0.23     0.56
  SINCE JAN 1     40.38                     40.46  -0.08    36.53

SNOWFALL (IN)
  YESTERDAY       MM             6.0  2005   0.2   MM        0.0
  MONTH TO DATE    0.0                       1.0   -1.0      0.0
  SINCE OCT 1      0.0                       1.7   -1.7       T
  SINCE JUL 1      0.0                       1.7   -1.7       T
  SNOW DEPTH       0

DEGREE DAYS
 HEATING
  YESTERDAY       31                        28      3       30
  MONTH TO DATE  203                       235    -32      206
  SINCE DEC 1    203                       235    -32      206
  SINCE JUL 1    958                      1209   -251      934

 COOLING
  YESTERDAY        0                         0      0        0
  MONTH TO DATE    0                         0      0        0
  SINCE DEC 1      0                         0      0        0
  SINCE JAN 1   1053                       825    228     1270
..................................................................


WIND (MPH)
  HIGHEST WIND SPEED    15   HIGHEST WIND DIRECTION    NE (30)
  HIGHEST GUST SPEED    20   HIGHEST GUST DIRECTION    NE (40)
  AVERAGE WIND SPEED     7.5


SKY COVER
  AVERAGE SKY COVER 1.0


WEATHER CONDITIONS
 THE FOLLOWING WEATHER WAS RECORDED YESTERDAY.
  SNOW
  LIGHT SNOW
  FOG


RELATIVE HUMIDITY (PERCENT)
 HIGHEST    92           500 PM
 LOWEST     44          1200 AM
 AVERAGE    68

..........................................................


THE BRIDGEPORT CT CLIMATE NORMALS FOR TODAY
                         NORMAL    RECORD    YEAR
 MAXIMUM TEMPERATURE (F)   44        60      1966
 MINIMUM TEMPERATURE (F)   30         7      1968


SUNRISE AND SUNSET
DECEMBER 10 2017......SUNRISE   707 AM EST   SUNSET   424 PM EST
DECEMBER 11 2017......SUNRISE   708 AM EST   SUNSET   424 PM EST


-  INDICATES NEGATIVE NUMBERS.
R  INDICATES RECORD WAS SET OR TIED.
MM INDICATES DATA IS MISSING.
T  INDICATES TRACE AMOUNT.




$$
