000
CDUS41 KOKX 142031
CLIBDR


CLIMATE REPORT
NATIONAL WEATHER SERVICE NEW YORK NY
431 PM EDT TUE OCT 14 2014


...................................

...THE BRIDGEPORT CT CLIMATE SUMMARY FOR OCTOBER 14 2014...
VALID TODAY AS OF 0400 PM LOCAL TIME.

CLIMATE NORMAL PERIOD 1981 TO 2010
CLIMATE RECORD PERIOD 1948 TO 2014


WEATHER ITEM   OBSERVED TIME   RECORD YEAR NORMAL DEPARTURE LAST
                VALUE   (LST)  VALUE       VALUE  FROM      YEAR
                                                  NORMAL
..................................................................
TEMPERATURE (F)
 TODAY
  MAXIMUM         76    147 PM  80    1990  64     12       61
  MINIMUM         63    302 AM  32    1993  47     16       48
  AVERAGE         70                        55     15       55

PRECIPITATION (IN)
  TODAY            0.04          2.12 2005   0.12  -0.08     0.00
  MONTH TO DATE    1.39                      1.68  -0.29     0.26
  SINCE SEP 1      3.49                      5.16  -1.67     2.98
  SINCE JAN 1     34.73                     34.06   0.67    29.76

SNOWFALL (IN)
  TODAY            0.0           0.0  2002   0.0    0.0      0.0
                                      2001
  MONTH TO DATE    0.0                       0.0    0.0      0.0
  SINCE OCT 1      0.0                       0.0    0.0      0.0
  SINCE JUL 1      0.0                       0.0    0.0      0.0
  SNOW DEPTH       0

DEGREE DAYS
 HEATING
  TODAY            0                        10    -10       10
  MONTH TO DATE   88                       110    -22       39
  SINCE SEP 1    128                       174    -46      120
  SINCE JUL 1    128                       178    -50      120

 COOLING
  TODAY            5                         0      5        0
  MONTH TO DATE   11                         8      3       20
  SINCE SEP 1    142                       106     36      116
  SINCE JAN 1    876                       824     52     1001
..................................................................


WIND (MPH)
  HIGHEST WIND SPEED    17   HIGHEST WIND DIRECTION     S (190)
  HIGHEST GUST SPEED    23   HIGHEST GUST DIRECTION     S (200)
  AVERAGE WIND SPEED     8.0


SKY COVER
  AVERAGE SKY COVER 0.6


WEATHER CONDITIONS
 THE FOLLOWING WEATHER WAS RECORDED TODAY.
  LIGHT RAIN
  FOG


RELATIVE HUMIDITY (PERCENT)
 HIGHEST   100           300 AM
 LOWEST     64           100 PM
 AVERAGE    82

..........................................................


THE BRIDGEPORT CT CLIMATE NORMALS FOR TOMORROW
                         NORMAL    RECORD    YEAR
 MAXIMUM TEMPERATURE (F)   64        80      1975
 MINIMUM TEMPERATURE (F)   47        36      2009
                                             1999
                                             1987


SUNRISE AND SUNSET
OCTOBER 14 2014.......SUNRISE   703 AM EDT   SUNSET   613 PM EDT
OCTOBER 15 2014.......SUNRISE   704 AM EDT   SUNSET   612 PM EDT


-  INDICATES NEGATIVE NUMBERS.
R  INDICATES RECORD WAS SET OR TIED.
MM INDICATES DATA IS MISSING.
T  INDICATES TRACE AMOUNT.




$$
