000
CDUS41 KOKX 030616
CLIBDR


CLIMATE REPORT
NATIONAL WEATHER SERVICE NEW YORK NY
216 AM EDT THU JUL 3 2014


...................................

...THE BRIDGEPORT CT CLIMATE SUMMARY FOR JULY 2 2014...

CLIMATE NORMAL PERIOD 1981 TO 2010
CLIMATE RECORD PERIOD 1948 TO 2014


WEATHER ITEM   OBSERVED TIME   RECORD YEAR NORMAL DEPARTURE LAST
                VALUE   (LST)  VALUE       VALUE  FROM      YEAR
                                                  NORMAL
..................................................................
TEMPERATURE (F)
 YESTERDAY
  MAXIMUM         88    236 PM 100    1966  81      7       82
  MINIMUM         72    840 PM  51    1982  65      7       73
  AVERAGE         80                        73      7       78

PRECIPITATION (IN)
  YESTERDAY        0.50          1.42 1986   0.09   0.41     0.08
  MONTH TO DATE    0.50                      0.18   0.32     0.24
  SINCE JUN 1      4.51                      3.79   0.72     9.72
  SINCE JAN 1     26.17                     21.66   4.51    23.32

SNOWFALL (IN)
  YESTERDAY        0.0           0.0  2002   0.0    0.0      0.0
                                      2001
  MONTH TO DATE    0.0                       0.0    0.0      0.0
  SINCE OCT 1     57.4                      27.6   29.8     64.3
  SINCE JUL 1      0.0                       0.0    0.0      0.0
  SNOW DEPTH       0

DEGREE DAYS
 HEATING
  YESTERDAY        0                         0      0        0
  MONTH TO DATE    0                         0      0        0
  SINCE JUN 1      4                        32    -28       18
  SINCE JUL 1      0                         0      0        0

 COOLING
  YESTERDAY       15                         8      7       13
  MONTH TO DATE   29                        16     13       25
  SINCE JUN 1    175                       159     16      200
  SINCE JAN 1    198                       183     15      238
..................................................................


WIND (MPH)
  HIGHEST WIND SPEED    20   HIGHEST WIND DIRECTION     N (340)
  HIGHEST GUST SPEED    24   HIGHEST GUST DIRECTION     N (340)
  AVERAGE WIND SPEED     7.7


SKY COVER
  AVERAGE SKY COVER 0.4


WEATHER CONDITIONS
 THE FOLLOWING WEATHER WAS RECORDED YESTERDAY.
  THUNDERSTORM
  HEAVY RAIN
  RAIN
  LIGHT RAIN
  FOG


RELATIVE HUMIDITY (PERCENT)
 HIGHEST    94          1100 PM
 LOWEST     61           200 PM
 AVERAGE    78

..........................................................


THE BRIDGEPORT CT CLIMATE NORMALS FOR TODAY
                         NORMAL    RECORD    YEAR
 MAXIMUM TEMPERATURE (F)   81        99      1966
 MINIMUM TEMPERATURE (F)   65        52      1977


SUNRISE AND SUNSET
JULY  3 2014..........SUNRISE   525 AM EDT   SUNSET   829 PM EDT
JULY  4 2014..........SUNRISE   525 AM EDT   SUNSET   828 PM EDT


-  INDICATES NEGATIVE NUMBERS.
R  INDICATES RECORD WAS SET OR TIED.
MM INDICATES DATA IS MISSING.
T  INDICATES TRACE AMOUNT.




$$
