000
CDUS41 KOKX 202132
CLIBDR


CLIMATE REPORT
NATIONAL WEATHER SERVICE NEW YORK NY
432 PM EST FRI FEB 20 2015


...................................

...THE BRIDGEPORT CT CLIMATE SUMMARY FOR FEBRUARY 20 2015...
VALID TODAY AS OF 0400 PM LOCAL TIME.

CLIMATE NORMAL PERIOD 1981 TO 2010
CLIMATE RECORD PERIOD 1948 TO 2015


WEATHER ITEM   OBSERVED TIME   RECORD YEAR NORMAL DEPARTURE LAST
                VALUE   (LST)  VALUE       VALUE  FROM      YEAR
                                                  NORMAL
..................................................................
TEMPERATURE (F)
 TODAY
  MAXIMUM         20    336 PM  54    1991  41    -21       46
                                      1949
  MINIMUM          1R   719 AM   2    1966  26    -25       29
  AVERAGE         11                        33    -22       38

PRECIPITATION (IN)
  TODAY            0.00          1.13 1981   0.10  -0.10     0.15
  MONTH TO DATE    1.33                      1.90  -0.57     4.06
  SINCE DEC 1     11.09                      8.33   2.76    11.17
  SINCE JAN 1      5.44                      5.00   0.44     6.84

SNOWFALL (IN)
  TODAY            0.0           1.4  1977   0.3   -0.3      0.0
  MONTH TO DATE   17.2                       5.8   11.4     32.1
  SINCE OCT 1     36.8                      19.3   17.5     56.5
  SINCE JUL 1     36.8                      19.3   17.5     56.5
  SNOW DEPTH      11

DEGREE DAYS
 HEATING
  TODAY           54                        32     22       27
  MONTH TO DATE  901                       665    236      728
  SINCE DEC 1   2844                      2667    177     2819
  SINCE JUL 1   3750                      3641    109     3772

 COOLING
  TODAY            0                         0      0        0
  MONTH TO DATE    0                         0      0        0
  SINCE DEC 1      0                         0      0        0
  SINCE JAN 1      0                         0      0        0
..................................................................


WIND (MPH)
  HIGHEST WIND SPEED    25   HIGHEST WIND DIRECTION     W (290)
  HIGHEST GUST SPEED    32   HIGHEST GUST DIRECTION     W (290)
  AVERAGE WIND SPEED    16.0


SKY COVER
  AVERAGE SKY COVER 0.0


WEATHER CONDITIONS
 THE FOLLOWING WEATHER WAS RECORDED TODAY.
  NO SIGNIFICANT WEATHER WAS OBSERVED.


RELATIVE HUMIDITY (PERCENT)
 HIGHEST    57           800 AM
 LOWEST     39           300 PM
 AVERAGE    48

..........................................................


THE BRIDGEPORT CT CLIMATE NORMALS FOR TOMORROW
                         NORMAL    RECORD    YEAR
 MAXIMUM TEMPERATURE (F)   41        59      2002
 MINIMUM TEMPERATURE (F)   26         1      1950


SUNRISE AND SUNSET
FEBRUARY 20 2015......SUNRISE   641 AM EST   SUNSET   532 PM EST
FEBRUARY 21 2015......SUNRISE   639 AM EST   SUNSET   534 PM EST


-  INDICATES NEGATIVE NUMBERS.
R  INDICATES RECORD WAS SET OR TIED.
MM INDICATES DATA IS MISSING.
T  INDICATES TRACE AMOUNT.




$$
