328
CDUS41 KOKX 210620
CLIBDR


CLIMATE REPORT
NATIONAL WEATHER SERVICE NEW YORK NY
119 AM EST TUE FEB 21 2017


...................................

...THE BRIDGEPORT CT CLIMATE SUMMARY FOR FEBRUARY 20 2017...

CLIMATE NORMAL PERIOD 1981 TO 2010
CLIMATE RECORD PERIOD 1948 TO 2017


WEATHER ITEM   OBSERVED TIME   RECORD YEAR NORMAL DEPARTURE LAST
                VALUE   (LST)  VALUE       VALUE  FROM      YEAR
                                                  NORMAL
..................................................................
TEMPERATURE (F)
 YESTERDAY
  MAXIMUM         52    237 PM  54    1991  41     11       52
                                      1949
  MINIMUM         36   1159 PM   1    2015  26     10       39
  AVERAGE         44                        33     11       46

PRECIPITATION (IN)
  YESTERDAY        0.00          1.13 1981   0.10  -0.10     0.00
  MONTH TO DATE    1.52                      1.90  -0.38     3.30
  SINCE DEC 1      8.23                      8.33  -0.10    10.50
  SINCE JAN 1      4.80                      5.00  -0.20     5.56

SNOWFALL (IN)
  YESTERDAY        0.0           1.4  1977   0.3   -0.3      0.0
  MONTH TO DATE   12.8                       5.8    7.0     13.9
  SINCE OCT 1     29.8                      19.3   10.5     24.9
  SINCE JUL 1     29.8                      19.3   10.5     24.9
  SNOW DEPTH       T

DEGREE DAYS
 HEATING
  YESTERDAY       21                        32    -11       19
  MONTH TO DATE  576                       665    -89      666
  SINCE DEC 1   2276                      2667   -391     2190
  SINCE JUL 1   3004                      3641   -637     2934

 COOLING
  YESTERDAY        0                         0      0        0
  MONTH TO DATE    0                         0      0        0
  SINCE DEC 1      0                         0      0        0
  SINCE JAN 1      0                         0      0        0
..................................................................


WIND (MPH)
  HIGHEST WIND SPEED    23   HIGHEST WIND DIRECTION    NW (320)
  HIGHEST GUST SPEED    31   HIGHEST GUST DIRECTION    NW (320)
  AVERAGE WIND SPEED    10.1


SKY COVER
  AVERAGE SKY COVER 0.0


WEATHER CONDITIONS
 THE FOLLOWING WEATHER WAS RECORDED YESTERDAY.
  NO SIGNIFICANT WEATHER WAS OBSERVED.


RELATIVE HUMIDITY (PERCENT)
 HIGHEST    64           700 AM
 LOWEST     21           100 PM
 AVERAGE    43

..........................................................


THE BRIDGEPORT CT CLIMATE NORMALS FOR TODAY
                         NORMAL    RECORD    YEAR
 MAXIMUM TEMPERATURE (F)   41        59      2002
 MINIMUM TEMPERATURE (F)   26         1      1950


SUNRISE AND SUNSET
FEBRUARY 21 2017......SUNRISE   638 AM EST   SUNSET   534 PM EST
FEBRUARY 22 2017......SUNRISE   637 AM EST   SUNSET   535 PM EST


-  INDICATES NEGATIVE NUMBERS.
R  INDICATES RECORD WAS SET OR TIED.
MM INDICATES DATA IS MISSING.
T  INDICATES TRACE AMOUNT.




$$
