000
CDUS41 KOKX 130644
CLIBDR


CLIMATE REPORT
NATIONAL WEATHER SERVICE NEW YORK NY
243 AM EDT FRI MAY 13 2016


...................................

...THE BRIDGEPORT CT CLIMATE SUMMARY FOR MAY 12 2016...

CLIMATE NORMAL PERIOD 1981 TO 2010
CLIMATE RECORD PERIOD 1948 TO 2016


WEATHER ITEM   OBSERVED TIME   RECORD YEAR NORMAL DEPARTURE LAST
                VALUE   (LST)  VALUE       VALUE  FROM      YEAR
                                                  NORMAL
..................................................................
TEMPERATURE (F)
 YESTERDAY
  MAXIMUM         70    935 AM  88    1991  66      4       82
  MINIMUM         53    527 AM  40    1990  49      4       60
  AVERAGE         62                        58      4       71

PRECIPITATION (IN)
  YESTERDAY        0.00          2.97 2006   0.12  -0.12     0.01
  MONTH TO DATE    1.65                      1.38   0.27     0.02
  SINCE MAR 1      6.53                      9.56  -3.03     6.83
  SINCE JAN 1     13.69                     15.45  -1.76    13.17

SNOWFALL (IN)
  YESTERDAY        0.0           0.0  2002   0.0    0.0      0.0
                                      2001
  MONTH TO DATE    0.0                       0.0    0.0      0.0
  SINCE OCT 1     27.3                      27.6   -0.3     59.7
  SINCE JUL 1     27.3                      27.6   -0.3     59.7
  SNOW DEPTH       0

DEGREE DAYS
 HEATING
  YESTERDAY        3                         8     -5        0
  MONTH TO DATE  131                       110     21       53
  SINCE MAR 1   1215                      1378   -163     1467
  SINCE JUL 1   4350                      5265   -915     5573

 COOLING
  YESTERDAY        0                         0      0        6
  MONTH TO DATE    0                         0      0       17
  SINCE MAR 1      0                         2     -2       17
  SINCE JAN 1      0                         2     -2       17
..................................................................


WIND (MPH)
  HIGHEST WIND SPEED    12   HIGHEST WIND DIRECTION    SE (120)
  HIGHEST GUST SPEED    16   HIGHEST GUST DIRECTION     E (110)
  AVERAGE WIND SPEED     5.8


SKY COVER
  AVERAGE SKY COVER 0.0


WEATHER CONDITIONS
 THE FOLLOWING WEATHER WAS RECORDED YESTERDAY.
  HAZE


RELATIVE HUMIDITY (PERCENT)
 HIGHEST    89          1100 PM
 LOWEST     27           900 AM
 AVERAGE    58

..........................................................


THE BRIDGEPORT CT CLIMATE NORMALS FOR TODAY
                         NORMAL    RECORD    YEAR
 MAXIMUM TEMPERATURE (F)   67        88      1956
 MINIMUM TEMPERATURE (F)   50        38      1967
                                             1963


SUNRISE AND SUNSET
MAY 13 2016...........SUNRISE   536 AM EDT   SUNSET   802 PM EDT
MAY 14 2016...........SUNRISE   535 AM EDT   SUNSET   803 PM EDT


-  INDICATES NEGATIVE NUMBERS.
R  INDICATES RECORD WAS SET OR TIED.
MM INDICATES DATA IS MISSING.
T  INDICATES TRACE AMOUNT.




$$
