000
CDUS41 KOKX 300616
CLIBDR


CLIMATE REPORT
NATIONAL WEATHER SERVICE NEW YORK NY
115 AM EST THU NOV 30 2017


...................................

...THE BRIDGEPORT CT CLIMATE SUMMARY FOR NOVEMBER 29 2017...

CLIMATE NORMAL PERIOD 1981 TO 2010
CLIMATE RECORD PERIOD 1948 TO 2017


WEATHER ITEM   OBSERVED TIME   RECORD YEAR NORMAL DEPARTURE LAST
                VALUE   (LST)  VALUE       VALUE  FROM      YEAR
                                                  NORMAL
..................................................................
TEMPERATURE (F)
 YESTERDAY
  MAXIMUM         64    224 PM  65    2011  48     16       60
                                      1968
  MINIMUM         34   1148 PM  18    1955  34      0       43
  AVERAGE         49                        41      8       52

PRECIPITATION (IN)
  YESTERDAY        0.00          1.69 2016   0.12  -0.12     1.69
  MONTH TO DATE    1.86                      3.26  -1.40     3.25
  SINCE SEP 1     10.96                     10.38   0.58    10.23
  SINCE JAN 1     39.55                     39.28   0.27    34.99

SNOWFALL (IN)
  YESTERDAY        0.0           2.4  1995   0.0    0.0      0.0
  MONTH TO DATE    0.0                       0.6   -0.6       T
  SINCE OCT 1      0.0                       0.6   -0.6       T
  SINCE JUL 1      0.0                       0.6   -0.6       T
  SNOW DEPTH       0

DEGREE DAYS
 HEATING
  YESTERDAY       16                        24     -8       13
  MONTH TO DATE  571                       559     12      475
  SINCE SEP 1    730                       945   -215      717
  SINCE JUL 1    730                       949   -219      717

 COOLING
  YESTERDAY        0                         0      0        0
  MONTH TO DATE    0                         0      0        0
  SINCE SEP 1    216                       107    109      218
  SINCE JAN 1   1053                       825    228     1270
..................................................................


WIND (MPH)
  HIGHEST WIND SPEED    25   HIGHEST WIND DIRECTION    NW (300)
  HIGHEST GUST SPEED    33   HIGHEST GUST DIRECTION     W (290)
  AVERAGE WIND SPEED    11.0


SKY COVER
  AVERAGE SKY COVER 0.1


WEATHER CONDITIONS
 THE FOLLOWING WEATHER WAS RECORDED YESTERDAY.
  HAZE


RELATIVE HUMIDITY (PERCENT)
 HIGHEST    86           100 AM
 LOWEST     21           300 PM
 AVERAGE    54

..........................................................


THE BRIDGEPORT CT CLIMATE NORMALS FOR TODAY
                         NORMAL    RECORD    YEAR
 MAXIMUM TEMPERATURE (F)   48        63      2001
 MINIMUM TEMPERATURE (F)   34        17      1958


SUNRISE AND SUNSET
NOVEMBER 30 2017......SUNRISE   658 AM EST   SUNSET   425 PM EST
DECEMBER  1 2017......SUNRISE   659 AM EST   SUNSET   424 PM EST


-  INDICATES NEGATIVE NUMBERS.
R  INDICATES RECORD WAS SET OR TIED.
MM INDICATES DATA IS MISSING.
T  INDICATES TRACE AMOUNT.




$$
