000
CDUS41 KOKX 200625
CLIBDR


CLIMATE REPORT
NATIONAL WEATHER SERVICE NEW YORK NY
224 AM EDT TUE JUN 20 2017


...................................

...THE BRIDGEPORT CT CLIMATE SUMMARY FOR JUNE 19 2017...

CLIMATE NORMAL PERIOD 1981 TO 2010
CLIMATE RECORD PERIOD 1948 TO 2017


WEATHER ITEM   OBSERVED TIME   RECORD YEAR NORMAL DEPARTURE LAST
                VALUE   (LST)  VALUE       VALUE  FROM      YEAR
                                                  NORMAL
..................................................................
TEMPERATURE (F)
 YESTERDAY
  MAXIMUM         83    241 PM  96    1994  78      5       77
  MINIMUM         70   1001 PM  51    1986  62      8       61
  AVERAGE         77                        70      7       69

PRECIPITATION (IN)
  YESTERDAY        0.84          6.18 1972   0.12   0.72     0.00
  MONTH TO DATE    1.33                      2.55  -1.22     1.09
  SINCE JUN 1      1.33                      2.55  -1.22     1.09
  SINCE JAN 1     21.17                     20.42   0.75    16.63

SNOWFALL (IN)
  YESTERDAY        0.0           0.0  2002   0.0    0.0      0.0
                                      2001
  MONTH TO DATE    0.0                       0.0    0.0      0.0
  SINCE OCT 1     40.9                      27.6   13.3     27.3
  SINCE JUL 1     40.9                      27.6   13.3     27.3
  SNOW DEPTH       0

DEGREE DAYS
 HEATING
  YESTERDAY        0                         1     -1        0
  MONTH TO DATE   25                        30     -5        4
  SINCE JUN 1     25                        30     -5        4
  SINCE JUL 1   4565                      5390   -825     4421

 COOLING
  YESTERDAY       12                         5      7        4
  MONTH TO DATE  102                        69     33       76
  SINCE JUN 1    102                        69     33       76
  SINCE JAN 1    146                        93     53      134
..................................................................


WIND (MPH)
  HIGHEST WIND SPEED    26   HIGHEST WIND DIRECTION    SW (230)
  HIGHEST GUST SPEED    33   HIGHEST GUST DIRECTION    SW (230)
  AVERAGE WIND SPEED    12.0


SKY COVER
  AVERAGE SKY COVER 0.5


WEATHER CONDITIONS
 THE FOLLOWING WEATHER WAS RECORDED YESTERDAY.
  THUNDERSTORM
  HEAVY RAIN
  RAIN
  LIGHT RAIN
  FOG
  HAZE


RELATIVE HUMIDITY (PERCENT)
 HIGHEST    93           300 AM
 LOWEST     69          1200 PM
 AVERAGE    81

..........................................................


THE BRIDGEPORT CT CLIMATE NORMALS FOR TODAY
                         NORMAL    RECORD    YEAR
 MAXIMUM TEMPERATURE (F)   78        93      1953
 MINIMUM TEMPERATURE (F)   62        49      1959


SUNRISE AND SUNSET
JUNE 20 2017..........SUNRISE   520 AM EDT   SUNSET   829 PM EDT
JUNE 21 2017..........SUNRISE   520 AM EDT   SUNSET   829 PM EDT


-  INDICATES NEGATIVE NUMBERS.
R  INDICATES RECORD WAS SET OR TIED.
MM INDICATES DATA IS MISSING.
T  INDICATES TRACE AMOUNT.




$$
