000
CDUS41 KOKX 120620
CLIBDR


CLIMATE REPORT
NATIONAL WEATHER SERVICE NEW YORK NY
119 AM EST SUN MAR 12 2017


...................................

...THE BRIDGEPORT CT CLIMATE SUMMARY FOR MARCH 11 2017...

CLIMATE NORMAL PERIOD 1981 TO 2010
CLIMATE RECORD PERIOD 1948 TO 2017


WEATHER ITEM   OBSERVED TIME   RECORD YEAR NORMAL DEPARTURE LAST
                VALUE   (LST)  VALUE       VALUE  FROM      YEAR
                                                  NORMAL
..................................................................
TEMPERATURE (F)
 YESTERDAY
  MAXIMUM         30    255 PM  67    1977  46    -16       65
  MINIMUM         17    749 AM  13    1960  30    -13       45
  AVERAGE         24                        38    -14       55

PRECIPITATION (IN)
  YESTERDAY        T             1.79 2000   0.12  -0.12     0.05
  MONTH TO DATE    0.64                      1.37  -0.73     0.39
  SINCE MAR 1      0.64                      1.37  -0.73     0.39
  SINCE JAN 1      5.83                      7.26  -1.43     7.55

SNOWFALL (IN)
  YESTERDAY        T             1.5  2005   0.3   -0.3      0.0
  MONTH TO DATE    4.0                       2.6    1.4      0.3
  SINCE OCT 1     33.8                      24.2    9.6     25.2
  SINCE JUL 1     33.8                      24.2    9.6     25.2
  SNOW DEPTH       2

DEGREE DAYS
 HEATING
  YESTERDAY       41                        27     14       10
  MONTH TO DATE  295                       315    -20      254
  SINCE MAR 1    295                       315    -20      254
  SINCE JUL 1   3462                      4202   -740     3389

 COOLING
  YESTERDAY        0                         0      0        0
  MONTH TO DATE    0                         0      0        0
  SINCE MAR 1      0                         0      0        0
  SINCE JAN 1      0                         0      0        0
..................................................................


WIND (MPH)
  HIGHEST WIND SPEED    31   HIGHEST WIND DIRECTION     W (290)
  HIGHEST GUST SPEED    42   HIGHEST GUST DIRECTION     W (290)
  AVERAGE WIND SPEED    16.5


SKY COVER
  AVERAGE SKY COVER 0.3


WEATHER CONDITIONS
 THE FOLLOWING WEATHER WAS RECORDED YESTERDAY.
  NO SIGNIFICANT WEATHER WAS OBSERVED.


RELATIVE HUMIDITY (PERCENT)
 HIGHEST    51           400 AM
 LOWEST     28           300 PM
 AVERAGE    40

..........................................................


THE BRIDGEPORT CT CLIMATE NORMALS FOR TODAY
                         NORMAL    RECORD    YEAR
 MAXIMUM TEMPERATURE (F)   46        65      2012
 MINIMUM TEMPERATURE (F)   30        11      1984


SUNRISE AND SUNSET
MARCH 12 2017.........SUNRISE   709 AM EDT   SUNSET   656 PM EDT
MARCH 13 2017.........SUNRISE   707 AM EDT   SUNSET   657 PM EDT


-  INDICATES NEGATIVE NUMBERS.
R  INDICATES RECORD WAS SET OR TIED.
MM INDICATES DATA IS MISSING.
T  INDICATES TRACE AMOUNT.




$$
