183
CDUS41 KOKX 080618
CLIBDR


CLIMATE REPORT
NATIONAL WEATHER SERVICE NEW YORK NY
117 AM EST SUN JAN 8 2017


...................................

...THE BRIDGEPORT CT CLIMATE SUMMARY FOR JANUARY 7 2017...

CLIMATE NORMAL PERIOD 1981 TO 2010
CLIMATE RECORD PERIOD 1948 TO 2017


WEATHER ITEM   OBSERVED TIME   RECORD YEAR NORMAL DEPARTURE LAST
                VALUE   (LST)  VALUE       VALUE  FROM      YEAR
                                                  NORMAL
..................................................................
TEMPERATURE (F)
 YESTERDAY
  MAXIMUM         25   1029 AM  55    2012  37    -12       43
                                      2007
  MINIMUM         21   1137 PM   7    1988  23     -2       20
  AVERAGE         23                        30     -7       32

PRECIPITATION (IN)
  YESTERDAY        0.22          1.80 1958   0.10   0.12     0.00
  MONTH TO DATE    1.01                      0.72   0.29     0.00
  SINCE DEC 1      4.44                      4.05   0.39     4.94
  SINCE JAN 1      1.01                      0.72   0.29     0.00

SNOWFALL (IN)
  YESTERDAY        5.7          10.0  1958   0.3    5.4      0.0
  MONTH TO DATE    6.7                       1.8    4.9      0.0
  SINCE OCT 1     12.7                       7.6    5.1      0.7
  SINCE JUL 1     12.7                       7.6    5.1      0.7
  SNOW DEPTH       T

DEGREE DAYS
 HEATING
  YESTERDAY       42                        35      7       33
  MONTH TO DATE  206                       241    -35      236
  SINCE DEC 1   1043                      1160   -117      780
  SINCE JUL 1   1771                      2134   -363     1524

 COOLING
  YESTERDAY        0                         0      0        0
  MONTH TO DATE    0                         0      0        0
  SINCE DEC 1      0                         0      0        0
  SINCE JAN 1      0                         0      0        0
..................................................................


WIND (MPH)
  HIGHEST WIND SPEED    21   HIGHEST WIND DIRECTION     N (360)
  HIGHEST GUST SPEED    29   HIGHEST GUST DIRECTION     N (360)
  AVERAGE WIND SPEED    13.4


SKY COVER
  AVERAGE SKY COVER 0.7


WEATHER CONDITIONS
 THE FOLLOWING WEATHER WAS RECORDED YESTERDAY.
  HEAVY SNOW
  SNOW
  LIGHT SNOW
  FOG
  FOG W/VISIBILITY <= 1/4 MILE
  HAZE


RELATIVE HUMIDITY (PERCENT)
 HIGHEST    84           200 PM
 LOWEST     40           100 AM
 AVERAGE    62

..........................................................


THE BRIDGEPORT CT CLIMATE NORMALS FOR TODAY
                         NORMAL    RECORD    YEAR
 MAXIMUM TEMPERATURE (F)   37        57      2008
                                             1949
 MINIMUM TEMPERATURE (F)   23         1      1968


SUNRISE AND SUNSET
JANUARY  8 2017.......SUNRISE   718 AM EST   SUNSET   441 PM EST
JANUARY  9 2017.......SUNRISE   718 AM EST   SUNSET   442 PM EST


-  INDICATES NEGATIVE NUMBERS.
R  INDICATES RECORD WAS SET OR TIED.
MM INDICATES DATA IS MISSING.
T  INDICATES TRACE AMOUNT.




$$
