000
CDUS41 KOKX 310635
CLIBDR


CLIMATE REPORT
NATIONAL WEATHER SERVICE NEW YORK NY
235 AM EDT MON MAR 31 2014


...................................

...THE BRIDGEPORT CT CLIMATE SUMMARY FOR MARCH 30 2014...

CLIMATE NORMAL PERIOD 1981 TO 2010
CLIMATE RECORD PERIOD 1948 TO 2014


WEATHER ITEM   OBSERVED TIME   RECORD YEAR NORMAL DEPARTURE LAST
                VALUE   (LST)  VALUE       VALUE  FROM      YEAR
                                                  NORMAL
..................................................................
TEMPERATURE (F)
 YESTERDAY
  MAXIMUM         48    138 AM  68    2002  52     -4       55
  MINIMUM         41   1159 PM  16    1970  36      5       36
  AVERAGE         45                        44      1       46

PRECIPITATION (IN)
  YESTERDAY        1.05          2.03 2001   0.13   0.92     0.00
  MONTH TO DATE    4.54                      3.91   0.63     2.39
  SINCE MAR 1      4.54                      3.91   0.63     2.39
  SINCE JAN 1     11.52                      9.80   1.72     9.41

SNOWFALL (IN)
  YESTERDAY       MM             1.3  1991   0.0   MM        0.0
  MONTH TO DATE    0.1                       5.0   -4.9     13.0
  SINCE OCT 1     56.3                      26.6   29.7     64.3
  SINCE JUL 1     56.3                      26.6   29.7     64.3
  SNOW DEPTH       0

DEGREE DAYS
 HEATING
  YESTERDAY       20                        21     -1       19
  MONTH TO DATE  911                       776    135      773
  SINCE MAR 1    911                       776    135      773
  SINCE JUL 1   4959                      4663    296     4396

 COOLING
  YESTERDAY        0                         0      0        0
  MONTH TO DATE    0                         0      0        0
  SINCE MAR 1      0                         0      0        0
  SINCE JAN 1      0                         0      0        0
..................................................................


WIND (MPH)
  HIGHEST WIND SPEED    25   HIGHEST WIND DIRECTION     N (10)
  HIGHEST GUST SPEED    34   HIGHEST GUST DIRECTION     N (10)
  AVERAGE WIND SPEED    16.2


SKY COVER
  AVERAGE SKY COVER 1.0


WEATHER CONDITIONS
 THE FOLLOWING WEATHER WAS RECORDED YESTERDAY.
  HEAVY RAIN
  RAIN
  LIGHT RAIN
  FOG


RELATIVE HUMIDITY (PERCENT)
 HIGHEST   100          1200 AM
 LOWEST     82          1000 PM
 AVERAGE    91

..........................................................


THE BRIDGEPORT CT CLIMATE NORMALS FOR TODAY
                         NORMAL    RECORD    YEAR
 MAXIMUM TEMPERATURE (F)   52        74      1998
 MINIMUM TEMPERATURE (F)   36        21      1964


SUNRISE AND SUNSET
MARCH 31 2014.........SUNRISE   638 AM EDT   SUNSET   716 PM EDT
APRIL  1 2014.........SUNRISE   636 AM EDT   SUNSET   718 PM EDT


-  INDICATES NEGATIVE NUMBERS.
R  INDICATES RECORD WAS SET OR TIED.
MM INDICATES DATA IS MISSING.
T  INDICATES TRACE AMOUNT.




$$
