000
CDUS41 KOKX 200616
CLIBDR


CLIMATE REPORT
NATIONAL WEATHER SERVICE NEW YORK NY
216 AM EDT FRI MAY 20 2016


...................................

...THE BRIDGEPORT CT CLIMATE SUMMARY FOR MAY 19 2016...

CLIMATE NORMAL PERIOD 1981 TO 2010
CLIMATE RECORD PERIOD 1948 TO 2016


WEATHER ITEM   OBSERVED TIME   RECORD YEAR NORMAL DEPARTURE LAST
                VALUE   (LST)  VALUE       VALUE  FROM      YEAR
                                                  NORMAL
..................................................................
TEMPERATURE (F)
 YESTERDAY
  MAXIMUM         67    500 PM  86    1998  69     -2       66
  MINIMUM         53   1159 PM  38    2002  52      1       53
  AVERAGE         60                        60      0       60

PRECIPITATION (IN)
  YESTERDAY        T             1.59 1966   0.12  -0.12     0.04
  MONTH TO DATE    1.86                      2.19  -0.33     0.50
  SINCE MAR 1      6.74                     10.37  -3.63     7.31
  SINCE JAN 1     13.90                     16.26  -2.36    13.65

SNOWFALL (IN)
  YESTERDAY        0.0           0.0  2002   0.0    0.0      0.0
                                      2001
  MONTH TO DATE    0.0                       0.0    0.0      0.0
  SINCE OCT 1     27.3                      27.6   -0.3     59.7
  SINCE JUL 1     27.3                      27.6   -0.3     59.7
  SNOW DEPTH       0

DEGREE DAYS
 HEATING
  YESTERDAY        5                         6     -1        5
  MONTH TO DATE  181                       155     26       78
  SINCE MAR 1   1265                      1423   -158     1492
  SINCE JUL 1   4400                      5310   -910     5598

 COOLING
  YESTERDAY        0                         1     -1        0
  MONTH TO DATE    0                         5     -5       22
  SINCE MAR 1      0                         7     -7       22
  SINCE JAN 1      0                         7     -7       22
..................................................................


WIND (MPH)
  HIGHEST WIND SPEED    15   HIGHEST WIND DIRECTION     S (200)
  HIGHEST GUST SPEED    19   HIGHEST GUST DIRECTION    SW (210)
  AVERAGE WIND SPEED     4.7


SKY COVER
  AVERAGE SKY COVER 0.8


WEATHER CONDITIONS
 THE FOLLOWING WEATHER WAS RECORDED YESTERDAY.
  NO SIGNIFICANT WEATHER WAS OBSERVED.


RELATIVE HUMIDITY (PERCENT)
 HIGHEST    77          1100 PM
 LOWEST     44           200 PM
 AVERAGE    61

..........................................................


THE BRIDGEPORT CT CLIMATE NORMALS FOR TODAY
                         NORMAL    RECORD    YEAR
 MAXIMUM TEMPERATURE (F)   69        97      1996
 MINIMUM TEMPERATURE (F)   52        39      2002


SUNRISE AND SUNSET
MAY 20 2016...........SUNRISE   529 AM EDT   SUNSET   809 PM EDT
MAY 21 2016...........SUNRISE   529 AM EDT   SUNSET   810 PM EDT


-  INDICATES NEGATIVE NUMBERS.
R  INDICATES RECORD WAS SET OR TIED.
MM INDICATES DATA IS MISSING.
T  INDICATES TRACE AMOUNT.




$$
