000
CDUS41 KOKX 060619
CLIBDR


CLIMATE REPORT
NATIONAL WEATHER SERVICE NEW YORK NY
218 AM EDT SAT MAY 6 2017


...................................

...THE BRIDGEPORT CT CLIMATE SUMMARY FOR MAY 5 2017...

CLIMATE NORMAL PERIOD 1981 TO 2010
CLIMATE RECORD PERIOD 1948 TO 2017


WEATHER ITEM   OBSERVED TIME   RECORD YEAR NORMAL DEPARTURE LAST
                VALUE   (LST)  VALUE       VALUE  FROM      YEAR
                                                  NORMAL
..................................................................
TEMPERATURE (F)
 YESTERDAY
  MAXIMUM         57   1159 PM  86    1955  64     -7       55
  MINIMUM         50    617 AM  35    1974  47      3       47
  AVERAGE         54                        56     -2       51

PRECIPITATION (IN)
  YESTERDAY        1.23R         0.84 1978   0.12   1.11     0.00
  MONTH TO DATE    1.23                      0.58   0.65     0.89
  SINCE MAR 1     10.39                      8.76   1.63     5.77
  SINCE JAN 1     15.58                     14.65   0.93    12.93

SNOWFALL (IN)
  YESTERDAY        0.0           0.0  2002   0.0    0.0      0.0
                                      2001
  MONTH TO DATE    0.0                       0.0    0.0      0.0
  SINCE OCT 1     40.9                      27.6   13.3     27.3
  SINCE JUL 1     40.9                      27.6   13.3     27.3
  SNOW DEPTH       0

DEGREE DAYS
 HEATING
  YESTERDAY       11                        10      1       14
  MONTH TO DATE   40                        51    -11       74
  SINCE MAR 1   1219                      1319   -100     1158
  SINCE JUL 1   4386                      5206   -820     4293

 COOLING
  YESTERDAY        0                         0      0        0
  MONTH TO DATE    3                         0      3        0
  SINCE MAR 1     11                         2      9        0
  SINCE JAN 1     11                         2      9        0
..................................................................


WIND (MPH)
  HIGHEST WIND SPEED    29   HIGHEST WIND DIRECTION     E (70)
  HIGHEST GUST SPEED    35   HIGHEST GUST DIRECTION    NE (60)
  AVERAGE WIND SPEED    14.4


SKY COVER
  AVERAGE SKY COVER 0.9


WEATHER CONDITIONS
 THE FOLLOWING WEATHER WAS RECORDED YESTERDAY.
  HEAVY RAIN
  RAIN
  LIGHT RAIN
  FOG
  FOG W/VISIBILITY <= 1/4 MILE


RELATIVE HUMIDITY (PERCENT)
 HIGHEST   100           700 PM
 LOWEST     71          1200 AM
 AVERAGE    86

..........................................................


THE BRIDGEPORT CT CLIMATE NORMALS FOR TODAY
                         NORMAL    RECORD    YEAR
 MAXIMUM TEMPERATURE (F)   65        85      1986
 MINIMUM TEMPERATURE (F)   47        38      1996
                                             1992
                                             1970


SUNRISE AND SUNSET
MAY  6 2017...........SUNRISE   544 AM EDT   SUNSET   755 PM EDT
MAY  7 2017...........SUNRISE   543 AM EDT   SUNSET   756 PM EDT


-  INDICATES NEGATIVE NUMBERS.
R  INDICATES RECORD WAS SET OR TIED.
MM INDICATES DATA IS MISSING.
T  INDICATES TRACE AMOUNT.




$$
