172
CDUS41 KOKX 130620
CLIBDR


CLIMATE REPORT
NATIONAL WEATHER SERVICE NEW YORK NY
119 AM EST FRI JAN 13 2017


...................................

...THE BRIDGEPORT CT CLIMATE SUMMARY FOR JANUARY 12 2017...

CLIMATE NORMAL PERIOD 1981 TO 2010
CLIMATE RECORD PERIOD 1948 TO 2017


WEATHER ITEM   OBSERVED TIME   RECORD YEAR NORMAL DEPARTURE LAST
                VALUE   (LST)  VALUE       VALUE  FROM      YEAR
                                                  NORMAL
..................................................................
TEMPERATURE (F)
 YESTERDAY
  MAXIMUM         55R   225 PM  52    1980  37     18       44
                                      1975
  MINIMUM         42   1222 AM  -3    1981  23     19       22
  AVERAGE         49                        30     19       33

PRECIPITATION (IN)
  YESTERDAY        0.16          1.25 2011   0.11   0.05     0.01
  MONTH TO DATE    1.59                      1.25   0.34     1.24
  SINCE DEC 1      5.02                      4.58   0.44     6.18
  SINCE JAN 1      1.59                      1.25   0.34     1.24

SNOWFALL (IN)
  YESTERDAY       MM            15.0  2011   0.2   MM         T
  MONTH TO DATE    6.9                       3.1    3.8       T
  SINCE OCT 1     12.9                       8.9    4.0      0.7
  SINCE JUL 1     12.9                       8.9    4.0      0.7
  SNOW DEPTH       T

DEGREE DAYS
 HEATING
  YESTERDAY       16                        35    -19       32
  MONTH TO DATE  369                       416    -47      363
  SINCE DEC 1   1206                      1335   -129      907
  SINCE JUL 1   1934                      2309   -375     1651

 COOLING
  YESTERDAY        0                         0      0        0
  MONTH TO DATE    0                         0      0        0
  SINCE DEC 1      0                         0      0        0
  SINCE JAN 1      0                         0      0        0
..................................................................


WIND (MPH)
  HIGHEST WIND SPEED    20   HIGHEST WIND DIRECTION     S (190)
  HIGHEST GUST SPEED    25   HIGHEST GUST DIRECTION     S (190)
  AVERAGE WIND SPEED     5.3


SKY COVER
  AVERAGE SKY COVER 0.7


WEATHER CONDITIONS
 THE FOLLOWING WEATHER WAS RECORDED YESTERDAY.
  RAIN
  LIGHT RAIN
  FOG


RELATIVE HUMIDITY (PERCENT)
 HIGHEST   100           100 AM
 LOWEST     77           500 PM
 AVERAGE    89

..........................................................


THE BRIDGEPORT CT CLIMATE NORMALS FOR TODAY
                         NORMAL    RECORD    YEAR
 MAXIMUM TEMPERATURE (F)   37        56      2005
                                             1995
 MINIMUM TEMPERATURE (F)   23         3      1981


SUNRISE AND SUNSET
JANUARY 13 2017.......SUNRISE   716 AM EST   SUNSET   447 PM EST
JANUARY 14 2017.......SUNRISE   716 AM EST   SUNSET   448 PM EST


-  INDICATES NEGATIVE NUMBERS.
R  INDICATES RECORD WAS SET OR TIED.
MM INDICATES DATA IS MISSING.
T  INDICATES TRACE AMOUNT.




$$
