710
CDUS41 KOKX 222039
CLIBDR


CLIMATE REPORT
NATIONAL WEATHER SERVICE NEW YORK NY
439 PM EDT MON AUG 22 2016


...................................

...THE BRIDGEPORT CT CLIMATE SUMMARY FOR AUGUST 22 2016...
VALID TODAY AS OF 0400 PM LOCAL TIME.

CLIMATE NORMAL PERIOD 1981 TO 2010
CLIMATE RECORD PERIOD 1948 TO 2016


WEATHER ITEM   OBSERVED TIME   RECORD YEAR NORMAL DEPARTURE LAST
                VALUE   (LST)  VALUE       VALUE  FROM      YEAR
                                                  NORMAL
..................................................................
TEMPERATURE (F)
 TODAY
  MAXIMUM         81    249 PM  91    1955  80      1       84
  MINIMUM         68    540 AM  46    1982  65      3       66
  AVERAGE         75                        73      2       75

PRECIPITATION (IN)
  TODAY            0.00          1.42 1994   0.13  -0.13     0.00
  MONTH TO DATE    3.16                      2.92   0.24     1.76
  SINCE JUN 1      9.22                      9.99  -0.77     9.16
  SINCE JAN 1     24.76                     27.86  -3.10    23.46

SNOWFALL (IN)
  TODAY            0.0           0.0  2002   0.0    0.0      0.0
                                      2001
  MONTH TO DATE    0.0                       0.0    0.0      0.0
  SINCE OCT 1     27.3                      27.6   -0.3     59.7
  SINCE JUL 1      0.0                       0.0    0.0      0.0
  SNOW DEPTH       0

DEGREE DAYS
 HEATING
  TODAY            0                         0      0        0
  MONTH TO DATE    0                         0      0        0
  SINCE JUN 1      4                        33    -29       52
  SINCE JUL 1      0                         1     -1        0

 COOLING
  TODAY           10                         8      2       10
  MONTH TO DATE  312                       198    114      257
  SINCE JUN 1    881                       630    251      771
  SINCE JAN 1    939                       654    285      825
..................................................................


WIND (MPH)
  HIGHEST WIND SPEED    20   HIGHEST WIND DIRECTION    NW (330)
  HIGHEST GUST SPEED    27   HIGHEST GUST DIRECTION    NW (330)
  AVERAGE WIND SPEED    11.0


SKY COVER
  AVERAGE SKY COVER 0.3


WEATHER CONDITIONS
 THE FOLLOWING WEATHER WAS RECORDED TODAY.
  LIGHT RAIN
  FOG


RELATIVE HUMIDITY (PERCENT)
 HIGHEST    87          1200 AM
 LOWEST     33           300 PM
 AVERAGE    60

..........................................................


THE BRIDGEPORT CT CLIMATE NORMALS FOR TOMORROW
                         NORMAL    RECORD    YEAR
 MAXIMUM TEMPERATURE (F)   80        89      1976
 MINIMUM TEMPERATURE (F)   65        52      1952


SUNRISE AND SUNSET
AUGUST 22 2016........SUNRISE   609 AM EDT   SUNSET   740 PM EDT
AUGUST 23 2016........SUNRISE   610 AM EDT   SUNSET   739 PM EDT


-  INDICATES NEGATIVE NUMBERS.
R  INDICATES RECORD WAS SET OR TIED.
MM INDICATES DATA IS MISSING.
T  INDICATES TRACE AMOUNT.




$$
