000
CDUS41 KOKX 280633
CLIBDR


CLIMATE REPORT
NATIONAL WEATHER SERVICE NEW YORK NY
133 AM EST THU JAN 28 2016


...................................

...THE BRIDGEPORT CT CLIMATE SUMMARY FOR JANUARY 27 2016...

CLIMATE NORMAL PERIOD 1981 TO 2010
CLIMATE RECORD PERIOD 1948 TO 2016


WEATHER ITEM   OBSERVED TIME   RECORD YEAR NORMAL DEPARTURE LAST
                VALUE   (LST)  VALUE       VALUE  FROM      YEAR
                                                  NORMAL
..................................................................
TEMPERATURE (F)
 YESTERDAY
  MAXIMUM         46    332 PM  65    1974  37      9       23
  MINIMUM         28   1155 PM  -1    1994  23      5       15
  AVERAGE         37                        30      7       19

PRECIPITATION (IN)
  YESTERDAY        T             1.75 1976   0.09  -0.09     0.22
  MONTH TO DATE    2.26                      2.72  -0.46     4.01
  SINCE DEC 1      7.20                      6.05   1.15     9.66
  SINCE JAN 1      2.26                      2.72  -0.46     4.01

SNOWFALL (IN)
  YESTERDAY        0.0           7.0  2011   0.2   -0.2      3.7
  MONTH TO DATE   10.3                       6.7    3.6     16.9
  SINCE OCT 1     11.0                      12.5   -1.5     17.8
  SINCE JUL 1     11.0                      12.5   -1.5     17.8
  SNOW DEPTH       5

DEGREE DAYS
 HEATING
  YESTERDAY       28                        35     -7       46
  MONTH TO DATE  867                       941    -74      972
  SINCE DEC 1   1411                      1860   -449     1770
  SINCE JUL 1   2155                      2834   -679     2676

 COOLING
  YESTERDAY        0                         0      0        0
  MONTH TO DATE    0                         0      0        0
  SINCE DEC 1      0                         0      0        0
  SINCE JAN 1      0                         0      0        0
..................................................................


WIND (MPH)
  HIGHEST WIND SPEED    21   HIGHEST WIND DIRECTION     W (290)
  HIGHEST GUST SPEED    27   HIGHEST GUST DIRECTION     W (290)
  AVERAGE WIND SPEED     8.3


SKY COVER
  AVERAGE SKY COVER 0.5


WEATHER CONDITIONS
 THE FOLLOWING WEATHER WAS RECORDED YESTERDAY.
  NO SIGNIFICANT WEATHER WAS OBSERVED.


RELATIVE HUMIDITY (PERCENT)
 HIGHEST    79          1200 AM
 LOWEST     37           200 PM
 AVERAGE    58

..........................................................


THE BRIDGEPORT CT CLIMATE NORMALS FOR TODAY
                         NORMAL    RECORD    YEAR
 MAXIMUM TEMPERATURE (F)   37        55      2006
 MINIMUM TEMPERATURE (F)   23         3      2003


SUNRISE AND SUNSET
JANUARY 28 2016.......SUNRISE   708 AM EST   SUNSET   504 PM EST
JANUARY 29 2016.......SUNRISE   707 AM EST   SUNSET   505 PM EST


-  INDICATES NEGATIVE NUMBERS.
R  INDICATES RECORD WAS SET OR TIED.
MM INDICATES DATA IS MISSING.
T  INDICATES TRACE AMOUNT.




$$
