000
CDUS41 KOKX 030618
CLIBDR


CLIMATE REPORT
NATIONAL WEATHER SERVICE NEW YORK NY
118 AM EST WED FEB 3 2016


...................................

...THE BRIDGEPORT CT CLIMATE SUMMARY FOR FEBRUARY 2 2016...

CLIMATE NORMAL PERIOD 1981 TO 2010
CLIMATE RECORD PERIOD 1948 TO 2016


WEATHER ITEM   OBSERVED TIME   RECORD YEAR NORMAL DEPARTURE LAST
                VALUE   (LST)  VALUE       VALUE  FROM      YEAR
                                                  NORMAL
..................................................................
TEMPERATURE (F)
 YESTERDAY
  MAXIMUM         51    145 PM  52    1983  38     13       30
                                      1973
  MINIMUM         31    657 AM  -3    1961  24      7       15
  AVERAGE         41                        31     10       23

PRECIPITATION (IN)
  YESTERDAY        0.00          2.27 1973   0.09  -0.09     0.98
  MONTH TO DATE    T                         0.18  -0.18     0.99
  SINCE DEC 1      7.20                      6.61   0.59    10.75
  SINCE JAN 1      2.26                      3.28  -1.02     5.10

SNOWFALL (IN)
  YESTERDAY        0.0          10.3  2015   0.2   -0.2     10.3
  MONTH TO DATE    0.0                       0.5   -0.5     11.0
  SINCE OCT 1     11.0                      14.0   -3.0     30.6
  SINCE JUL 1     11.0                      14.0   -3.0     30.6
  SNOW DEPTH       T

DEGREE DAYS
 HEATING
  YESTERDAY       24                        34    -10       42
  MONTH TO DATE   42                        69    -27       84
  SINCE DEC 1   1566                      2071   -505     2027
  SINCE JUL 1   2310                      3045   -735     2933

 COOLING
  YESTERDAY        0                         0      0        0
  MONTH TO DATE    0                         0      0        0
  SINCE DEC 1      0                         0      0        0
  SINCE JAN 1      0                         0      0        0
..................................................................


WIND (MPH)
  HIGHEST WIND SPEED    14   HIGHEST WIND DIRECTION    NW (320)
  HIGHEST GUST SPEED    20   HIGHEST GUST DIRECTION    NW (310)
  AVERAGE WIND SPEED     5.0


SKY COVER
  AVERAGE SKY COVER 0.0


WEATHER CONDITIONS
 THE FOLLOWING WEATHER WAS RECORDED YESTERDAY.
  NO SIGNIFICANT WEATHER WAS OBSERVED.


RELATIVE HUMIDITY (PERCENT)
 HIGHEST    82          1000 PM
 LOWEST     33           200 PM
 AVERAGE    58

..........................................................


THE BRIDGEPORT CT CLIMATE NORMALS FOR TODAY
                         NORMAL    RECORD    YEAR
 MAXIMUM TEMPERATURE (F)   38        54      2006
 MINIMUM TEMPERATURE (F)   24         0      1955


SUNRISE AND SUNSET
FEBRUARY  3 2016......SUNRISE   702 AM EST   SUNSET   511 PM EST
FEBRUARY  4 2016......SUNRISE   701 AM EST   SUNSET   512 PM EST


-  INDICATES NEGATIVE NUMBERS.
R  INDICATES RECORD WAS SET OR TIED.
MM INDICATES DATA IS MISSING.
T  INDICATES TRACE AMOUNT.




$$
