599
CDUS41 KOKX 200619
CLIBDR


CLIMATE REPORT
NATIONAL WEATHER SERVICE NEW YORK NY
219 AM EDT MON MAR 20 2017


...................................

...THE BRIDGEPORT CT CLIMATE SUMMARY FOR MARCH 19 2017...

CLIMATE NORMAL PERIOD 1981 TO 2010
CLIMATE RECORD PERIOD 1948 TO 2017


WEATHER ITEM   OBSERVED TIME   RECORD YEAR NORMAL DEPARTURE LAST
                VALUE   (LST)  VALUE       VALUE  FROM      YEAR
                                                  NORMAL
..................................................................
TEMPERATURE (F)
 YESTERDAY
  MAXIMUM         47    454 PM  68    2012  48     -1       45
  MINIMUM         33   1019 PM   4    1967  32      1       32
  AVERAGE         40                        40      0       39

PRECIPITATION (IN)
  YESTERDAY        0.00          1.46 1983   0.14  -0.14     0.00
  MONTH TO DATE    1.99                      2.41  -0.42     1.38
  SINCE MAR 1      1.99                      2.41  -0.42     1.38
  SINCE JAN 1      7.18                      8.30  -1.12     8.54

SNOWFALL (IN)
  YESTERDAY        0.0           9.8  1956   0.2   -0.2      0.0
  MONTH TO DATE   11.1                       3.9    7.2      0.3
  SINCE OCT 1     40.9                      25.5   15.4     25.2
  SINCE JUL 1     40.9                      25.5   15.4     25.2
  SNOW DEPTH       5

DEGREE DAYS
 HEATING
  YESTERDAY       25                        25      0       26
  MONTH TO DATE  568                       523     45      394
  SINCE MAR 1    568                       523     45      394
  SINCE JUL 1   3735                      4410   -675     3529

 COOLING
  YESTERDAY        0                         0      0        0
  MONTH TO DATE    0                         0      0        0
  SINCE MAR 1      0                         0      0        0
  SINCE JAN 1      0                         0      0        0
..................................................................


WIND (MPH)
  HIGHEST WIND SPEED    22   HIGHEST WIND DIRECTION    NE (30)
  HIGHEST GUST SPEED    30   HIGHEST GUST DIRECTION     N (20)
  AVERAGE WIND SPEED    12.7


SKY COVER
  AVERAGE SKY COVER 0.4


WEATHER CONDITIONS
 THE FOLLOWING WEATHER WAS RECORDED YESTERDAY.
  NO SIGNIFICANT WEATHER WAS OBSERVED.


RELATIVE HUMIDITY (PERCENT)
 HIGHEST    70          1200 AM
 LOWEST     37           400 PM
 AVERAGE    54

..........................................................


THE BRIDGEPORT CT CLIMATE NORMALS FOR TODAY
                         NORMAL    RECORD    YEAR
 MAXIMUM TEMPERATURE (F)   48        68      2010
 MINIMUM TEMPERATURE (F)   32        11      1949


SUNRISE AND SUNSET
MARCH 20 2017.........SUNRISE   656 AM EDT   SUNSET   705 PM EDT
MARCH 21 2017.........SUNRISE   654 AM EDT   SUNSET   706 PM EDT


-  INDICATES NEGATIVE NUMBERS.
R  INDICATES RECORD WAS SET OR TIED.
MM INDICATES DATA IS MISSING.
T  INDICATES TRACE AMOUNT.




$$
