000
CDUS41 KOKX 130617
CLIBDR


CLIMATE REPORT
NATIONAL WEATHER SERVICE NEW YORK NY
216 AM EDT WED MAY 13 2015


...................................

...THE BRIDGEPORT CT CLIMATE SUMMARY FOR MAY 12 2015...

CLIMATE NORMAL PERIOD 1981 TO 2010
CLIMATE RECORD PERIOD 1948 TO 2015


WEATHER ITEM   OBSERVED TIME   RECORD YEAR NORMAL DEPARTURE LAST
                VALUE   (LST)  VALUE       VALUE  FROM      YEAR
                                                  NORMAL
..................................................................
TEMPERATURE (F)
 YESTERDAY
  MAXIMUM         82    157 PM  88    1991  66     16       81
  MINIMUM         60    739 AM  40    1990  49     11       54
  AVERAGE         71                        58     13       68

PRECIPITATION (IN)
  YESTERDAY        0.01          2.97 2006   0.12  -0.11     0.00
  MONTH TO DATE    0.02                      1.38  -1.36     2.20
  SINCE MAR 1      6.83                      9.56  -2.73    12.88
  SINCE JAN 1     13.17                     15.45  -2.28    19.86

SNOWFALL (IN)
  YESTERDAY        0.0           0.0  2002   0.0    0.0      0.0
                                      2001
  MONTH TO DATE    0.0                       0.0    0.0      0.0
  SINCE OCT 1     59.7                      27.6   32.1     57.4
  SINCE JUL 1     59.7                      27.6   32.1     57.4
  SNOW DEPTH       0

DEGREE DAYS
 HEATING
  YESTERDAY        0                         8     -8        0
  MONTH TO DATE   53                       110    -57       65
  SINCE MAR 1   1464                      1378     86     1497
  SINCE JUL 1   5570                      5265    305     5545

 COOLING
  YESTERDAY        6                         0      6        3
  MONTH TO DATE   17                         0     17        9
  SINCE MAR 1     17                         2     15        9
  SINCE JAN 1     17                         2     15        9
..................................................................


WIND (MPH)
  HIGHEST WIND SPEED    25   HIGHEST WIND DIRECTION     N (350)
  HIGHEST GUST SPEED    35   HIGHEST GUST DIRECTION     N (10)
  AVERAGE WIND SPEED    10.8


SKY COVER
  AVERAGE SKY COVER 0.5


WEATHER CONDITIONS
 THE FOLLOWING WEATHER WAS RECORDED YESTERDAY.
  LIGHT RAIN
  FOG
  FOG W/VISIBILITY <= 1/4 MILE


RELATIVE HUMIDITY (PERCENT)
 HIGHEST   100          1200 AM
 LOWEST     37           800 PM
 AVERAGE    69

..........................................................


THE BRIDGEPORT CT CLIMATE NORMALS FOR TODAY
                         NORMAL    RECORD    YEAR
 MAXIMUM TEMPERATURE (F)   67        88      1956
 MINIMUM TEMPERATURE (F)   50        38      1967
                                             1963


SUNRISE AND SUNSET
MAY 13 2015...........SUNRISE   537 AM EDT   SUNSET   802 PM EDT
MAY 14 2015...........SUNRISE   536 AM EDT   SUNSET   803 PM EDT


-  INDICATES NEGATIVE NUMBERS.
R  INDICATES RECORD WAS SET OR TIED.
MM INDICATES DATA IS MISSING.
T  INDICATES TRACE AMOUNT.




$$
