000
CDUS41 KOKX 241327
CLIBDR


CLIMATE REPORT
NATIONAL WEATHER SERVICE NEW YORK NY
926 AM EDT FRI JUL 24 2015


...................................

...THE BRIDGEPORT CT CLIMATE SUMMARY FOR JULY 23 2015...

CLIMATE NORMAL PERIOD 1981 TO 2010
CLIMATE RECORD PERIOD 1948 TO 2015


WEATHER ITEM   OBSERVED TIME   RECORD YEAR NORMAL DEPARTURE LAST
                VALUE   (LST)  VALUE       VALUE  FROM      YEAR
                                                  NORMAL
..................................................................
TEMPERATURE (F)
 YESTERDAY
  MAXIMUM         83    338 PM  96    2011  83      0       88
  MINIMUM         63    514 AM  55    1977  67     -4       73
  AVERAGE         73                        75     -2       81

PRECIPITATION (IN)
  YESTERDAY        0.00          3.45 1953   0.11  -0.11     0.02
  MONTH TO DATE    1.77                      2.43  -0.66     3.28
  SINCE JUN 1      6.50                      6.04   0.46     7.29
  SINCE JAN 1     20.80                     23.91  -3.11    28.95

SNOWFALL (IN)
  YESTERDAY        0.0           0.0  2002   0.0    0.0      0.0
                                      2001
  MONTH TO DATE    0.0                       0.0    0.0      0.0
  SINCE OCT 1     59.7                      27.6   32.1     57.4
  SINCE JUL 1      0.0                       0.0    0.0      0.0
  SNOW DEPTH       0

DEGREE DAYS
 HEATING
  YESTERDAY        0                         0      0        0
  MONTH TO DATE    0                         0      0        0
  SINCE JUN 1     52                        32     20        4
  SINCE JUL 1      0                         0      0        0

 COOLING
  YESTERDAY        8                        10     -2       16
  MONTH TO DATE  246                       212     34      251
  SINCE JUN 1    407                       355     52      397
  SINCE JAN 1    461                       379     82      420
..................................................................


WIND (MPH)
  HIGHEST WIND SPEED    16   HIGHEST WIND DIRECTION    SW (220)
  HIGHEST GUST SPEED    19   HIGHEST GUST DIRECTION    SW (220)
  AVERAGE WIND SPEED     7.2


SKY COVER
  AVERAGE SKY COVER 0.1


WEATHER CONDITIONS
 THE FOLLOWING WEATHER WAS RECORDED YESTERDAY.
  NO SIGNIFICANT WEATHER WAS OBSERVED.


RELATIVE HUMIDITY (PERCENT)
 HIGHEST    73           400 AM
 LOWEST     42           700 PM
 AVERAGE    58

..........................................................


THE BRIDGEPORT CT CLIMATE NORMALS FOR TODAY
                         NORMAL    RECORD    YEAR
 MAXIMUM TEMPERATURE (F)   83        95      2010
 MINIMUM TEMPERATURE (F)   67        57      1985
                                             1950


SUNRISE AND SUNSET
JULY 24 2015..........SUNRISE   540 AM EDT   SUNSET   817 PM EDT
JULY 25 2015..........SUNRISE   541 AM EDT   SUNSET   816 PM EDT


-  INDICATES NEGATIVE NUMBERS.
R  INDICATES RECORD WAS SET OR TIED.
MM INDICATES DATA IS MISSING.
T  INDICATES TRACE AMOUNT.




$$
