000
CDUS41 KOKX 110618
CLIBDR


CLIMATE REPORT
NATIONAL WEATHER SERVICE NEW YORK NY
218 AM EDT THU AUG 11 2016


...................................

...THE BRIDGEPORT CT CLIMATE SUMMARY FOR AUGUST 10 2016...

CLIMATE NORMAL PERIOD 1981 TO 2010
CLIMATE RECORD PERIOD 1948 TO 2016


WEATHER ITEM   OBSERVED TIME   RECORD YEAR NORMAL DEPARTURE LAST
                VALUE   (LST)  VALUE       VALUE  FROM      YEAR
                                                  NORMAL
..................................................................
TEMPERATURE (F)
 YESTERDAY
  MAXIMUM         84    313 PM  96    1949  82      2       81
  MINIMUM         75    549 AM  50    1964  67      8       67
  AVERAGE         80                        74      6       74

PRECIPITATION (IN)
  YESTERDAY        1.91          3.23 1952   0.13   1.78     0.00
  MONTH TO DATE    2.10                      1.34   0.76      T
  SINCE JUN 1      8.16                      8.41  -0.25     7.40
  SINCE JAN 1     23.70                     26.28  -2.58    21.70

SNOWFALL (IN)
  YESTERDAY        0.0           0.0  2002   0.0    0.0      0.0
                                      2001
  MONTH TO DATE    0.0                       0.0    0.0      0.0
  SINCE OCT 1     27.3                      27.6   -0.3     59.7
  SINCE JUL 1      0.0                       0.0    0.0      0.0
  SNOW DEPTH       0

DEGREE DAYS
 HEATING
  YESTERDAY        0                         0      0        0
  MONTH TO DATE    0                         0      0        0
  SINCE JUN 1      4                        33    -29       52
  SINCE JUL 1      0                         1     -1        0

 COOLING
  YESTERDAY       15                         9      6        9
  MONTH TO DATE  112                        95     17      106
  SINCE JUN 1    681                       527    154      620
  SINCE JAN 1    739                       551    188      674
..................................................................


WIND (MPH)
  HIGHEST WIND SPEED    16   HIGHEST WIND DIRECTION    SW (210)
  HIGHEST GUST SPEED    20   HIGHEST GUST DIRECTION     S (200)
  AVERAGE WIND SPEED     7.4


SKY COVER
  AVERAGE SKY COVER 0.8


WEATHER CONDITIONS
 THE FOLLOWING WEATHER WAS RECORDED YESTERDAY.
  THUNDERSTORM
  HEAVY RAIN
  RAIN
  LIGHT RAIN
  FOG


RELATIVE HUMIDITY (PERCENT)
 HIGHEST    91          1200 PM
 LOWEST     76          1200 AM
 AVERAGE    84

..........................................................


THE BRIDGEPORT CT CLIMATE NORMALS FOR TODAY
                         NORMAL    RECORD    YEAR
 MAXIMUM TEMPERATURE (F)   82        95      1949
 MINIMUM TEMPERATURE (F)   67        51      1972


SUNRISE AND SUNSET
AUGUST 11 2016........SUNRISE   558 AM EDT   SUNSET   756 PM EDT
AUGUST 12 2016........SUNRISE   559 AM EDT   SUNSET   755 PM EDT


-  INDICATES NEGATIVE NUMBERS.
R  INDICATES RECORD WAS SET OR TIED.
MM INDICATES DATA IS MISSING.
T  INDICATES TRACE AMOUNT.




$$
