000
CDUS41 KOKX 080631
CLIBDR


CLIMATE REPORT
NATIONAL WEATHER SERVICE NEW YORK NY
131 AM EST FRI DEC 8 2017


...................................

...THE BRIDGEPORT CT CLIMATE SUMMARY FOR DECEMBER 7 2017...

CLIMATE NORMAL PERIOD 1981 TO 2010
CLIMATE RECORD PERIOD 1948 TO 2017


WEATHER ITEM   OBSERVED TIME   RECORD YEAR NORMAL DEPARTURE LAST
                VALUE   (LST)  VALUE       VALUE  FROM      YEAR
                                                  NORMAL
..................................................................
TEMPERATURE (F)
 YESTERDAY
  MAXIMUM         47    136 PM  76    1998  45      2       46
  MINIMUM         36    736 AM  15    1964  31      5       39
  AVERAGE         42                        38      4       43

PRECIPITATION (IN)
  YESTERDAY        0.00          1.73 1996   0.11  -0.11     0.06
  MONTH TO DATE    0.41                      0.82  -0.41     0.56
  SINCE DEC 1      0.41                      0.82  -0.41     0.56
  SINCE JAN 1     39.97                     40.23  -0.26    36.53

SNOWFALL (IN)
  YESTERDAY        0.0           2.0  2008   0.1   -0.1      0.0
  MONTH TO DATE    0.0                       0.7   -0.7      0.0
  SINCE OCT 1      0.0                       1.4   -1.4       T
  SINCE JUL 1      0.0                       1.4   -1.4       T
  SNOW DEPTH       0

DEGREE DAYS
 HEATING
  YESTERDAY       23                        27     -4       22
  MONTH TO DATE  144                       180    -36      151
  SINCE DEC 1    144                       180    -36      151
  SINCE JUL 1    899                      1154   -255      879

 COOLING
  YESTERDAY        0                         0      0        0
  MONTH TO DATE    0                         0      0        0
  SINCE DEC 1      0                         0      0        0
  SINCE JAN 1   1053                       825    228     1270
..................................................................


WIND (MPH)
  HIGHEST WIND SPEED    17   HIGHEST WIND DIRECTION     W (260)
  HIGHEST GUST SPEED    25   HIGHEST GUST DIRECTION     W (280)
  AVERAGE WIND SPEED     9.8


SKY COVER
  AVERAGE SKY COVER 0.2


WEATHER CONDITIONS
 THE FOLLOWING WEATHER WAS RECORDED YESTERDAY.
  NO SIGNIFICANT WEATHER WAS OBSERVED.


RELATIVE HUMIDITY (PERCENT)
 HIGHEST    59           700 AM
 LOWEST     28           200 PM
 AVERAGE    44

..........................................................


THE BRIDGEPORT CT CLIMATE NORMALS FOR TODAY
                         NORMAL    RECORD    YEAR
 MAXIMUM TEMPERATURE (F)   45        63      1951
 MINIMUM TEMPERATURE (F)   31        13      1976


SUNRISE AND SUNSET
DECEMBER  8 2017......SUNRISE   705 AM EST   SUNSET   424 PM EST
DECEMBER  9 2017......SUNRISE   706 AM EST   SUNSET   424 PM EST


-  INDICATES NEGATIVE NUMBERS.
R  INDICATES RECORD WAS SET OR TIED.
MM INDICATES DATA IS MISSING.
T  INDICATES TRACE AMOUNT.




$$
