601
CDUS41 KOKX 290618
CLIBDR


CLIMATE REPORT
NATIONAL WEATHER SERVICE NEW YORK NY
217 AM EDT WED MAR 29 2017


...................................

...THE BRIDGEPORT CT CLIMATE SUMMARY FOR MARCH 28 2017...

CLIMATE NORMAL PERIOD 1981 TO 2010
CLIMATE RECORD PERIOD 1948 TO 2017


WEATHER ITEM   OBSERVED TIME   RECORD YEAR NORMAL DEPARTURE LAST
                VALUE   (LST)  VALUE       VALUE  FROM      YEAR
                                                  NORMAL
..................................................................
TEMPERATURE (F)
 YESTERDAY
  MAXIMUM         45   1159 PM  76    1991  51     -6       57
  MINIMUM         40    537 AM  17    1966  35      5       42
  AVERAGE         43                        43      0       50

PRECIPITATION (IN)
  YESTERDAY        0.74          2.12 2005   0.13   0.61     0.57
  MONTH TO DATE    3.22                      3.64  -0.42     2.15
  SINCE MAR 1      3.22                      3.64  -0.42     2.15
  SINCE JAN 1      8.41                      9.53  -1.12     9.31

SNOWFALL (IN)
  YESTERDAY        0.0           1.2  1984   0.1   -0.1      0.0
  MONTH TO DATE   11.1                       4.9    6.2      2.3
  SINCE OCT 1     40.9                      26.5   14.4     27.2
  SINCE JUL 1     40.9                      26.5   14.4     27.2
  SNOW DEPTH       0

DEGREE DAYS
 HEATING
  YESTERDAY       22                        22      0       15
  MONTH TO DATE  785                       733     52      571
  SINCE MAR 1    785                       733     52      571
  SINCE JUL 1   3952                      4620   -668     3706

 COOLING
  YESTERDAY        0                         0      0        0
  MONTH TO DATE    0                         0      0        0
  SINCE MAR 1      0                         0      0        0
  SINCE JAN 1      0                         0      0        0
..................................................................


WIND (MPH)
  HIGHEST WIND SPEED    21   HIGHEST WIND DIRECTION    NE (60)
  HIGHEST GUST SPEED    25   HIGHEST GUST DIRECTION    NE (60)
  AVERAGE WIND SPEED     9.2


SKY COVER
  AVERAGE SKY COVER 1.0


WEATHER CONDITIONS
 THE FOLLOWING WEATHER WAS RECORDED YESTERDAY.
  HEAVY RAIN
  RAIN
  LIGHT RAIN
  FOG


RELATIVE HUMIDITY (PERCENT)
 HIGHEST    93           100 AM
 LOWEST     86           500 AM
 AVERAGE    90

..........................................................


THE BRIDGEPORT CT CLIMATE NORMALS FOR TODAY
                         NORMAL    RECORD    YEAR
 MAXIMUM TEMPERATURE (F)   52        80      1998
 MINIMUM TEMPERATURE (F)   35        19      1966


SUNRISE AND SUNSET
MARCH 29 2017.........SUNRISE   640 AM EDT   SUNSET   715 PM EDT
MARCH 30 2017.........SUNRISE   639 AM EDT   SUNSET   716 PM EDT


-  INDICATES NEGATIVE NUMBERS.
R  INDICATES RECORD WAS SET OR TIED.
MM INDICATES DATA IS MISSING.
T  INDICATES TRACE AMOUNT.




$$
