000
CDUS41 KOKX 052049
CLIBDR


CLIMATE REPORT
NATIONAL WEATHER SERVICE NEW YORK NY
449 PM EDT FRI AUG 5 2016


...................................

...THE BRIDGEPORT CT CLIMATE SUMMARY FOR AUGUST 5 2016...
VALID TODAY AS OF 0400 PM LOCAL TIME.

CLIMATE NORMAL PERIOD 1981 TO 2010
CLIMATE RECORD PERIOD 1948 TO 2016


WEATHER ITEM   OBSERVED TIME   RECORD YEAR NORMAL DEPARTURE LAST
                VALUE   (LST)  VALUE       VALUE  FROM      YEAR
                                                  NORMAL
..................................................................
TEMPERATURE (F)
 TODAY
  MAXIMUM         84    258 PM  97    2005  82      2       87
  MINIMUM         66    516 AM  55    1951  67     -1       67
  AVERAGE         75                        74      1       77

PRECIPITATION (IN)
  TODAY            0.00          1.17 1995   0.13  -0.13     0.00
  MONTH TO DATE    0.17                      0.68  -0.51      T
  SINCE JUN 1      6.23                      7.75  -1.52     7.40
  SINCE JAN 1     21.77                     25.62  -3.85    21.70

SNOWFALL (IN)
  TODAY            0.0           0.0  2002   0.0    0.0      0.0
                                      2001
  MONTH TO DATE    0.0                       0.0    0.0      0.0
  SINCE OCT 1     27.3                      27.6   -0.3     59.7
  SINCE JUL 1      0.0                       0.0    0.0      0.0
  SNOW DEPTH       0

DEGREE DAYS
 HEATING
  TODAY            0                         0      0        0
  MONTH TO DATE    0                         0      0        0
  SINCE JUN 1      4                        33    -29       52
  SINCE JUL 1      0                         1     -1        0

 COOLING
  TODAY           10                        10      0       12
  MONTH TO DATE   42                        50     -8       69
  SINCE JUN 1    611                       482    129      583
  SINCE JAN 1    669                       506    163      637
..................................................................


WIND (MPH)
  HIGHEST WIND SPEED    15   HIGHEST WIND DIRECTION     S (200)
  HIGHEST GUST SPEED    20   HIGHEST GUST DIRECTION     S (200)
  AVERAGE WIND SPEED     8.5


SKY COVER
  AVERAGE SKY COVER 0.0


WEATHER CONDITIONS
 THE FOLLOWING WEATHER WAS RECORDED TODAY.
  NO SIGNIFICANT WEATHER WAS OBSERVED.


RELATIVE HUMIDITY (PERCENT)
 HIGHEST    81           500 AM
 LOWEST     48           200 PM
 AVERAGE    65

..........................................................


THE BRIDGEPORT CT CLIMATE NORMALS FOR TOMORROW
                         NORMAL    RECORD    YEAR
 MAXIMUM TEMPERATURE (F)   82        90      2001
                                             1989
                                             1977
 MINIMUM TEMPERATURE (F)   67        53      1951


SUNRISE AND SUNSET
AUGUST  5 2016........SUNRISE   552 AM EDT   SUNSET   804 PM EDT
AUGUST  6 2016........SUNRISE   553 AM EDT   SUNSET   803 PM EDT


-  INDICATES NEGATIVE NUMBERS.
R  INDICATES RECORD WAS SET OR TIED.
MM INDICATES DATA IS MISSING.
T  INDICATES TRACE AMOUNT.




$$
