000
CDUS41 KOKX 180617
CLIBDR


CLIMATE REPORT
NATIONAL WEATHER SERVICE NEW YORK NY
117 AM EST TUE NOV 18 2014


...................................

...THE BRIDGEPORT CT CLIMATE SUMMARY FOR NOVEMBER 17 2014...

CLIMATE NORMAL PERIOD 1981 TO 2010
CLIMATE RECORD PERIOD 1948 TO 2014


WEATHER ITEM   OBSERVED TIME   RECORD YEAR NORMAL DEPARTURE LAST
                VALUE   (LST)  VALUE       VALUE  FROM      YEAR
                                                  NORMAL
..................................................................
TEMPERATURE (F)
 YESTERDAY
  MAXIMUM         55    645 PM  66    2006  53      2       59
                                      1953
  MINIMUM         39    648 AM  25    1967  38      1       44
  AVERAGE         47                        45      2       52

PRECIPITATION (IN)
  YESTERDAY        1.47R         0.98 2010   0.11   1.36     0.02
                                      2002
                                      1988
  MONTH TO DATE    2.58                      1.82   0.76     0.30
  SINCE SEP 1      7.66                      8.94  -1.28     3.34
  SINCE JAN 1     38.90                     37.84   1.06    30.12

SNOWFALL (IN)
  YESTERDAY        0.0           1.0  1980   0.0    0.0      0.0
  MONTH TO DATE    T                         0.2   -0.2      0.1
  SINCE OCT 1      T                         0.2   -0.2      0.1
  SINCE JUL 1      T                         0.2   -0.2      0.1
  SNOW DEPTH       0

DEGREE DAYS
 HEATING
  YESTERDAY       18                        20     -2       13
  MONTH TO DATE  318                       296     22      303
  SINCE SEP 1    587                       682    -95      622
  SINCE JUL 1    587                       686    -99      622

 COOLING
  YESTERDAY        0                         0      0        0
  MONTH TO DATE    0                         0      0        0
  SINCE SEP 1    150                       107     43      118
  SINCE JAN 1    884                       825     59     1003
..................................................................


WIND (MPH)
  HIGHEST WIND SPEED    17   HIGHEST WIND DIRECTION    NW (300)
  HIGHEST GUST SPEED    23   HIGHEST GUST DIRECTION    NW (300)
  AVERAGE WIND SPEED     8.0


SKY COVER
  AVERAGE SKY COVER 1.0


WEATHER CONDITIONS
 THE FOLLOWING WEATHER WAS RECORDED YESTERDAY.
  HEAVY RAIN
  RAIN
  LIGHT RAIN
  FOG


RELATIVE HUMIDITY (PERCENT)
 HIGHEST   100           800 AM
 LOWEST     73           100 AM
 AVERAGE    87

..........................................................


THE BRIDGEPORT CT CLIMATE NORMALS FOR TODAY
                         NORMAL    RECORD    YEAR
 MAXIMUM TEMPERATURE (F)   52        69      1978
 MINIMUM TEMPERATURE (F)   38        22      1959


SUNRISE AND SUNSET
NOVEMBER 18 2014......SUNRISE   644 AM EST   SUNSET   431 PM EST
NOVEMBER 19 2014......SUNRISE   645 AM EST   SUNSET   430 PM EST


-  INDICATES NEGATIVE NUMBERS.
R  INDICATES RECORD WAS SET OR TIED.
MM INDICATES DATA IS MISSING.
T  INDICATES TRACE AMOUNT.




$$
