000
CDUS41 KOKX 070634
CLIBDR


CLIMATE REPORT
NATIONAL WEATHER SERVICE NEW YORK NY
134 AM EST SAT JAN 7 2017


...................................

...THE BRIDGEPORT CT CLIMATE SUMMARY FOR JANUARY 6 2017...

CLIMATE NORMAL PERIOD 1981 TO 2010
CLIMATE RECORD PERIOD 1948 TO 2017


WEATHER ITEM   OBSERVED TIME   RECORD YEAR NORMAL DEPARTURE LAST
                VALUE   (LST)  VALUE       VALUE  FROM      YEAR
                                                  NORMAL
..................................................................
TEMPERATURE (F)
 YESTERDAY
  MAXIMUM         35    212 PM  68    2007  37     -2       41
  MINIMUM         25   1159 PM   2    1996  23      2       16
  AVERAGE         30                        30      0       29

PRECIPITATION (IN)
  YESTERDAY        0.02          2.19 1962   0.10  -0.08     0.00
  MONTH TO DATE    0.79                      0.62   0.17     0.00
  SINCE DEC 1      4.22                      3.95   0.27     4.94
  SINCE JAN 1      0.79                      0.62   0.17     0.00

SNOWFALL (IN)
  YESTERDAY        1.0           3.0  2005   0.3    0.7      0.0
  MONTH TO DATE    1.0                       1.5   -0.5      0.0
  SINCE OCT 1      7.0                       7.3   -0.3      0.7
  SINCE JUL 1      7.0                       7.3   -0.3      0.7
  SNOW DEPTH       1

DEGREE DAYS
 HEATING
  YESTERDAY       35                        35      0       36
  MONTH TO DATE  164                       206    -42      203
  SINCE DEC 1   1001                      1125   -124      747
  SINCE JUL 1   1729                      2099   -370     1491

 COOLING
  YESTERDAY        0                         0      0        0
  MONTH TO DATE    0                         0      0        0
  SINCE DEC 1      0                         0      0        0
  SINCE JAN 1      0                         0      0        0
..................................................................


WIND (MPH)
  HIGHEST WIND SPEED    15   HIGHEST WIND DIRECTION     N (10)
  HIGHEST GUST SPEED    21   HIGHEST GUST DIRECTION     W (270)
  AVERAGE WIND SPEED     6.2


SKY COVER
  AVERAGE SKY COVER 0.6


WEATHER CONDITIONS
 THE FOLLOWING WEATHER WAS RECORDED YESTERDAY.
  LIGHT SNOW
  FOG
  HAZE


RELATIVE HUMIDITY (PERCENT)
 HIGHEST    85           900 AM
 LOWEST     38          1100 PM
 AVERAGE    62

..........................................................


THE BRIDGEPORT CT CLIMATE NORMALS FOR TODAY
                         NORMAL    RECORD    YEAR
 MAXIMUM TEMPERATURE (F)   37        55      2012
                                             2007
 MINIMUM TEMPERATURE (F)   23         7      1988


SUNRISE AND SUNSET
JANUARY  7 2017.......SUNRISE   718 AM EST   SUNSET   440 PM EST
JANUARY  8 2017.......SUNRISE   718 AM EST   SUNSET   441 PM EST


-  INDICATES NEGATIVE NUMBERS.
R  INDICATES RECORD WAS SET OR TIED.
MM INDICATES DATA IS MISSING.
T  INDICATES TRACE AMOUNT.




$$
