000
CDUS41 KOKX 072033
CLIBDR


CLIMATE REPORT
NATIONAL WEATHER SERVICE NEW YORK NY
433 PM EDT SUN MAY 7 2017


...................................

...THE BRIDGEPORT CT CLIMATE SUMMARY FOR MAY 7 2017...
VALID TODAY AS OF 0400 PM LOCAL TIME.

CLIMATE NORMAL PERIOD 1981 TO 2010
CLIMATE RECORD PERIOD 1948 TO 2017


WEATHER ITEM   OBSERVED TIME   RECORD YEAR NORMAL DEPARTURE LAST
                VALUE   (LST)  VALUE       VALUE  FROM      YEAR
                                                  NORMAL
..................................................................
TEMPERATURE (F)
 TODAY
  MAXIMUM         59   1239 PM  87    2000  65     -6       55
  MINIMUM         54    619 AM  35    1967  48      6       49
  AVERAGE         57                        56      1       52

PRECIPITATION (IN)
  TODAY            0.00          1.35 1967   0.12  -0.12     0.02
  MONTH TO DATE    1.43                      0.82   0.61     1.44
  SINCE MAR 1     10.59                      9.00   1.59     6.32
  SINCE JAN 1     15.78                     14.89   0.89    13.48

SNOWFALL (IN)
  TODAY            0.0           0.0  2002   0.0    0.0      0.0
                                      2001
  MONTH TO DATE    0.0                       0.0    0.0      0.0
  SINCE OCT 1     40.9                      27.6   13.3     27.3
  SINCE JUL 1     40.9                      27.6   13.3     27.3
  SNOW DEPTH       0

DEGREE DAYS
 HEATING
  TODAY            8                         9     -1       13
  MONTH TO DATE   52                        69    -17      101
  SINCE MAR 1   1231                      1337   -106     1185
  SINCE JUL 1   4398                      5224   -826     4320

 COOLING
  TODAY            0                         0      0        0
  MONTH TO DATE    3                         0      3        0
  SINCE MAR 1     11                         2      9        0
  SINCE JAN 1     11                         2      9        0
..................................................................


WIND (MPH)
  HIGHEST WIND SPEED    18   HIGHEST WIND DIRECTION    SW (220)
  HIGHEST GUST SPEED    23   HIGHEST GUST DIRECTION    SW (210)
  AVERAGE WIND SPEED    13.2


SKY COVER
  AVERAGE SKY COVER 0.6


WEATHER CONDITIONS
 THE FOLLOWING WEATHER WAS RECORDED TODAY.
  NO SIGNIFICANT WEATHER WAS OBSERVED.


RELATIVE HUMIDITY (PERCENT)
 HIGHEST    77           200 AM
 LOWEST     53          1000 AM
 AVERAGE    65

..........................................................


THE BRIDGEPORT CT CLIMATE NORMALS FOR TOMORROW
                         NORMAL    RECORD    YEAR
 MAXIMUM TEMPERATURE (F)   65        87      2000
 MINIMUM TEMPERATURE (F)   48        37      1956


SUNRISE AND SUNSET
MAY  7 2017...........SUNRISE   543 AM EDT   SUNSET   756 PM EDT
MAY  8 2017...........SUNRISE   541 AM EDT   SUNSET   757 PM EDT


-  INDICATES NEGATIVE NUMBERS.
R  INDICATES RECORD WAS SET OR TIED.
MM INDICATES DATA IS MISSING.
T  INDICATES TRACE AMOUNT.




$$
