000
CDUS41 KOKX 140618
CLIBDR


CLIMATE REPORT
NATIONAL WEATHER SERVICE NEW YORK NY
218 AM EDT MON JUL 14 2014


...................................

...THE BRIDGEPORT CT CLIMATE SUMMARY FOR JULY 13 2014...

CLIMATE NORMAL PERIOD 1981 TO 2010
CLIMATE RECORD PERIOD 1948 TO 2014


WEATHER ITEM   OBSERVED TIME   RECORD YEAR NORMAL DEPARTURE LAST
                VALUE   (LST)  VALUE       VALUE  FROM      YEAR
                                                  NORMAL
..................................................................
TEMPERATURE (F)
 YESTERDAY
  MAXIMUM         82    238 PM  94    1994  82      0       76
  MINIMUM         71   1217 AM  57    2009  66      5       67
                                      1990
  AVERAGE         77                        74      3       72

PRECIPITATION (IN)
  YESTERDAY        T             2.41 1996   0.12  -0.12     0.11
  MONTH TO DATE    1.22                      1.28  -0.06     0.64
  SINCE JUN 1      5.23                      4.89   0.34    10.12
  SINCE JAN 1     26.89                     22.76   4.13    23.72

SNOWFALL (IN)
  YESTERDAY        0.0           0.0  2002   0.0    0.0      0.0
                                      2001
  MONTH TO DATE    0.0                       0.0    0.0      0.0
  SINCE OCT 1     57.4                      27.6   29.8     64.3
  SINCE JUL 1      0.0                       0.0    0.0      0.0
  SNOW DEPTH       0

DEGREE DAYS
 HEATING
  YESTERDAY        0                         0      0        0
  MONTH TO DATE    0                         0      0        0
  SINCE JUN 1      4                        32    -28       18
  SINCE JUL 1      0                         0      0        0

 COOLING
  YESTERDAY       12                         9      3        7
  MONTH TO DATE  154                       113     41      183
  SINCE JUN 1    300                       256     44      358
  SINCE JAN 1    323                       280     43      396
..................................................................


WIND (MPH)
  HIGHEST WIND SPEED    21   HIGHEST WIND DIRECTION    SW (230)
  HIGHEST GUST SPEED    30   HIGHEST GUST DIRECTION    SW (220)
  AVERAGE WIND SPEED    10.8


SKY COVER
  AVERAGE SKY COVER 0.3


WEATHER CONDITIONS
 THE FOLLOWING WEATHER WAS RECORDED YESTERDAY.
  LIGHT RAIN


RELATIVE HUMIDITY (PERCENT)
 HIGHEST    90           400 AM
 LOWEST     69          1100 AM
 AVERAGE    80

..........................................................


THE BRIDGEPORT CT CLIMATE NORMALS FOR TODAY
                         NORMAL    RECORD    YEAR
 MAXIMUM TEMPERATURE (F)   82        93      1984
                                             1974
 MINIMUM TEMPERATURE (F)   67        57      2009


SUNRISE AND SUNSET
JULY 14 2014..........SUNRISE   532 AM EDT   SUNSET   824 PM EDT
JULY 15 2014..........SUNRISE   533 AM EDT   SUNSET   824 PM EDT


-  INDICATES NEGATIVE NUMBERS.
R  INDICATES RECORD WAS SET OR TIED.
MM INDICATES DATA IS MISSING.
T  INDICATES TRACE AMOUNT.




$$
