936
CDUS41 KOKX 090623
CLIBDR


CLIMATE REPORT
NATIONAL WEATHER SERVICE NEW YORK NY
123 AM EST THU NOV 9 2017


...................................

...THE BRIDGEPORT CT CLIMATE SUMMARY FOR NOVEMBER 8 2017...

CLIMATE NORMAL PERIOD 1981 TO 2010
CLIMATE RECORD PERIOD 1948 TO 2017


WEATHER ITEM   OBSERVED TIME   RECORD YEAR NORMAL DEPARTURE LAST
                VALUE   (LST)  VALUE       VALUE  FROM      YEAR
                                                  NORMAL
..................................................................
TEMPERATURE (F)
 YESTERDAY
  MAXIMUM         50   1215 PM  71    1975  56     -6       64
  MINIMUM         38   1130 PM  27    1993  40     -2       36
                                      1967
                                      1960
  AVERAGE         44                        48     -4       50

PRECIPITATION (IN)
  YESTERDAY        0.02          3.04 1972   0.10  -0.08     0.00
  MONTH TO DATE    0.78                      0.85  -0.07      T
  SINCE SEP 1      9.88                      7.97   1.91     6.98
  SINCE JAN 1     38.47                     36.87   1.60    31.74

SNOWFALL (IN)
  YESTERDAY        0.0           2.3  2012   0.0    0.0      0.0
  MONTH TO DATE    0.0                       0.0    0.0      0.0
  SINCE OCT 1      0.0                       0.0    0.0       T
  SINCE JUL 1      0.0                       0.0    0.0       T
  SNOW DEPTH       0

DEGREE DAYS
 HEATING
  YESTERDAY       21                        17      4       15
  MONTH TO DATE  101                       129    -28      102
  SINCE SEP 1    260                       515   -255      344
  SINCE JUL 1    260                       519   -259      344

 COOLING
  YESTERDAY        0                         0      0        0
  MONTH TO DATE    0                         0      0        0
  SINCE SEP 1    216                       107    109      218
  SINCE JAN 1   1053                       825    228     1270
..................................................................


WIND (MPH)
  HIGHEST WIND SPEED    21   HIGHEST WIND DIRECTION     N (20)
  HIGHEST GUST SPEED    28   HIGHEST GUST DIRECTION     N (10)
  AVERAGE WIND SPEED    10.1


SKY COVER
  AVERAGE SKY COVER 0.8


WEATHER CONDITIONS
 THE FOLLOWING WEATHER WAS RECORDED YESTERDAY.
  LIGHT RAIN


RELATIVE HUMIDITY (PERCENT)
 HIGHEST    92           100 AM
 LOWEST     56          1200 PM
 AVERAGE    74

..........................................................


THE BRIDGEPORT CT CLIMATE NORMALS FOR TODAY
                         NORMAL    RECORD    YEAR
 MAXIMUM TEMPERATURE (F)   56        69      1994
                                             1975
 MINIMUM TEMPERATURE (F)   40        22      1971


SUNRISE AND SUNSET
NOVEMBER  9 2017......SUNRISE   633 AM EST   SUNSET   439 PM EST
NOVEMBER 10 2017......SUNRISE   635 AM EST   SUNSET   438 PM EST


-  INDICATES NEGATIVE NUMBERS.
R  INDICATES RECORD WAS SET OR TIED.
MM INDICATES DATA IS MISSING.
T  INDICATES TRACE AMOUNT.




$$
