000
CDUS41 KOKX 010625
CLIBDR


CLIMATE REPORT
NATIONAL WEATHER SERVICE NEW YORK NY
225 AM EDT TUE APR 1 2014


...................................

...THE BRIDGEPORT CT CLIMATE SUMMARY FOR MARCH 31 2014...

CLIMATE NORMAL PERIOD 1981 TO 2010
CLIMATE RECORD PERIOD 1948 TO 2014


WEATHER ITEM   OBSERVED TIME   RECORD YEAR NORMAL DEPARTURE LAST
                VALUE   (LST)  VALUE       VALUE  FROM      YEAR
                                                  NORMAL
..................................................................
TEMPERATURE (F)
 YESTERDAY
  MAXIMUM         50    456 PM  74    1998  52     -2       53
  MINIMUM         34    857 AM  21    1964  36     -2       33
  AVERAGE         42                        44     -2       43

PRECIPITATION (IN)
  YESTERDAY        0.68          2.67 1987   0.14   0.54     0.15
  MONTH TO DATE    5.22                      4.05   1.17     2.54
  SINCE MAR 1      5.22                      4.05   1.17     2.54
  SINCE JAN 1     12.20                      9.94   2.26     9.56

SNOWFALL (IN)
  YESTERDAY        0.7           2.2  1970   0.1    0.6      0.0
  MONTH TO DATE    0.8                       5.1   -4.3     13.0
  SINCE OCT 1     57.0                      26.7   30.3     64.3
  SINCE JUL 1     57.0                      26.7   30.3     64.3
  SNOW DEPTH       0

DEGREE DAYS
 HEATING
  YESTERDAY       23                        21      2       22
  MONTH TO DATE  934                       797    137      795
  SINCE MAR 1    934                       797    137      795
  SINCE JUL 1   4982                      4684    298     4418

 COOLING
  YESTERDAY        0                         0      0        0
  MONTH TO DATE    0                         0      0        0
  SINCE MAR 1      0                         0      0        0
  SINCE JAN 1      0                         0      0        0
..................................................................


WIND (MPH)
  HIGHEST WIND SPEED    28   HIGHEST WIND DIRECTION     N (360)
  HIGHEST GUST SPEED    39   HIGHEST GUST DIRECTION     N (360)
  AVERAGE WIND SPEED    13.5


SKY COVER
  AVERAGE SKY COVER 0.6


WEATHER CONDITIONS
 THE FOLLOWING WEATHER WAS RECORDED YESTERDAY.
  RAIN
  LIGHT RAIN
  LIGHT SNOW
  FOG


RELATIVE HUMIDITY (PERCENT)
 HIGHEST    96           800 AM
 LOWEST     52           500 PM
 AVERAGE    74

..........................................................


THE BRIDGEPORT CT CLIMATE NORMALS FOR TODAY
                         NORMAL    RECORD    YEAR
 MAXIMUM TEMPERATURE (F)   53        71      1955
 MINIMUM TEMPERATURE (F)   36        21      1970


SUNRISE AND SUNSET
APRIL  1 2014.........SUNRISE   636 AM EDT   SUNSET   718 PM EDT
APRIL  2 2014.........SUNRISE   634 AM EDT   SUNSET   719 PM EDT


-  INDICATES NEGATIVE NUMBERS.
R  INDICATES RECORD WAS SET OR TIED.
MM INDICATES DATA IS MISSING.
T  INDICATES TRACE AMOUNT.




$$
