000
CDUS41 KOKX 160622
CLIBDR


CLIMATE REPORT
NATIONAL WEATHER SERVICE NEW YORK NY
122 AM EST WED NOV 16 2016


...................................

...THE BRIDGEPORT CT CLIMATE SUMMARY FOR NOVEMBER 15 2016...

CLIMATE NORMAL PERIOD 1981 TO 2010
CLIMATE RECORD PERIOD 1948 TO 2016


WEATHER ITEM   OBSERVED TIME   RECORD YEAR NORMAL DEPARTURE LAST
                VALUE   (LST)  VALUE       VALUE  FROM      YEAR
                                                  NORMAL
..................................................................
TEMPERATURE (F)
 YESTERDAY
  MAXIMUM         57    433 AM  78    1993  53      4       56
  MINIMUM         48   1055 PM  21    1967  38     10       33
  AVERAGE         53                        46      7       45

PRECIPITATION (IN)
  YESTERDAY        0.78R         0.70 1983   0.12   0.66     0.00
                                      1970
  MONTH TO DATE    0.78                      1.60  -0.82     0.51
  SINCE SEP 1      7.76                      8.72  -0.96     5.80
  SINCE JAN 1     32.52                     37.62  -5.10    29.39

SNOWFALL (IN)
  YESTERDAY        0.0           0.1  1972   0.0    0.0      0.0
  MONTH TO DATE    0.0                       0.1   -0.1      0.0
  SINCE OCT 1      T                         0.1   -0.1       T
  SINCE JUL 1      T                         0.1   -0.1       T
  SNOW DEPTH       0

DEGREE DAYS
 HEATING
  YESTERDAY       12                        19     -7       20
  MONTH TO DATE  211                       257    -46      173
  SINCE SEP 1    453                       643   -190      463
  SINCE JUL 1    453                       647   -194      463

 COOLING
  YESTERDAY        0                         0      0        0
  MONTH TO DATE    0                         0      0        2
  SINCE SEP 1    218                       107    111      202
  SINCE JAN 1   1270                       825    445     1122
..................................................................


WIND (MPH)
  HIGHEST WIND SPEED    23   HIGHEST WIND DIRECTION    NE (30)
  HIGHEST GUST SPEED    30   HIGHEST GUST DIRECTION    NE (30)
  AVERAGE WIND SPEED    10.4


SKY COVER
  AVERAGE SKY COVER 1.0


WEATHER CONDITIONS
 THE FOLLOWING WEATHER WAS RECORDED YESTERDAY.
  HEAVY RAIN
  RAIN
  LIGHT RAIN
  FOG


RELATIVE HUMIDITY (PERCENT)
 HIGHEST    86          1100 AM
 LOWEST     47           300 AM
 AVERAGE    67

..........................................................


THE BRIDGEPORT CT CLIMATE NORMALS FOR TODAY
                         NORMAL    RECORD    YEAR
 MAXIMUM TEMPERATURE (F)   53        71      2001
 MINIMUM TEMPERATURE (F)   38        21      1996


SUNRISE AND SUNSET
NOVEMBER 16 2016......SUNRISE   642 AM EST   SUNSET   432 PM EST
NOVEMBER 17 2016......SUNRISE   643 AM EST   SUNSET   431 PM EST


-  INDICATES NEGATIVE NUMBERS.
R  INDICATES RECORD WAS SET OR TIED.
MM INDICATES DATA IS MISSING.
T  INDICATES TRACE AMOUNT.




$$
