000
CDUS41 KOKX 040624
CLIBDR


CLIMATE REPORT
NATIONAL WEATHER SERVICE NEW YORK NY
224 AM EDT FRI APR 4 2014


...................................

...THE BRIDGEPORT CT CLIMATE SUMMARY FOR APRIL 3 2014...

CLIMATE NORMAL PERIOD 1981 TO 2010
CLIMATE RECORD PERIOD 1948 TO 2014


WEATHER ITEM   OBSERVED TIME   RECORD YEAR NORMAL DEPARTURE LAST
                VALUE   (LST)  VALUE       VALUE  FROM      YEAR
                                                  NORMAL
..................................................................
TEMPERATURE (F)
 YESTERDAY
  MAXIMUM         57   1037 AM  75    1967  53      4       48
  MINIMUM         37    415 AM  20    1954  37      0       32
  AVERAGE         47                        45      2       40

PRECIPITATION (IN)
  YESTERDAY        0.00          1.57 1990   0.15  -0.15     0.00
  MONTH TO DATE    0.00                      0.43  -0.43     0.02
  SINCE MAR 1      5.22                      4.48   0.74     2.56
  SINCE JAN 1     12.20                     10.37   1.83     9.58

SNOWFALL (IN)
  YESTERDAY        0.0           0.5  1955   0.1   -0.1      0.0
  MONTH TO DATE    0.0                       0.2   -0.2      0.0
  SINCE OCT 1     57.0                      26.9   30.1     64.3
  SINCE JUL 1     57.0                      26.9   30.1     64.3
  SNOW DEPTH       0

DEGREE DAYS
 HEATING
  YESTERDAY       18                        20     -2       25
  MONTH TO DATE   63                        61      2       69
  SINCE MAR 1    997                       858    139      864
  SINCE JUL 1   5045                      4745    300     4487

 COOLING
  YESTERDAY        0                         0      0        0
  MONTH TO DATE    0                         0      0        0
  SINCE MAR 1      0                         0      0        0
  SINCE JAN 1      0                         0      0        0
..................................................................


WIND (MPH)
  HIGHEST WIND SPEED    MM   HIGHEST WIND DIRECTION    MM
  HIGHEST GUST SPEED    MM   HIGHEST GUST DIRECTION    MM
  AVERAGE WIND SPEED     4.3


SKY COVER
  AVERAGE SKY COVER 0.0


WEATHER CONDITIONS
 THE FOLLOWING WEATHER WAS RECORDED YESTERDAY.
  FOG


RELATIVE HUMIDITY (PERCENT)
 HIGHEST    92          1200 AM
 LOWEST     35           900 AM
 AVERAGE    64

..........................................................


THE BRIDGEPORT CT CLIMATE NORMALS FOR TODAY
                         NORMAL    RECORD    YEAR
 MAXIMUM TEMPERATURE (F)   54        69      2012
 MINIMUM TEMPERATURE (F)   37        21      1954


SUNRISE AND SUNSET
APRIL  4 2014.........SUNRISE   631 AM EDT   SUNSET   721 PM EDT
APRIL  5 2014.........SUNRISE   629 AM EDT   SUNSET   722 PM EDT


-  INDICATES NEGATIVE NUMBERS.
R  INDICATES RECORD WAS SET OR TIED.
MM INDICATES DATA IS MISSING.
T  INDICATES TRACE AMOUNT.




$$
