000
CDUS41 KOKX 050621
CLIBDR


CLIMATE REPORT
NATIONAL WEATHER SERVICE NEW YORK NY
121 AM EST SUN FEB 5 2017


...................................

...THE BRIDGEPORT CT CLIMATE SUMMARY FOR FEBRUARY 4 2017...

CLIMATE NORMAL PERIOD 1981 TO 2010
CLIMATE RECORD PERIOD 1948 TO 2017


WEATHER ITEM   OBSERVED TIME   RECORD YEAR NORMAL DEPARTURE LAST
                VALUE   (LST)  VALUE       VALUE  FROM      YEAR
                                                  NORMAL
..................................................................
TEMPERATURE (F)
 YESTERDAY
  MAXIMUM         35    445 PM  59    1991  38     -3       54
  MINIMUM         22    719 AM   5    1996  24     -2       42
                                      1955
  AVERAGE         29                        31     -2       48

PRECIPITATION (IN)
  YESTERDAY        0.00          0.85 1995   0.09  -0.09     0.02
  MONTH TO DATE    T                         0.36  -0.36     1.26
  SINCE DEC 1      6.71                      6.79  -0.08     8.46
  SINCE JAN 1      3.28                      3.46  -0.18     3.52

SNOWFALL (IN)
  YESTERDAY        0.0          10.2  1961   0.3   -0.3      0.0
  MONTH TO DATE    0.0                       1.1   -1.1      0.0
  SINCE OCT 1     17.0                      14.6    2.4     11.0
  SINCE JUL 1     17.0                      14.6    2.4     11.0
  SNOW DEPTH       0

DEGREE DAYS
 HEATING
  YESTERDAY       36                        34      2       17
  MONTH TO DATE  125                       137    -12       79
  SINCE DEC 1   1825                      2139   -314     1603
  SINCE JUL 1   2553                      3113   -560     2347

 COOLING
  YESTERDAY        0                         0      0        0
  MONTH TO DATE    0                         0      0        0
  SINCE DEC 1      0                         0      0        0
  SINCE JAN 1      0                         0      0        0
..................................................................


WIND (MPH)
  HIGHEST WIND SPEED    20   HIGHEST WIND DIRECTION    NW (320)
  HIGHEST GUST SPEED    24   HIGHEST GUST DIRECTION    NW (300)
  AVERAGE WIND SPEED    10.2


SKY COVER
  AVERAGE SKY COVER 0.0


WEATHER CONDITIONS
 THE FOLLOWING WEATHER WAS RECORDED YESTERDAY.
  NO SIGNIFICANT WEATHER WAS OBSERVED.


RELATIVE HUMIDITY (PERCENT)
 HIGHEST    52           600 AM
 LOWEST     33          1200 PM
 AVERAGE    43

..........................................................


THE BRIDGEPORT CT CLIMATE NORMALS FOR TODAY
                         NORMAL    RECORD    YEAR
 MAXIMUM TEMPERATURE (F)   38        60      1991
 MINIMUM TEMPERATURE (F)   24         2      1996


SUNRISE AND SUNSET
FEBRUARY  5 2017......SUNRISE   659 AM EST   SUNSET   515 PM EST
FEBRUARY  6 2017......SUNRISE   658 AM EST   SUNSET   516 PM EST


-  INDICATES NEGATIVE NUMBERS.
R  INDICATES RECORD WAS SET OR TIED.
MM INDICATES DATA IS MISSING.
T  INDICATES TRACE AMOUNT.




$$
