000
CDUS41 KOKX 070622
CLIBDR


CLIMATE REPORT
NATIONAL WEATHER SERVICE NEW YORK NY
222 AM EDT SUN AUG 7 2016


...................................

...THE BRIDGEPORT CT CLIMATE SUMMARY FOR AUGUST 6 2016...

CLIMATE NORMAL PERIOD 1981 TO 2010
CLIMATE RECORD PERIOD 1948 TO 2016


WEATHER ITEM   OBSERVED TIME   RECORD YEAR NORMAL DEPARTURE LAST
                VALUE   (LST)  VALUE       VALUE  FROM      YEAR
                                                  NORMAL
..................................................................
TEMPERATURE (F)
 YESTERDAY
  MAXIMUM         88    133 PM  90    2001  82      6       80
                                      1989
                                      1977
  MINIMUM         74   1159 PM  53    1951  67      7       62
  AVERAGE         81                        74      7       71

PRECIPITATION (IN)
  YESTERDAY        0.02          1.60 1952   0.14  -0.12      T
  MONTH TO DATE    0.19                      0.82  -0.63      T
  SINCE JUN 1      6.25                      7.89  -1.64     7.40
  SINCE JAN 1     21.79                     25.76  -3.97    21.70

SNOWFALL (IN)
  YESTERDAY        0.0           0.0  2002   0.0    0.0      0.0
                                      2001
  MONTH TO DATE    0.0                       0.0    0.0      0.0
  SINCE OCT 1     27.3                      27.6   -0.3     59.7
  SINCE JUL 1      0.0                       0.0    0.0      0.0
  SNOW DEPTH       0

DEGREE DAYS
 HEATING
  YESTERDAY        0                         0      0        0
  MONTH TO DATE    0                         0      0        0
  SINCE JUN 1      4                        33    -29       52
  SINCE JUL 1      0                         1     -1        0

 COOLING
  YESTERDAY       16                         9      7        6
  MONTH TO DATE   58                        59     -1       75
  SINCE JUN 1    627                       491    136      589
  SINCE JAN 1    685                       515    170      643
..................................................................


WIND (MPH)
  HIGHEST WIND SPEED    17   HIGHEST WIND DIRECTION    SW (220)
  HIGHEST GUST SPEED    24   HIGHEST GUST DIRECTION    SW (220)
  AVERAGE WIND SPEED    10.2


SKY COVER
  AVERAGE SKY COVER 0.3


WEATHER CONDITIONS
 THE FOLLOWING WEATHER WAS RECORDED YESTERDAY.
  THUNDERSTORM
  LIGHT RAIN


RELATIVE HUMIDITY (PERCENT)
 HIGHEST    87          1000 PM
 LOWEST     59           200 PM
 AVERAGE    73

..........................................................


THE BRIDGEPORT CT CLIMATE NORMALS FOR TODAY
                         NORMAL    RECORD    YEAR
 MAXIMUM TEMPERATURE (F)   82        94      2001
 MINIMUM TEMPERATURE (F)   67        55      1964
                                             1948


SUNRISE AND SUNSET
AUGUST  7 2016........SUNRISE   554 AM EDT   SUNSET   801 PM EDT
AUGUST  8 2016........SUNRISE   555 AM EDT   SUNSET   800 PM EDT


-  INDICATES NEGATIVE NUMBERS.
R  INDICATES RECORD WAS SET OR TIED.
MM INDICATES DATA IS MISSING.
T  INDICATES TRACE AMOUNT.




$$
