000
CDUS41 KOKX 300621
CLIBDR


CLIMATE REPORT
NATIONAL WEATHER SERVICE NEW YORK NY
220 AM EDT WED AUG 30 2017


...................................

...THE BRIDGEPORT CT CLIMATE SUMMARY FOR AUGUST 29 2017...

CLIMATE NORMAL PERIOD 1981 TO 2010
CLIMATE RECORD PERIOD 1948 TO 2017


WEATHER ITEM   OBSERVED TIME   RECORD YEAR NORMAL DEPARTURE LAST
                VALUE   (LST)  VALUE       VALUE  FROM      YEAR
                                                  NORMAL
..................................................................
TEMPERATURE (F)
 YESTERDAY
  MAXIMUM         69    230 PM  98    1953  79    -10       91
  MINIMUM         60   1128 PM  44    1982  64     -4       73
  AVERAGE         65                        72     -7       82

PRECIPITATION (IN)
  YESTERDAY        0.18          2.07 2002   0.10   0.08     0.00
  MONTH TO DATE    3.76                      3.74   0.02     3.16
  SINCE JUN 1      8.70                     10.81  -2.11     9.22
  SINCE JAN 1     28.54                     28.68  -0.14    24.76

SNOWFALL (IN)
  YESTERDAY        0.0           0.0  2002   0.0    0.0      0.0
                                      2001
  MONTH TO DATE    0.0                       0.0    0.0      0.0
  SINCE OCT 1     40.9                      27.6   13.3     27.3
  SINCE JUL 1      0.0                       0.0    0.0      0.0
  SNOW DEPTH       0

DEGREE DAYS
 HEATING
  YESTERDAY        0                         0      0        0
  MONTH TO DATE    0                         0      0        0
  SINCE JUN 1     25                        33     -8        4
  SINCE JUL 1      0                         1     -1        0

 COOLING
  YESTERDAY        0                         7     -7       17
  MONTH TO DATE  245                       249     -4      400
  SINCE JUN 1    782                       681    101      969
  SINCE JAN 1    826                       705    121     1027
..................................................................


WIND (MPH)
  HIGHEST WIND SPEED    21   HIGHEST WIND DIRECTION     E (70)
  HIGHEST GUST SPEED    26   HIGHEST GUST DIRECTION    NE (60)
  AVERAGE WIND SPEED    12.8


SKY COVER
  AVERAGE SKY COVER 0.4


WEATHER CONDITIONS
 THE FOLLOWING WEATHER WAS RECORDED YESTERDAY.
  RAIN
  LIGHT RAIN


RELATIVE HUMIDITY (PERCENT)
 HIGHEST    90          1100 PM
 LOWEST     61           200 PM
 AVERAGE    76

..........................................................


THE BRIDGEPORT CT CLIMATE NORMALS FOR TODAY
                         NORMAL    RECORD    YEAR
 MAXIMUM TEMPERATURE (F)   79        96      1953
 MINIMUM TEMPERATURE (F)   64        46      1986


SUNRISE AND SUNSET
AUGUST 30 2017........SUNRISE   617 AM EDT   SUNSET   728 PM EDT
AUGUST 31 2017........SUNRISE   618 AM EDT   SUNSET   726 PM EDT


-  INDICATES NEGATIVE NUMBERS.
R  INDICATES RECORD WAS SET OR TIED.
MM INDICATES DATA IS MISSING.
T  INDICATES TRACE AMOUNT.




$$
