000
CDUS41 KOKX 300631
CLIBDR


CLIMATE REPORT
NATIONAL WEATHER SERVICE NEW YORK NY
230 AM EDT MON OCT 30 2017


...................................

...THE BRIDGEPORT CT CLIMATE SUMMARY FOR OCTOBER 29 2017...

CLIMATE NORMAL PERIOD 1981 TO 2010
CLIMATE RECORD PERIOD 1948 TO 2017


WEATHER ITEM   OBSERVED TIME   RECORD YEAR NORMAL DEPARTURE LAST
                VALUE   (LST)  VALUE       VALUE  FROM      YEAR
                                                  NORMAL
..................................................................
TEMPERATURE (F)
 YESTERDAY
  MAXIMUM         69   1035 PM  73    2015  59     10       63
                                      1971
  MINIMUM         63    922 AM  32    1997  42     21       39
                                      1959
  AVERAGE         66                        51     15       51

PRECIPITATION (IN)
  YESTERDAY        3.00R         1.98 1973   0.11   2.89     0.00
  MONTH TO DATE    7.35                      3.42   3.93     3.48
  SINCE SEP 1      9.08                      6.90   2.18     6.21
  SINCE JAN 1     37.67                     35.80   1.87    30.97

SNOWFALL (IN)
  YESTERDAY        0.0           3.5  2011   0.0    0.0      0.0
  MONTH TO DATE    0.0                       0.0    0.0       T
  SINCE OCT 1      0.0                       0.0    0.0       T
  SINCE JUL 1      0.0                       0.0    0.0       T
  SNOW DEPTH       0

DEGREE DAYS
 HEATING
  YESTERDAY        0                        14    -14       14
  MONTH TO DATE  112                       293   -181      210
  SINCE SEP 1    137                       357   -220      225
  SINCE JUL 1    137                       361   -224      225

 COOLING
  YESTERDAY        1                         0      1        0
  MONTH TO DATE   59                         8     51       27
  SINCE SEP 1    216                       106    110      218
  SINCE JAN 1   1053                       824    229     1270
..................................................................


WIND (MPH)
  HIGHEST WIND SPEED    38   HIGHEST WIND DIRECTION    SE (140)
  HIGHEST GUST SPEED    54   HIGHEST GUST DIRECTION    SE (130)
  AVERAGE WIND SPEED    15.8


SKY COVER
  AVERAGE SKY COVER 1.0


WEATHER CONDITIONS
 THE FOLLOWING WEATHER WAS RECORDED YESTERDAY.
  HEAVY RAIN
  RAIN
  LIGHT RAIN
  FOG


RELATIVE HUMIDITY (PERCENT)
 HIGHEST   100           800 PM
 LOWEST     78           200 AM
 AVERAGE    89

..........................................................


THE BRIDGEPORT CT CLIMATE NORMALS FOR TODAY
                         NORMAL    RECORD    YEAR
 MAXIMUM TEMPERATURE (F)   59        77      1961
 MINIMUM TEMPERATURE (F)   42        29      1988
                                             1983


SUNRISE AND SUNSET
OCTOBER 30 2017.......SUNRISE   722 AM EDT   SUNSET   550 PM EDT
OCTOBER 31 2017.......SUNRISE   723 AM EDT   SUNSET   549 PM EDT


-  INDICATES NEGATIVE NUMBERS.
R  INDICATES RECORD WAS SET OR TIED.
MM INDICATES DATA IS MISSING.
T  INDICATES TRACE AMOUNT.




$$
