000
CDUS41 KOKX 070629
CLIBDR


CLIMATE REPORT
NATIONAL WEATHER SERVICE NEW YORK NY
229 AM EDT THU JUL 7 2016


...................................

...THE BRIDGEPORT CT CLIMATE SUMMARY FOR JULY 6 2016...

CLIMATE NORMAL PERIOD 1981 TO 2010
CLIMATE RECORD PERIOD 1948 TO 2016


WEATHER ITEM   OBSERVED TIME   RECORD YEAR NORMAL DEPARTURE LAST
                VALUE   (LST)  VALUE       VALUE  FROM      YEAR
                                                  NORMAL
..................................................................
TEMPERATURE (F)
 YESTERDAY
  MAXIMUM         90    232 PM  98    2010  82      8       81
                                      1999
  MINIMUM         71    509 AM  52    1979  66      5       66
  AVERAGE         81                        74      7       74

PRECIPITATION (IN)
  YESTERDAY        0.00          0.74 1948   0.09  -0.09     0.00
  MONTH TO DATE    0.82                      0.53   0.29     0.65
  SINCE JUN 1      2.08                      4.14  -2.06     5.38
  SINCE JAN 1     17.62                     22.01  -4.39    19.68

SNOWFALL (IN)
  YESTERDAY        0.0           0.0  2002   0.0    0.0      0.0
                                      2001
  MONTH TO DATE    0.0                       0.0    0.0      0.0
  SINCE OCT 1     27.3                      27.6   -0.3     59.7
  SINCE JUL 1      0.0                       0.0    0.0      0.0
  SNOW DEPTH       0

DEGREE DAYS
 HEATING
  YESTERDAY        0                         0      0        0
  MONTH TO DATE    0                         0      0        0
  SINCE JUN 1      4                        32    -28       52
  SINCE JUL 1      0                         0      0        0

 COOLING
  YESTERDAY       16                         9      7        9
  MONTH TO DATE   61                        50     11       47
  SINCE JUN 1    233                       193     40      208
  SINCE JAN 1    291                       217     74      262
..................................................................


WIND (MPH)
  HIGHEST WIND SPEED    16   HIGHEST WIND DIRECTION     S (190)
  HIGHEST GUST SPEED    20   HIGHEST GUST DIRECTION     S (190)
  AVERAGE WIND SPEED     6.6


SKY COVER
  AVERAGE SKY COVER 0.0


WEATHER CONDITIONS
 THE FOLLOWING WEATHER WAS RECORDED YESTERDAY.
  NO SIGNIFICANT WEATHER WAS OBSERVED.


RELATIVE HUMIDITY (PERCENT)
 HIGHEST    84          1200 AM
 LOWEST     38           100 PM
 AVERAGE    61

..........................................................


THE BRIDGEPORT CT CLIMATE NORMALS FOR TODAY
                         NORMAL    RECORD    YEAR
 MAXIMUM TEMPERATURE (F)   82        95      2010
                                             1994
                                             1993
 MINIMUM TEMPERATURE (F)   66        55      1979


SUNRISE AND SUNSET
JULY  7 2016..........SUNRISE   527 AM EDT   SUNSET   827 PM EDT
JULY  8 2016..........SUNRISE   528 AM EDT   SUNSET   827 PM EDT


-  INDICATES NEGATIVE NUMBERS.
R  INDICATES RECORD WAS SET OR TIED.
MM INDICATES DATA IS MISSING.
T  INDICATES TRACE AMOUNT.




$$
