000
CDUS41 KOKX 100622
CLIBDR


CLIMATE REPORT
NATIONAL WEATHER SERVICE NEW YORK NY
221 AM EDT TUE MAY 10 2016


...................................

...THE BRIDGEPORT CT CLIMATE SUMMARY FOR MAY 9 2016...

CLIMATE NORMAL PERIOD 1981 TO 2010
CLIMATE RECORD PERIOD 1948 TO 2016


WEATHER ITEM   OBSERVED TIME   RECORD YEAR NORMAL DEPARTURE LAST
                VALUE   (LST)  VALUE       VALUE  FROM      YEAR
                                                  NORMAL
..................................................................
TEMPERATURE (F)
 YESTERDAY
  MAXIMUM         74    420 PM  84    2000  65      9       59
  MINIMUM         49    459 AM  37    1977  48      1       52
                                      1976
                                      1966
  AVERAGE         62                        57      5       56

PRECIPITATION (IN)
  YESTERDAY        0.00          1.11 1998   0.11  -0.11     0.01
  MONTH TO DATE    1.65                      1.04   0.61     0.01
  SINCE MAR 1      6.53                      9.22  -2.69     6.82
  SINCE JAN 1     13.69                     15.11  -1.42    13.16

SNOWFALL (IN)
  YESTERDAY        0.0           0.0  2002   0.0    0.0      0.0
                                      2001
  MONTH TO DATE    0.0                       0.0    0.0      0.0
  SINCE OCT 1     27.3                      27.6   -0.3     59.7
  SINCE JUL 1     27.3                      27.6   -0.3     59.7
  SNOW DEPTH       0

DEGREE DAYS
 HEATING
  YESTERDAY        3                         8     -5        9
  MONTH TO DATE  112                        86     26       53
  SINCE MAR 1   1196                      1354   -158     1467
  SINCE JUL 1   4331                      5241   -910     5573

 COOLING
  YESTERDAY        0                         0      0        0
  MONTH TO DATE    0                         0      0        3
  SINCE MAR 1      0                         2     -2        3
  SINCE JAN 1      0                         2     -2        3
..................................................................


WIND (MPH)
  HIGHEST WIND SPEED    20   HIGHEST WIND DIRECTION    NW (320)
  HIGHEST GUST SPEED    26   HIGHEST GUST DIRECTION    NW (320)
  AVERAGE WIND SPEED    10.2


SKY COVER
  AVERAGE SKY COVER 0.2


WEATHER CONDITIONS
 THE FOLLOWING WEATHER WAS RECORDED YESTERDAY.
  NO SIGNIFICANT WEATHER WAS OBSERVED.


RELATIVE HUMIDITY (PERCENT)
 HIGHEST    80           500 AM
 LOWEST     22           600 PM
 AVERAGE    51

..........................................................


THE BRIDGEPORT CT CLIMATE NORMALS FOR TODAY
                         NORMAL    RECORD    YEAR
 MAXIMUM TEMPERATURE (F)   66        87      1987
 MINIMUM TEMPERATURE (F)   49        31      1966


SUNRISE AND SUNSET
MAY 10 2016...........SUNRISE   539 AM EDT   SUNSET   759 PM EDT
MAY 11 2016...........SUNRISE   538 AM EDT   SUNSET   800 PM EDT


-  INDICATES NEGATIVE NUMBERS.
R  INDICATES RECORD WAS SET OR TIED.
MM INDICATES DATA IS MISSING.
T  INDICATES TRACE AMOUNT.




$$
