000
CDUS41 KOKX 010629
CLIBDR


CLIMATE REPORT
NATIONAL WEATHER SERVICE NEW YORK NY
128 AM EST MON JAN 1 2018


...................................

...THE BRIDGEPORT CT CLIMATE SUMMARY FOR DECEMBER 31 2017...

CLIMATE NORMAL PERIOD 1981 TO 2010
CLIMATE RECORD PERIOD 1948 TO 2017


WEATHER ITEM   OBSERVED TIME   RECORD YEAR NORMAL DEPARTURE LAST
                VALUE   (LST)  VALUE       VALUE  FROM      YEAR
                                                  NORMAL
..................................................................
TEMPERATURE (F)
 YESTERDAY
  MAXIMUM         18    158 AM  57    1965  38    -20       45
  MINIMUM          6   1159 PM   0    1962  24    -18       32
  AVERAGE         12                        31    -19       39

PRECIPITATION (IN)
  YESTERDAY        0.00          1.71 1948   0.09  -0.09      T
  MONTH TO DATE    1.69                      3.33  -1.64     3.43
  SINCE DEC 1      1.69                      3.33  -1.64     3.43
  SINCE JAN 1     41.25                     42.74  -1.49    39.40

SNOWFALL (IN)
  YESTERDAY        0.0           3.5  2008   0.2   -0.2      0.0
  MONTH TO DATE    8.7                       5.1    3.6      6.0
  SINCE OCT 1      8.7                       5.8    2.9      6.0
  SINCE JUL 1      8.7                       5.8    2.9      6.0
  SNOW DEPTH       1

DEGREE DAYS
 HEATING
  YESTERDAY       53                        34     19       26
  MONTH TO DATE  971                       921     50      837
  SINCE DEC 1    971                       919     52      837
  SINCE JUL 1   1726                      1893   -167     1565

 COOLING
  YESTERDAY        0                         0      0        0
  MONTH TO DATE    0                         0      0        0
  SINCE DEC 1      0                         0      0        0
  SINCE JAN 1   1053                       825    228     1270
..................................................................


WIND (MPH)
  HIGHEST WIND SPEED    20   HIGHEST WIND DIRECTION    NW (300)
  HIGHEST GUST SPEED    26   HIGHEST GUST DIRECTION    NW (300)
  AVERAGE WIND SPEED     9.2


SKY COVER
  AVERAGE SKY COVER 0.0


WEATHER CONDITIONS
 THE FOLLOWING WEATHER WAS RECORDED YESTERDAY.
  NO SIGNIFICANT WEATHER WAS OBSERVED.


RELATIVE HUMIDITY (PERCENT)
 HIGHEST    80          1200 AM
 LOWEST     44           300 PM
 AVERAGE    62

..........................................................


THE BRIDGEPORT CT CLIMATE NORMALS FOR TODAY
                         NORMAL    RECORD    YEAR
 MAXIMUM TEMPERATURE (F)   38        62      1966
 MINIMUM TEMPERATURE (F)   24         5      1963


SUNRISE AND SUNSET
JANUARY  1 2018.......SUNRISE   718 AM EST   SUNSET   435 PM EST
JANUARY  2 2018.......SUNRISE   718 AM EST   SUNSET   435 PM EST


-  INDICATES NEGATIVE NUMBERS.
R  INDICATES RECORD WAS SET OR TIED.
MM INDICATES DATA IS MISSING.
T  INDICATES TRACE AMOUNT.




$$
