000
CDUS41 KOKX 012039
CLIBDR


CLIMATE REPORT
NATIONAL WEATHER SERVICE NEW YORK NY
439 PM EDT FRI JUL 1 2016


...................................

...THE BRIDGEPORT CT CLIMATE SUMMARY FOR JULY 1 2016...
VALID TODAY AS OF 0400 PM LOCAL TIME.

CLIMATE NORMAL PERIOD 1981 TO 2010
CLIMATE RECORD PERIOD 1948 TO 2016


WEATHER ITEM   OBSERVED TIME   RECORD YEAR NORMAL DEPARTURE LAST
                VALUE   (LST)  VALUE       VALUE  FROM      YEAR
                                                  NORMAL
..................................................................
TEMPERATURE (F)
 TODAY
  MAXIMUM         80    204 PM  95    1963  81     -1       83
  MINIMUM         68    529 AM  49    1988  65      3       70
  AVERAGE         74                        73      1       77

PRECIPITATION (IN)
  TODAY            T             1.08 1971   0.09  -0.09     0.65
  MONTH TO DATE    T                         0.09  -0.09     0.65
  SINCE JUN 1      1.26                      3.70  -2.44     5.38
  SINCE JAN 1     16.80                     21.57  -4.77    19.68

SNOWFALL (IN)
  TODAY            0.0           0.0  2002   0.0    0.0      0.0
                                      2001
  MONTH TO DATE    0.0                       0.0    0.0      0.0
  SINCE OCT 1     27.3                      27.6   -0.3     59.7
  SINCE JUL 1      0.0                       0.0    0.0      0.0
  SNOW DEPTH       0

DEGREE DAYS
 HEATING
  TODAY            0                         0      0        0
  MONTH TO DATE    0                         0      0        0
  SINCE JUN 1      4                        32    -28       52
  SINCE JUL 1      0                         0      0        0

 COOLING
  TODAY            9                         8      1       12
  MONTH TO DATE    9                         8      1       12
  SINCE JUN 1    181                       151     30      173
  SINCE JAN 1    239                       175     64      227
..................................................................


WIND (MPH)
  HIGHEST WIND SPEED    14   HIGHEST WIND DIRECTION    SE (150)
  HIGHEST GUST SPEED    17   HIGHEST GUST DIRECTION    SE (150)
  AVERAGE WIND SPEED     6.0


SKY COVER
  AVERAGE SKY COVER 0.3


WEATHER CONDITIONS
 THE FOLLOWING WEATHER WAS RECORDED TODAY.
  LIGHT RAIN


RELATIVE HUMIDITY (PERCENT)
 HIGHEST    90           400 AM
 LOWEST     69          1200 PM
 AVERAGE    80

..........................................................


THE BRIDGEPORT CT CLIMATE NORMALS FOR TOMORROW
                         NORMAL    RECORD    YEAR
 MAXIMUM TEMPERATURE (F)   81       100      1966
 MINIMUM TEMPERATURE (F)   65        51      1982


SUNRISE AND SUNSET
JULY  1 2016..........SUNRISE   524 AM EDT   SUNSET   829 PM EDT
JULY  2 2016..........SUNRISE   524 AM EDT   SUNSET   829 PM EDT


-  INDICATES NEGATIVE NUMBERS.
R  INDICATES RECORD WAS SET OR TIED.
MM INDICATES DATA IS MISSING.
T  INDICATES TRACE AMOUNT.




$$
