000
CDUS41 KOKX 270619
CLIBDR


CLIMATE REPORT
NATIONAL WEATHER SERVICE NEW YORK NY
119 AM EST WED JAN 27 2016


...................................

...THE BRIDGEPORT CT CLIMATE SUMMARY FOR JANUARY 26 2016...

CLIMATE NORMAL PERIOD 1981 TO 2010
CLIMATE RECORD PERIOD 1948 TO 2016


WEATHER ITEM   OBSERVED TIME   RECORD YEAR NORMAL DEPARTURE LAST
                VALUE   (LST)  VALUE       VALUE  FROM      YEAR
                                                  NORMAL
..................................................................
TEMPERATURE (F)
 YESTERDAY
  MAXIMUM         45    218 PM  60    1950  37      8       25
  MINIMUM         23    655 AM   5    2007  23      0       19
                                      1994
  AVERAGE         34                        30      4       22

PRECIPITATION (IN)
  YESTERDAY        T             1.41 1978   0.09  -0.09     0.16
  MONTH TO DATE    2.26                      2.63  -0.37     3.79
  SINCE DEC 1      7.20                      5.96   1.24     9.44
  SINCE JAN 1      2.26                      2.63  -0.37     3.79

SNOWFALL (IN)
  YESTERDAY       MM             6.0  2011   0.3   MM        3.5
  MONTH TO DATE   10.3                       6.5    3.8     13.2
  SINCE OCT 1     11.0                      12.3   -1.3     14.1
  SINCE JUL 1     11.0                      12.3   -1.3     14.1
  SNOW DEPTH       8

DEGREE DAYS
 HEATING
  YESTERDAY       31                        35     -4       43
  MONTH TO DATE  839                       906    -67      926
  SINCE DEC 1   1383                      1825   -442     1724
  SINCE JUL 1   2127                      2799   -672     2630

 COOLING
  YESTERDAY        0                         0      0        0
  MONTH TO DATE    0                         0      0        0
  SINCE DEC 1      0                         0      0        0
  SINCE JAN 1      0                         0      0        0
..................................................................


WIND (MPH)
  HIGHEST WIND SPEED    10   HIGHEST WIND DIRECTION    SW (210)
  HIGHEST GUST SPEED    14   HIGHEST GUST DIRECTION     W (260)
  AVERAGE WIND SPEED     4.4


SKY COVER
  AVERAGE SKY COVER 0.2


WEATHER CONDITIONS
 THE FOLLOWING WEATHER WAS RECORDED YESTERDAY.
  FOG
  HAZE


RELATIVE HUMIDITY (PERCENT)
 HIGHEST    92           800 AM
 LOWEST     65           300 PM
 AVERAGE    79

..........................................................


THE BRIDGEPORT CT CLIMATE NORMALS FOR TODAY
                         NORMAL    RECORD    YEAR
 MAXIMUM TEMPERATURE (F)   37        65      1974
 MINIMUM TEMPERATURE (F)   23        -1      1994


SUNRISE AND SUNSET
JANUARY 27 2016.......SUNRISE   708 AM EST   SUNSET   502 PM EST
JANUARY 28 2016.......SUNRISE   708 AM EST   SUNSET   504 PM EST


-  INDICATES NEGATIVE NUMBERS.
R  INDICATES RECORD WAS SET OR TIED.
MM INDICATES DATA IS MISSING.
T  INDICATES TRACE AMOUNT.




$$
