000
CDUS41 KOKX 272031
CLIBDR


CLIMATE REPORT
NATIONAL WEATHER SERVICE NEW YORK NY
430 PM EDT THU MAR 27 2014


...................................

...THE BRIDGEPORT CT CLIMATE SUMMARY FOR MARCH 27 2014...
VALID TODAY AS OF 0400 PM LOCAL TIME.

CLIMATE NORMAL PERIOD 1981 TO 2010
CLIMATE RECORD PERIOD 1948 TO 2014


WEATHER ITEM   OBSERVED TIME   RECORD YEAR NORMAL DEPARTURE LAST
                VALUE   (LST)  VALUE       VALUE  FROM      YEAR
                                                  NORMAL
..................................................................
TEMPERATURE (F)
 TODAY
  MAXIMUM         40    259 PM  74    2007  51    -11       55
  MINIMUM         22    558 AM  20    2001  35    -13       30
                                      1966
  AVERAGE         31                        43    -12       43

PRECIPITATION (IN)
  TODAY            0.00          2.00 1978   0.14  -0.14     0.00
  MONTH TO DATE    1.33                      3.51  -2.18     2.39
  SINCE MAR 1      1.33                      3.51  -2.18     2.39
  SINCE JAN 1      8.31                      9.40  -1.09     9.41

SNOWFALL (IN)
  TODAY            0.0           0.0  2002   0.1   -0.1      0.0
                                      2001
  MONTH TO DATE    0.1                       4.8   -4.7     13.0
  SINCE OCT 1     56.3                      26.4   29.9     64.3
  SINCE JUL 1     56.3                      26.4   29.9     64.3
  SNOW DEPTH       0

DEGREE DAYS
 HEATING
  TODAY           34                        22     12       22
  MONTH TO DATE  848                       711    137      714
  SINCE MAR 1    848                       711    137      714
  SINCE JUL 1   4896                      4598    298     4337

 COOLING
  TODAY            0                         0      0        0
  MONTH TO DATE    0                         0      0        0
  SINCE MAR 1      0                         0      0        0
  SINCE JAN 1      0                         0      0        0
..................................................................


WIND (MPH)
  HIGHEST WIND SPEED    17   HIGHEST WIND DIRECTION    SW (220)
  HIGHEST GUST SPEED    20   HIGHEST GUST DIRECTION    SW (220)
  AVERAGE WIND SPEED     9.1


SKY COVER
  AVERAGE SKY COVER 0.0


WEATHER CONDITIONS
 THE FOLLOWING WEATHER WAS RECORDED TODAY.
  NO SIGNIFICANT WEATHER WAS OBSERVED.


RELATIVE HUMIDITY (PERCENT)
 HIGHEST    52           500 AM
 LOWEST     30          1000 AM
 AVERAGE    41

..........................................................


THE BRIDGEPORT CT CLIMATE NORMALS FOR TOMORROW
                         NORMAL    RECORD    YEAR
 MAXIMUM TEMPERATURE (F)   51        76      1991
 MINIMUM TEMPERATURE (F)   35        17      1966


SUNRISE AND SUNSET
MARCH 27 2014.........SUNRISE   644 AM EDT   SUNSET   712 PM EDT
MARCH 28 2014.........SUNRISE   643 AM EDT   SUNSET   713 PM EDT


-  INDICATES NEGATIVE NUMBERS.
R  INDICATES RECORD WAS SET OR TIED.
MM INDICATES DATA IS MISSING.
T  INDICATES TRACE AMOUNT.




$$
