000
CDUS41 KOKX 170617
CLIBDR


CLIMATE REPORT
NATIONAL WEATHER SERVICE NEW YORK NY
117 AM EST WED DEC 17 2014


...................................

...THE BRIDGEPORT CT CLIMATE SUMMARY FOR DECEMBER 16 2014...

CLIMATE NORMAL PERIOD 1981 TO 2010
CLIMATE RECORD PERIOD 1948 TO 2014


WEATHER ITEM   OBSERVED TIME   RECORD YEAR NORMAL DEPARTURE LAST
                VALUE   (LST)  VALUE       VALUE  FROM      YEAR
                                                  NORMAL
..................................................................
TEMPERATURE (F)
 YESTERDAY
  MAXIMUM         45    738 PM  64    1971  42      3       34
  MINIMUM         32    429 AM  11    1961  28      4       19
  AVERAGE         39                        35      4       27

PRECIPITATION (IN)
  YESTERDAY        0.15          1.32 1974   0.10   0.05     0.00
  MONTH TO DATE    4.33                      1.80   2.53     2.09
  SINCE DEC 1      4.33                      1.80   2.53     2.09
  SINCE JAN 1     44.89                     41.21   3.68    34.42

SNOWFALL (IN)
  YESTERDAY        0.0           2.0  1970   0.1   -0.1      0.0
  MONTH TO DATE    0.7                       1.9   -1.2      7.1
  SINCE OCT 1      0.9                       2.6   -1.7      7.2
  SINCE JUL 1      0.9                       2.6   -1.7      7.2
  SNOW DEPTH       0

DEGREE DAYS
 HEATING
  YESTERDAY       26                        30     -4       38
  MONTH TO DATE  424                       438    -14      477
  SINCE DEC 1    424                       438    -14      477
  SINCE JUL 1   1330                      1412    -82     1430

 COOLING
  YESTERDAY        0                         0      0        0
  MONTH TO DATE    0                         0      0        0
  SINCE DEC 1      0                         0      0        0
  SINCE JAN 1    884                       825     59     1003
..................................................................


WIND (MPH)
  HIGHEST WIND SPEED    14   HIGHEST WIND DIRECTION     E (70)
  HIGHEST GUST SPEED    17   HIGHEST GUST DIRECTION     E (70)
  AVERAGE WIND SPEED     6.8


SKY COVER
  AVERAGE SKY COVER 0.8


WEATHER CONDITIONS
 THE FOLLOWING WEATHER WAS RECORDED YESTERDAY.
  LIGHT RAIN
  FOG


RELATIVE HUMIDITY (PERCENT)
 HIGHEST   100          1100 PM
 LOWEST     79          1200 PM
 AVERAGE    90

..........................................................


THE BRIDGEPORT CT CLIMATE NORMALS FOR TODAY
                         NORMAL    RECORD    YEAR
 MAXIMUM TEMPERATURE (F)   42        61      2000
 MINIMUM TEMPERATURE (F)   28         5      1951


SUNRISE AND SUNSET
DECEMBER 17 2014......SUNRISE   712 AM EST   SUNSET   425 PM EST
DECEMBER 18 2014......SUNRISE   713 AM EST   SUNSET   426 PM EST


-  INDICATES NEGATIVE NUMBERS.
R  INDICATES RECORD WAS SET OR TIED.
MM INDICATES DATA IS MISSING.
T  INDICATES TRACE AMOUNT.




$$
