000
CDUS41 KOKX 040622
CLIBDR


CLIMATE REPORT
NATIONAL WEATHER SERVICE NEW YORK NY
121 AM EST SAT FEB 4 2017


...................................

...THE BRIDGEPORT CT CLIMATE SUMMARY FOR FEBRUARY 3 2017...

CLIMATE NORMAL PERIOD 1981 TO 2010
CLIMATE RECORD PERIOD 1948 TO 2017


WEATHER ITEM   OBSERVED TIME   RECORD YEAR NORMAL DEPARTURE LAST
                VALUE   (LST)  VALUE       VALUE  FROM      YEAR
                                                  NORMAL
..................................................................
TEMPERATURE (F)
 YESTERDAY
  MAXIMUM         35    259 PM  56    2016  38     -3       56
  MINIMUM         25    726 AM   0    1955  24      1       33
  AVERAGE         30                        31     -1       45

PRECIPITATION (IN)
  YESTERDAY        0.00          2.30 1972   0.09  -0.09     1.24
  MONTH TO DATE    T                         0.27  -0.27     1.24
  SINCE DEC 1      6.71                      6.70   0.01     8.44
  SINCE JAN 1      3.28                      3.37  -0.09     3.50

SNOWFALL (IN)
  YESTERDAY        0.0           6.7  2014   0.3   -0.3      0.0
  MONTH TO DATE    0.0                       0.8   -0.8      0.0
  SINCE OCT 1     17.0                      14.3    2.7     11.0
  SINCE JUL 1     17.0                      14.3    2.7     11.0
  SNOW DEPTH       0

DEGREE DAYS
 HEATING
  YESTERDAY       35                        34      1       20
  MONTH TO DATE   89                       103    -14       62
  SINCE DEC 1   1789                      2105   -316     1586
  SINCE JUL 1   2517                      3079   -562     2330

 COOLING
  YESTERDAY        0                         0      0        0
  MONTH TO DATE    0                         0      0        0
  SINCE DEC 1      0                         0      0        0
  SINCE JAN 1      0                         0      0        0
..................................................................


WIND (MPH)
  HIGHEST WIND SPEED    23   HIGHEST WIND DIRECTION    NW (300)
  HIGHEST GUST SPEED    28   HIGHEST GUST DIRECTION    NW (310)
  AVERAGE WIND SPEED     9.8


SKY COVER
  AVERAGE SKY COVER 0.1


WEATHER CONDITIONS
 THE FOLLOWING WEATHER WAS RECORDED YESTERDAY.
  NO SIGNIFICANT WEATHER WAS OBSERVED.


RELATIVE HUMIDITY (PERCENT)
 HIGHEST    50           200 AM
 LOWEST     35           500 PM
 AVERAGE    43

..........................................................


THE BRIDGEPORT CT CLIMATE NORMALS FOR TODAY
                         NORMAL    RECORD    YEAR
 MAXIMUM TEMPERATURE (F)   38        59      1991
 MINIMUM TEMPERATURE (F)   24         5      1996
                                             1955


SUNRISE AND SUNSET
FEBRUARY  4 2017......SUNRISE   700 AM EST   SUNSET   513 PM EST
FEBRUARY  5 2017......SUNRISE   659 AM EST   SUNSET   515 PM EST


-  INDICATES NEGATIVE NUMBERS.
R  INDICATES RECORD WAS SET OR TIED.
MM INDICATES DATA IS MISSING.
T  INDICATES TRACE AMOUNT.




$$
