000
CDUS41 KOKX 140620
CLIBDR


CLIMATE REPORT
NATIONAL WEATHER SERVICE NEW YORK NY
120 AM EST SUN DEC 14 2014


...................................

...THE BRIDGEPORT CT CLIMATE SUMMARY FOR DECEMBER 13 2014...

CLIMATE NORMAL PERIOD 1981 TO 2010
CLIMATE RECORD PERIOD 1948 TO 2014


WEATHER ITEM   OBSERVED TIME   RECORD YEAR NORMAL DEPARTURE LAST
                VALUE   (LST)  VALUE       VALUE  FROM      YEAR
                                                  NORMAL
..................................................................
TEMPERATURE (F)
 YESTERDAY
  MAXIMUM         45    237 PM  58    1990  43      2       36
  MINIMUM         31    638 AM   7    1960  29      2       22
  AVERAGE         38                        36      2       29

PRECIPITATION (IN)
  YESTERDAY        0.00          1.25 2009   0.10  -0.10     0.00
  MONTH TO DATE    4.18                      1.49   2.69     1.10
  SINCE DEC 1      4.18                      1.49   2.69     1.10
  SINCE JAN 1     44.74                     40.90   3.84    33.43

SNOWFALL (IN)
  YESTERDAY        0.0           6.1  1988   0.2   -0.2      0.0
  MONTH TO DATE    0.7                       1.5   -0.8      2.1
  SINCE OCT 1      0.9                       2.2   -1.3      2.2
  SINCE JUL 1      0.9                       2.2   -1.3      2.2
  SNOW DEPTH       0

DEGREE DAYS
 HEATING
  YESTERDAY       27                        29     -2       36
  MONTH TO DATE  347                       349     -2      365
  SINCE DEC 1    347                       349     -2      365
  SINCE JUL 1   1253                      1323    -70     1318

 COOLING
  YESTERDAY        0                         0      0        0
  MONTH TO DATE    0                         0      0        0
  SINCE DEC 1      0                         0      0        0
  SINCE JAN 1    884                       825     59     1003
..................................................................


WIND (MPH)
  HIGHEST WIND SPEED    21   HIGHEST WIND DIRECTION    NW (310)
  HIGHEST GUST SPEED    27   HIGHEST GUST DIRECTION    NW (300)
  AVERAGE WIND SPEED     9.9


SKY COVER
  AVERAGE SKY COVER 0.3


WEATHER CONDITIONS
 THE FOLLOWING WEATHER WAS RECORDED YESTERDAY.
  NO SIGNIFICANT WEATHER WAS OBSERVED.


RELATIVE HUMIDITY (PERCENT)
 HIGHEST    78           600 AM
 LOWEST     45           300 PM
 AVERAGE    62

..........................................................


THE BRIDGEPORT CT CLIMATE NORMALS FOR TODAY
                         NORMAL    RECORD    YEAR
 MAXIMUM TEMPERATURE (F)   43        58      1991
 MINIMUM TEMPERATURE (F)   29         9      1976


SUNRISE AND SUNSET
DECEMBER 14 2014......SUNRISE   710 AM EST   SUNSET   424 PM EST
DECEMBER 15 2014......SUNRISE   711 AM EST   SUNSET   425 PM EST


-  INDICATES NEGATIVE NUMBERS.
R  INDICATES RECORD WAS SET OR TIED.
MM INDICATES DATA IS MISSING.
T  INDICATES TRACE AMOUNT.




$$
