000
CDUS41 KOKX 042046
CLIBDR


CLIMATE REPORT
NATIONAL WEATHER SERVICE NEW YORK NY
445 PM EDT TUE APR 4 2017


...................................

...THE BRIDGEPORT CT CLIMATE SUMMARY FOR APRIL 4 2017...
VALID TODAY AS OF 0400 PM LOCAL TIME.

CLIMATE NORMAL PERIOD 1981 TO 2010
CLIMATE RECORD PERIOD 1948 TO 2017


WEATHER ITEM   OBSERVED TIME   RECORD YEAR NORMAL DEPARTURE LAST
                VALUE   (LST)  VALUE       VALUE  FROM      YEAR
                                                  NORMAL
..................................................................
TEMPERATURE (F)
 TODAY
  MAXIMUM         49    259 PM  69    2012  54     -5       40
  MINIMUM         44    658 AM  21    1954  37      7       29
  AVERAGE         47                        45      2       35

PRECIPITATION (IN)
  TODAY            1.81          2.61 1987   0.14   1.67     0.53
  MONTH TO DATE    1.83                      0.57   1.26     1.46
  SINCE MAR 1      6.17                      4.62   1.55     3.63
  SINCE JAN 1     11.36                     10.51   0.85    10.79

SNOWFALL (IN)
  TODAY            0.0           2.4  1957   0.0    0.0      0.1
  MONTH TO DATE    0.0                       0.2   -0.2      0.1
  SINCE OCT 1     40.9                      26.9   14.0     27.3
  SINCE JUL 1     40.9                      26.9   14.0     27.3
  SNOW DEPTH       0

DEGREE DAYS
 HEATING
  TODAY           18                        20     -2       30
  MONTH TO DATE   70                        81    -11       78
  SINCE MAR 1    918                       878     40      701
  SINCE JUL 1   4085                      4765   -680     3836

 COOLING
  TODAY            0                         0      0        0
  MONTH TO DATE    0                         0      0        0
  SINCE MAR 1      0                         0      0        0
  SINCE JAN 1      0                         0      0        0
..................................................................


WIND (MPH)
  HIGHEST WIND SPEED    25   HIGHEST WIND DIRECTION     E (70)
  HIGHEST GUST SPEED    30   HIGHEST GUST DIRECTION    NE (60)
  AVERAGE WIND SPEED    16.8


SKY COVER
  AVERAGE SKY COVER 1.0


WEATHER CONDITIONS
 THE FOLLOWING WEATHER WAS RECORDED TODAY.
  HEAVY RAIN
  RAIN
  LIGHT RAIN
  FOG


RELATIVE HUMIDITY (PERCENT)
 HIGHEST    93           500 AM
 LOWEST     86           200 AM
 AVERAGE    90

..........................................................


THE BRIDGEPORT CT CLIMATE NORMALS FOR TOMORROW
                         NORMAL    RECORD    YEAR
 MAXIMUM TEMPERATURE (F)   54        70      1988
 MINIMUM TEMPERATURE (F)   38        22      1995


SUNRISE AND SUNSET
APRIL  4 2017.........SUNRISE   631 AM EDT   SUNSET   721 PM EDT
APRIL  5 2017.........SUNRISE   629 AM EDT   SUNSET   722 PM EDT


-  INDICATES NEGATIVE NUMBERS.
R  INDICATES RECORD WAS SET OR TIED.
MM INDICATES DATA IS MISSING.
T  INDICATES TRACE AMOUNT.




$$
