000
CDUS41 KOKX 190619
CLIBDR


CLIMATE REPORT
NATIONAL WEATHER SERVICE NEW YORK NY
219 AM EDT FRI JUN 19 2015


...................................

...THE BRIDGEPORT CT CLIMATE SUMMARY FOR JUNE 18 2015...

CLIMATE NORMAL PERIOD 1981 TO 2010
CLIMATE RECORD PERIOD 1948 TO 2015


WEATHER ITEM   OBSERVED TIME   RECORD YEAR NORMAL DEPARTURE LAST
                VALUE   (LST)  VALUE       VALUE  FROM      YEAR
                                                  NORMAL
..................................................................
TEMPERATURE (F)
 YESTERDAY
  MAXIMUM         70    117 PM  91    1994  78     -8       89
  MINIMUM         62    518 AM  46    1958  61      1       71
                                      1950
  AVERAGE         66                        70     -4       80

PRECIPITATION (IN)
  YESTERDAY        0.00          2.15 2009   0.11  -0.11     0.00
  MONTH TO DATE    2.24                      2.43  -0.19     3.32
  SINCE JUN 1      2.24                      2.43  -0.19     3.32
  SINCE JAN 1     16.54                     20.30  -3.76    24.98

SNOWFALL (IN)
  YESTERDAY        0.0           0.0  2002   0.0    0.0      0.0
                                      2001
  MONTH TO DATE    0.0                       0.0    0.0      0.0
  SINCE OCT 1     59.7                      27.6   32.1     57.4
  SINCE JUL 1     59.7                      27.6   32.1     57.4
  SNOW DEPTH       0

DEGREE DAYS
 HEATING
  YESTERDAY        0                         1     -1        0
  MONTH TO DATE   52                        29     23        4
  SINCE JUN 1     52                        29     23        4
  SINCE JUL 1   5673                      5389    284     5618

 COOLING
  YESTERDAY        1                         5     -4       15
  MONTH TO DATE   73                        64      9       64
  SINCE JUN 1     73                        64      9       64
  SINCE JAN 1    127                        88     39       87
..................................................................


WIND (MPH)
  HIGHEST WIND SPEED    12   HIGHEST WIND DIRECTION    SW (210)
  HIGHEST GUST SPEED    13   HIGHEST GUST DIRECTION     S (190)
  AVERAGE WIND SPEED     5.5


SKY COVER
  AVERAGE SKY COVER 0.8


WEATHER CONDITIONS
 THE FOLLOWING WEATHER WAS RECORDED YESTERDAY.
  NO SIGNIFICANT WEATHER WAS OBSERVED.


RELATIVE HUMIDITY (PERCENT)
 HIGHEST    81           600 PM
 LOWEST     70           200 PM
 AVERAGE    76

..........................................................


THE BRIDGEPORT CT CLIMATE NORMALS FOR TODAY
                         NORMAL    RECORD    YEAR
 MAXIMUM TEMPERATURE (F)   78        96      1994
 MINIMUM TEMPERATURE (F)   62        51      1986


SUNRISE AND SUNSET
JUNE 19 2015..........SUNRISE   520 AM EDT   SUNSET   828 PM EDT
JUNE 20 2015..........SUNRISE   520 AM EDT   SUNSET   828 PM EDT


-  INDICATES NEGATIVE NUMBERS.
R  INDICATES RECORD WAS SET OR TIED.
MM INDICATES DATA IS MISSING.
T  INDICATES TRACE AMOUNT.




$$
