000
CDUS41 KOKX 030616
CLIBDR


CLIMATE REPORT
NATIONAL WEATHER SERVICE NEW YORK NY
215 AM EDT WED AUG 3 2016


...................................

...THE BRIDGEPORT CT CLIMATE SUMMARY FOR AUGUST 2 2016...

CLIMATE NORMAL PERIOD 1981 TO 2010
CLIMATE RECORD PERIOD 1948 TO 2016


WEATHER ITEM   OBSERVED TIME   RECORD YEAR NORMAL DEPARTURE LAST
                VALUE   (LST)  VALUE       VALUE  FROM      YEAR
                                                  NORMAL
..................................................................
TEMPERATURE (F)
 YESTERDAY
  MAXIMUM         76    441 PM  96    2006  82     -6       85
                                      1995
                                      1975
  MINIMUM         67   1159 PM  57    1953  67      0       66
                                      1951
  AVERAGE         72                        75     -3       76

PRECIPITATION (IN)
  YESTERDAY        0.17          1.20 2002   0.13   0.04     0.00
  MONTH TO DATE    0.17                      0.27  -0.10     0.00
  SINCE JUN 1      6.23                      7.34  -1.11     7.40
  SINCE JAN 1     21.77                     25.21  -3.44    21.70

SNOWFALL (IN)
  YESTERDAY        0.0           0.0  2002   0.0    0.0      0.0
                                      2001
  MONTH TO DATE    0.0                       0.0    0.0      0.0
  SINCE OCT 1     27.3                      27.6   -0.3     59.7
  SINCE JUL 1      0.0                       0.0    0.0      0.0
  SNOW DEPTH       0

DEGREE DAYS
 HEATING
  YESTERDAY        0                         0      0        0
  MONTH TO DATE    0                         0      0        0
  SINCE JUN 1      4                        33    -29       52
  SINCE JUL 1      0                         1     -1        0

 COOLING
  YESTERDAY        7                        10     -3       11
  MONTH TO DATE   17                        20     -3       26
  SINCE JUN 1    586                       452    134      540
  SINCE JAN 1    644                       476    168      594
..................................................................


WIND (MPH)
  HIGHEST WIND SPEED    16   HIGHEST WIND DIRECTION     E (100)
  HIGHEST GUST SPEED    20   HIGHEST GUST DIRECTION     E (100)
  AVERAGE WIND SPEED     8.4


SKY COVER
  AVERAGE SKY COVER 0.7


WEATHER CONDITIONS
 THE FOLLOWING WEATHER WAS RECORDED YESTERDAY.
  THUNDERSTORM
  LIGHT RAIN
  FOG


RELATIVE HUMIDITY (PERCENT)
 HIGHEST    84           800 AM
 LOWEST     60           400 PM
 AVERAGE    72

..........................................................


THE BRIDGEPORT CT CLIMATE NORMALS FOR TODAY
                         NORMAL    RECORD    YEAR
 MAXIMUM TEMPERATURE (F)   82        97      2006
 MINIMUM TEMPERATURE (F)   67        54      1956


SUNRISE AND SUNSET
AUGUST  3 2016........SUNRISE   550 AM EDT   SUNSET   806 PM EDT
AUGUST  4 2016........SUNRISE   551 AM EDT   SUNSET   805 PM EDT


-  INDICATES NEGATIVE NUMBERS.
R  INDICATES RECORD WAS SET OR TIED.
MM INDICATES DATA IS MISSING.
T  INDICATES TRACE AMOUNT.




$$
