530
CDUS41 KOKX 060618
CLIBDR


CLIMATE REPORT
NATIONAL WEATHER SERVICE NEW YORK NY
118 AM EST SAT JAN 6 2018


...................................

...THE BRIDGEPORT CT CLIMATE SUMMARY FOR JANUARY 5 2018...

CLIMATE NORMAL PERIOD 1981 TO 2010
CLIMATE RECORD PERIOD 1948 TO 2018


WEATHER ITEM   OBSERVED TIME   RECORD YEAR NORMAL DEPARTURE LAST
                VALUE   (LST)  VALUE       VALUE  FROM      YEAR
                                                  NORMAL
..................................................................
TEMPERATURE (F)
 YESTERDAY
  MAXIMUM         22   1217 AM  60    1993  38    -16       36
  MINIMUM          8   1153 PM   0    1981  23    -15       29
  AVERAGE         15                        30    -15       33

PRECIPITATION (IN)
  YESTERDAY        0.00          1.07 1993   0.11  -0.11     0.00
                                      1949
  MONTH TO DATE    0.86                      0.52   0.34     0.77
  SINCE DEC 1      2.55                      3.85  -1.30     4.20
  SINCE JAN 1      0.86                      0.52   0.34     0.77

SNOWFALL (IN)
  YESTERDAY        0.0           2.0  1985   0.2   -0.2      0.0
  MONTH TO DATE    9.0                       1.2    7.8      0.0
  SINCE OCT 1     17.7                       7.0   10.7      6.0
  SINCE JUL 1     17.7                       7.0   10.7      6.0
  SNOW DEPTH       8

DEGREE DAYS
 HEATING
  YESTERDAY       50                        35     15       32
  MONTH TO DATE  236                       171     65      129
  SINCE DEC 1   1207                      1090    117      966
  SINCE JUL 1   1962                      2064   -102     1694

 COOLING
  YESTERDAY        0                         0      0        0
  MONTH TO DATE    0                         0      0        0
  SINCE DEC 1      0                         0      0        0
  SINCE JAN 1      0                         0      0        0
..................................................................


WIND (MPH)
  HIGHEST WIND SPEED    37   HIGHEST WIND DIRECTION     W (290)
  HIGHEST GUST SPEED    48   HIGHEST GUST DIRECTION    NW (300)
  AVERAGE WIND SPEED    20.0


SKY COVER
  AVERAGE SKY COVER 0.1


WEATHER CONDITIONS
 THE FOLLOWING WEATHER WAS RECORDED YESTERDAY.
  HAZE
  BLOWING SNOW


RELATIVE HUMIDITY (PERCENT)
 HIGHEST    58           500 AM
 LOWEST     45          1000 PM
 AVERAGE    52

..........................................................


THE BRIDGEPORT CT CLIMATE NORMALS FOR TODAY
                         NORMAL    RECORD    YEAR
 MAXIMUM TEMPERATURE (F)   37        68      2007
 MINIMUM TEMPERATURE (F)   23         2      1996


SUNRISE AND SUNSET
JANUARY  6 2018.......SUNRISE   718 AM EST   SUNSET   439 PM EST
JANUARY  7 2018.......SUNRISE   718 AM EST   SUNSET   440 PM EST


-  INDICATES NEGATIVE NUMBERS.
R  INDICATES RECORD WAS SET OR TIED.
MM INDICATES DATA IS MISSING.
T  INDICATES TRACE AMOUNT.




$$
