000
CDUS41 KOKX 162141
CLIBDR


CLIMATE REPORT
NATIONAL WEATHER SERVICE NEW YORK NY
431 PM EST MON FEB 16 2015


...................................

...THE BRIDGEPORT CT CLIMATE SUMMARY FOR FEBRUARY 16 2015...
VALID TODAY AS OF 0400 PM LOCAL TIME.

CLIMATE NORMAL PERIOD 1981 TO 2010
CLIMATE RECORD PERIOD 1948 TO 2015


WEATHER ITEM   OBSERVED TIME   RECORD YEAR NORMAL DEPARTURE LAST
                VALUE   (LST)  VALUE       VALUE  FROM      YEAR
                                                  NORMAL
..................................................................
TEMPERATURE (F)
 TODAY
  MAXIMUM         20    327 PM  57    1982  40    -20       32
                                      1976
  MINIMUM         -2R   705 AM   4    1987  25    -27       22
  AVERAGE          9                        33    -24       27

PRECIPITATION (IN)
  TODAY            0.00          0.88 1958   0.11  -0.11     0.01
  MONTH TO DATE    1.28                      1.49  -0.21     3.56
  SINCE DEC 1     11.04                      7.92   3.12    10.67
  SINCE JAN 1      5.39                      4.59   0.80     6.34

SNOWFALL (IN)
  TODAY            0.0          13.0  1958   0.3   -0.3      0.1
  MONTH TO DATE   15.9                       4.5   11.4     29.4
  SINCE OCT 1     35.5                      18.0   17.5     53.8
  SINCE JUL 1     35.5                      18.0   17.5     53.8
  SNOW DEPTH      10

DEGREE DAYS
 HEATING
  TODAY           56                        32     24       38
  MONTH TO DATE  705                       537    168      594
  SINCE DEC 1   2648                      2539    109     2685
  SINCE JUL 1   3554                      3513     41     3638

 COOLING
  TODAY            0                         0      0        0
  MONTH TO DATE    0                         0      0        0
  SINCE DEC 1      0                         0      0        0
  SINCE JAN 1      0                         0      0        0
..................................................................


WIND (MPH)
  HIGHEST WIND SPEED    26   HIGHEST WIND DIRECTION    NW (300)
  HIGHEST GUST SPEED    33   HIGHEST GUST DIRECTION    NW (300)
  AVERAGE WIND SPEED    14.9


SKY COVER
  AVERAGE SKY COVER 0.0


WEATHER CONDITIONS
 THE FOLLOWING WEATHER WAS RECORDED TODAY.
  NO SIGNIFICANT WEATHER WAS OBSERVED.


RELATIVE HUMIDITY (PERCENT)
 HIGHEST    57           100 AM
 LOWEST     25           400 PM
 AVERAGE    41

..........................................................


THE BRIDGEPORT CT CLIMATE NORMALS FOR TOMORROW
                         NORMAL    RECORD    YEAR
 MAXIMUM TEMPERATURE (F)   40        65      1976
 MINIMUM TEMPERATURE (F)   26         3      1979


SUNRISE AND SUNSET
FEBRUARY 16 2015......SUNRISE   646 AM EST   SUNSET   528 PM EST
FEBRUARY 17 2015......SUNRISE   645 AM EST   SUNSET   529 PM EST


-  INDICATES NEGATIVE NUMBERS.
R  INDICATES RECORD WAS SET OR TIED.
MM INDICATES DATA IS MISSING.
T  INDICATES TRACE AMOUNT.




$$
