000
CDUS41 KOKX 180617
CLIBDR


CLIMATE REPORT
NATIONAL WEATHER SERVICE NEW YORK NY
217 AM EDT WED MAR 18 2015


...................................

...THE BRIDGEPORT CT CLIMATE SUMMARY FOR MARCH 17 2015...

CLIMATE NORMAL PERIOD 1981 TO 2010
CLIMATE RECORD PERIOD 1948 TO 2015


WEATHER ITEM   OBSERVED TIME   RECORD YEAR NORMAL DEPARTURE LAST
                VALUE   (LST)  VALUE       VALUE  FROM      YEAR
                                                  NORMAL
..................................................................
TEMPERATURE (F)
 YESTERDAY
  MAXIMUM         55   1236 PM  64    1990  47      8       34
  MINIMUM         33   1159 PM  14    1967  32      1       22
  AVERAGE         44                        39      5       28

PRECIPITATION (IN)
  YESTERDAY        0.12          1.10 1973   0.14  -0.02     0.00
  MONTH TO DATE    3.56                      2.14   1.42     0.34
  SINCE MAR 1      3.56                      2.14   1.42     0.34
  SINCE JAN 1      9.90                      8.03   1.87     7.32

SNOWFALL (IN)
  YESTERDAY        0.0           4.4  1967   0.2   -0.2      0.0
  MONTH TO DATE   11.4                       3.6    7.8      0.1
  SINCE OCT 1     52.5                      25.2   27.3     56.6
  SINCE JUL 1     52.5                      25.2   27.3     56.6
  SNOW DEPTH       1

DEGREE DAYS
 HEATING
  YESTERDAY       21                        26     -5       37
  MONTH TO DATE  542                       473     69      556
  SINCE MAR 1    542                       473     69      556
  SINCE JUL 1   4648                      4360    288     4604

 COOLING
  YESTERDAY        0                         0      0        0
  MONTH TO DATE    0                         0      0        0
  SINCE MAR 1      0                         0      0        0
  SINCE JAN 1      0                         0      0        0
..................................................................


WIND (MPH)
  HIGHEST WIND SPEED    33   HIGHEST WIND DIRECTION    NW (300)
  HIGHEST GUST SPEED    44   HIGHEST GUST DIRECTION     W (290)
  AVERAGE WIND SPEED    11.5


SKY COVER
  AVERAGE SKY COVER 0.6


WEATHER CONDITIONS
 THE FOLLOWING WEATHER WAS RECORDED YESTERDAY.
  LIGHT RAIN
  FOG


RELATIVE HUMIDITY (PERCENT)
 HIGHEST   100           600 AM
 LOWEST     32           900 PM
 AVERAGE    66

..........................................................


THE BRIDGEPORT CT CLIMATE NORMALS FOR TODAY
                         NORMAL    RECORD    YEAR
 MAXIMUM TEMPERATURE (F)   48        76      2011
 MINIMUM TEMPERATURE (F)   32         9      1967


SUNRISE AND SUNSET
MARCH 18 2015.........SUNRISE   700 AM EDT   SUNSET   702 PM EDT
MARCH 19 2015.........SUNRISE   658 AM EDT   SUNSET   703 PM EDT


-  INDICATES NEGATIVE NUMBERS.
R  INDICATES RECORD WAS SET OR TIED.
MM INDICATES DATA IS MISSING.
T  INDICATES TRACE AMOUNT.




$$
