000
CDUS41 KOKX 180623
CLIBDR


CLIMATE REPORT
NATIONAL WEATHER SERVICE NEW YORK NY
122 AM EST WED FEB 18 2015


...................................

...THE BRIDGEPORT CT CLIMATE SUMMARY FOR FEBRUARY 17 2015...

CLIMATE NORMAL PERIOD 1981 TO 2010
CLIMATE RECORD PERIOD 1948 TO 2015


WEATHER ITEM   OBSERVED TIME   RECORD YEAR NORMAL DEPARTURE LAST
                VALUE   (LST)  VALUE       VALUE  FROM      YEAR
                                                  NORMAL
..................................................................
TEMPERATURE (F)
 YESTERDAY
  MAXIMUM         26    403 PM  65    1976  40    -14       31
  MINIMUM         11    629 AM   3    1979  26    -15       14
  AVERAGE         19                        33    -14       23

PRECIPITATION (IN)
  YESTERDAY        0.05          1.09 1951   0.10  -0.05     0.00
  MONTH TO DATE    1.33                      1.59  -0.26     3.56
  SINCE DEC 1     11.09                      8.02   3.07    10.67
  SINCE JAN 1      5.44                      4.69   0.75     6.34

SNOWFALL (IN)
  YESTERDAY        1.3          17.0  2003   0.4    0.9      0.0
  MONTH TO DATE   17.2                       4.9   12.3     29.4
  SINCE OCT 1     36.8                      18.4   18.4     53.8
  SINCE JUL 1     36.8                      18.4   18.4     53.8
  SNOW DEPTH      11

DEGREE DAYS
 HEATING
  YESTERDAY       46                        32     14       42
  MONTH TO DATE  751                       569    182      636
  SINCE DEC 1   2694                      2571    123     2727
  SINCE JUL 1   3600                      3545     55     3680

 COOLING
  YESTERDAY        0                         0      0        0
  MONTH TO DATE    0                         0      0        0
  SINCE DEC 1      0                         0      0        0
  SINCE JAN 1      0                         0      0        0
..................................................................


WIND (MPH)
  HIGHEST WIND SPEED    14   HIGHEST WIND DIRECTION     N (360)
  HIGHEST GUST SPEED    16   HIGHEST GUST DIRECTION     N (360)
  AVERAGE WIND SPEED     6.1


SKY COVER
  AVERAGE SKY COVER 0.6


WEATHER CONDITIONS
 THE FOLLOWING WEATHER WAS RECORDED YESTERDAY.
  LIGHT SNOW
  FOG
  HAZE


RELATIVE HUMIDITY (PERCENT)
 HIGHEST    88          1100 PM
 LOWEST     36           200 AM
 AVERAGE    62

..........................................................


THE BRIDGEPORT CT CLIMATE NORMALS FOR TODAY
                         NORMAL    RECORD    YEAR
 MAXIMUM TEMPERATURE (F)   40        60      1981
 MINIMUM TEMPERATURE (F)   26         0      1979


SUNRISE AND SUNSET
FEBRUARY 18 2015......SUNRISE   643 AM EST   SUNSET   530 PM EST
FEBRUARY 19 2015......SUNRISE   642 AM EST   SUNSET   531 PM EST


-  INDICATES NEGATIVE NUMBERS.
R  INDICATES RECORD WAS SET OR TIED.
MM INDICATES DATA IS MISSING.
T  INDICATES TRACE AMOUNT.




$$
