000
CDUS41 KOKX 120619
CLIBDR


CLIMATE REPORT
NATIONAL WEATHER SERVICE NEW YORK NY
218 AM EDT THU MAY 12 2016


...................................

...THE BRIDGEPORT CT CLIMATE SUMMARY FOR MAY 11 2016...

CLIMATE NORMAL PERIOD 1981 TO 2010
CLIMATE RECORD PERIOD 1948 TO 2016


WEATHER ITEM   OBSERVED TIME   RECORD YEAR NORMAL DEPARTURE LAST
                VALUE   (LST)  VALUE       VALUE  FROM      YEAR
                                                  NORMAL
..................................................................
TEMPERATURE (F)
 YESTERDAY
  MAXIMUM         73    253 PM  86    1953  66      7       81
  MINIMUM         44    432 AM  32    1966  49     -5       60
  AVERAGE         59                        58      1       71

PRECIPITATION (IN)
  YESTERDAY        0.00          1.01 1951   0.11  -0.11      T
  MONTH TO DATE    1.65                      1.26   0.39     0.01
  SINCE MAR 1      6.53                      9.44  -2.91     6.82
  SINCE JAN 1     13.69                     15.33  -1.64    13.16

SNOWFALL (IN)
  YESTERDAY        0.0           0.0  2002   0.0    0.0      0.0
                                      2001
  MONTH TO DATE    0.0                       0.0    0.0      0.0
  SINCE OCT 1     27.3                      27.6   -0.3     59.7
  SINCE JUL 1     27.3                      27.6   -0.3     59.7
  SNOW DEPTH       0

DEGREE DAYS
 HEATING
  YESTERDAY        6                         8     -2        0
  MONTH TO DATE  128                       102     26       53
  SINCE MAR 1   1212                      1370   -158     1467
  SINCE JUL 1   4347                      5257   -910     5573

 COOLING
  YESTERDAY        0                         0      0        6
  MONTH TO DATE    0                         0      0       11
  SINCE MAR 1      0                         2     -2       11
  SINCE JAN 1      0                         2     -2       11
..................................................................


WIND (MPH)
  HIGHEST WIND SPEED    13   HIGHEST WIND DIRECTION    SW (220)
  HIGHEST GUST SPEED    17   HIGHEST GUST DIRECTION    SW (210)
  AVERAGE WIND SPEED     5.6


SKY COVER
  AVERAGE SKY COVER 0.0


WEATHER CONDITIONS
 THE FOLLOWING WEATHER WAS RECORDED YESTERDAY.
  HAZE


RELATIVE HUMIDITY (PERCENT)
 HIGHEST    71           200 AM
 LOWEST     23           300 PM
 AVERAGE    47

..........................................................


THE BRIDGEPORT CT CLIMATE NORMALS FOR TODAY
                         NORMAL    RECORD    YEAR
 MAXIMUM TEMPERATURE (F)   66        88      1991
 MINIMUM TEMPERATURE (F)   49        40      1990


SUNRISE AND SUNSET
MAY 12 2016...........SUNRISE   537 AM EDT   SUNSET   801 PM EDT
MAY 13 2016...........SUNRISE   536 AM EDT   SUNSET   802 PM EDT


-  INDICATES NEGATIVE NUMBERS.
R  INDICATES RECORD WAS SET OR TIED.
MM INDICATES DATA IS MISSING.
T  INDICATES TRACE AMOUNT.




$$
