000
CDUS41 KOKX 082036
CLIBDR


CLIMATE REPORT
NATIONAL WEATHER SERVICE NEW YORK NY
436 PM EDT MON MAY 8 2017


...................................

...THE BRIDGEPORT CT CLIMATE SUMMARY FOR MAY 8 2017...
VALID TODAY AS OF 0400 PM LOCAL TIME.

CLIMATE NORMAL PERIOD 1981 TO 2010
CLIMATE RECORD PERIOD 1948 TO 2017


WEATHER ITEM   OBSERVED TIME   RECORD YEAR NORMAL DEPARTURE LAST
                VALUE   (LST)  VALUE       VALUE  FROM      YEAR
                                                  NORMAL
..................................................................
TEMPERATURE (F)
 TODAY
  MAXIMUM         58    115 PM  87    2000  65     -7       67
  MINIMUM         45    536 AM  37    1956  48     -3       47
  AVERAGE         52                        57     -5       57

PRECIPITATION (IN)
  TODAY            0.00          1.26 1971   0.11  -0.11     0.21
  MONTH TO DATE    1.43                      0.93   0.50     1.65
  SINCE MAR 1     10.59                      9.11   1.48     6.53
  SINCE JAN 1     15.78                     15.00   0.78    13.69

SNOWFALL (IN)
  TODAY            0.0           0.0  2002   0.0    0.0      0.0
                                      2001
  MONTH TO DATE    0.0                       0.0    0.0      0.0
  SINCE OCT 1     40.9                      27.6   13.3     27.3
  SINCE JUL 1     40.9                      27.6   13.3     27.3
  SNOW DEPTH       0

DEGREE DAYS
 HEATING
  TODAY           13                         9      4        8
  MONTH TO DATE   69                        78     -9      109
  SINCE MAR 1   1248                      1346    -98     1193
  SINCE JUL 1   4415                      5233   -818     4328

 COOLING
  TODAY            0                         0      0        0
  MONTH TO DATE    3                         0      3        0
  SINCE MAR 1     11                         2      9        0
  SINCE JAN 1     11                         2      9        0
..................................................................


WIND (MPH)
  HIGHEST WIND SPEED    23   HIGHEST WIND DIRECTION    NW (310)
  HIGHEST GUST SPEED    31   HIGHEST GUST DIRECTION    NW (300)
  AVERAGE WIND SPEED    10.8


SKY COVER
  AVERAGE SKY COVER 0.5


WEATHER CONDITIONS
 THE FOLLOWING WEATHER WAS RECORDED TODAY.
  NO SIGNIFICANT WEATHER WAS OBSERVED.


RELATIVE HUMIDITY (PERCENT)
 HIGHEST    71           200 AM
 LOWEST     33          1100 AM
 AVERAGE    52

..........................................................


THE BRIDGEPORT CT CLIMATE NORMALS FOR TOMORROW
                         NORMAL    RECORD    YEAR
 MAXIMUM TEMPERATURE (F)   65        84      2000
 MINIMUM TEMPERATURE (F)   48        37      1977
                                             1976
                                             1966


SUNRISE AND SUNSET
MAY  8 2017...........SUNRISE   541 AM EDT   SUNSET   757 PM EDT
MAY  9 2017...........SUNRISE   540 AM EDT   SUNSET   758 PM EDT


-  INDICATES NEGATIVE NUMBERS.
R  INDICATES RECORD WAS SET OR TIED.
MM INDICATES DATA IS MISSING.
T  INDICATES TRACE AMOUNT.




$$
