000
CDUS41 KOKX 270619
CLIBDR


CLIMATE REPORT
NATIONAL WEATHER SERVICE NEW YORK NY
219 AM EDT FRI JUN 27 2014


...................................

...THE BRIDGEPORT CT CLIMATE SUMMARY FOR JUNE 26 2014...

CLIMATE NORMAL PERIOD 1981 TO 2010
CLIMATE RECORD PERIOD 1948 TO 2014


WEATHER ITEM   OBSERVED TIME   RECORD YEAR NORMAL DEPARTURE LAST
                VALUE   (LST)  VALUE       VALUE  FROM      YEAR
                                                  NORMAL
..................................................................
TEMPERATURE (F)
 YESTERDAY
  MAXIMUM         88    300 PM  96    1949  80      8       85
  MINIMUM         67   1159 PM  52    1986  64      3       73
                                      1985
  AVERAGE         78                        72      6       79

PRECIPITATION (IN)
  YESTERDAY        0.03          0.45 2009   0.09  -0.06     0.01
  MONTH TO DATE    4.01                      3.23   0.78     8.88
  SINCE JUN 1      4.01                      3.23   0.78     8.88
  SINCE JAN 1     25.67                     21.10   4.57    22.48

SNOWFALL (IN)
  YESTERDAY        0.0           0.0  2002   0.0    0.0      0.0
                                      2001
  MONTH TO DATE    0.0                       0.0    0.0      0.0
  SINCE OCT 1     57.4                      27.6   29.8     64.3
  SINCE JUL 1     57.4                      27.6   29.8     64.3
  SNOW DEPTH       0

DEGREE DAYS
 HEATING
  YESTERDAY        0                         0      0        0
  MONTH TO DATE    4                        30    -26       18
  SINCE JUN 1      4                        30    -26       18
  SINCE JUL 1   5618                      5390    228     5094

 COOLING
  YESTERDAY       13                         7      6       14
  MONTH TO DATE  114                       113      1      134
  SINCE JUN 1    114                       113      1      134
  SINCE JAN 1    137                       137      0      172
..................................................................


WIND (MPH)
  HIGHEST WIND SPEED    18   HIGHEST WIND DIRECTION     E (90)
  HIGHEST GUST SPEED    23   HIGHEST GUST DIRECTION     N (10)
  AVERAGE WIND SPEED     9.0


SKY COVER
  AVERAGE SKY COVER 0.6


WEATHER CONDITIONS
 THE FOLLOWING WEATHER WAS RECORDED YESTERDAY.
  THUNDERSTORM
  LIGHT RAIN
  FOG


RELATIVE HUMIDITY (PERCENT)
 HIGHEST    93           500 AM
 LOWEST     46           500 PM
 AVERAGE    70

..........................................................


THE BRIDGEPORT CT CLIMATE NORMALS FOR TODAY
                         NORMAL    RECORD    YEAR
 MAXIMUM TEMPERATURE (F)   80        92      2003
                                             2001
                                             1963
 MINIMUM TEMPERATURE (F)   64        52      1981


SUNRISE AND SUNSET
JUNE 27 2014..........SUNRISE   522 AM EDT   SUNSET   829 PM EDT
JUNE 28 2014..........SUNRISE   522 AM EDT   SUNSET   829 PM EDT


-  INDICATES NEGATIVE NUMBERS.
R  INDICATES RECORD WAS SET OR TIED.
MM INDICATES DATA IS MISSING.
T  INDICATES TRACE AMOUNT.




$$
