000
CDUS41 KOKX 250616
CLIBDR


CLIMATE REPORT
NATIONAL WEATHER SERVICE NEW YORK NY
115 AM EST FRI NOV 25 2016


...................................

...THE BRIDGEPORT CT CLIMATE SUMMARY FOR NOVEMBER 24 2016...

CLIMATE NORMAL PERIOD 1981 TO 2010
CLIMATE RECORD PERIOD 1948 TO 2016


WEATHER ITEM   OBSERVED TIME   RECORD YEAR NORMAL DEPARTURE LAST
                VALUE   (LST)  VALUE       VALUE  FROM      YEAR
                                                  NORMAL
..................................................................
TEMPERATURE (F)
 YESTERDAY
  MAXIMUM         49    454 PM  63    1979  50     -1       46
  MINIMUM         37    810 AM  17    1989  36      1       27
  AVERAGE         43                        43      0       37

PRECIPITATION (IN)
  YESTERDAY        0.05          1.11 1980   0.12  -0.07     0.00
  MONTH TO DATE    1.55                      2.66  -1.11     1.23
  SINCE SEP 1      8.53                      9.78  -1.25     6.52
  SINCE JAN 1     33.29                     38.68  -5.39    30.11

SNOWFALL (IN)
  YESTERDAY        0.0           T    2012   0.1   -0.1      0.0
                                      1975
  MONTH TO DATE    T                         0.4   -0.4      0.0
  SINCE OCT 1      T                         0.4   -0.4       T
  SINCE JUL 1      T                         0.4   -0.4       T
  SNOW DEPTH       0

DEGREE DAYS
 HEATING
  YESTERDAY       22                        22      0       28
  MONTH TO DATE  383                       443    -60      337
  SINCE SEP 1    625                       829   -204      627
  SINCE JUL 1    625                       833   -208      627

 COOLING
  YESTERDAY        0                         0      0        0
  MONTH TO DATE    0                         0      0        2
  SINCE SEP 1    218                       107    111      202
  SINCE JAN 1   1270                       825    445     1122
..................................................................


WIND (MPH)
  HIGHEST WIND SPEED    15   HIGHEST WIND DIRECTION    NE (60)
  HIGHEST GUST SPEED    19   HIGHEST GUST DIRECTION    NE (60)
  AVERAGE WIND SPEED     9.0


SKY COVER
  AVERAGE SKY COVER 0.8


WEATHER CONDITIONS
 THE FOLLOWING WEATHER WAS RECORDED YESTERDAY.
  LIGHT RAIN


RELATIVE HUMIDITY (PERCENT)
 HIGHEST    80           400 PM
 LOWEST     50          1200 AM
 AVERAGE    65

..........................................................


THE BRIDGEPORT CT CLIMATE NORMALS FOR TODAY
                         NORMAL    RECORD    YEAR
 MAXIMUM TEMPERATURE (F)   50        64      2004
 MINIMUM TEMPERATURE (F)   35        18      2013


SUNRISE AND SUNSET
NOVEMBER 25 2016......SUNRISE   653 AM EST   SUNSET   427 PM EST
NOVEMBER 26 2016......SUNRISE   654 AM EST   SUNSET   426 PM EST


-  INDICATES NEGATIVE NUMBERS.
R  INDICATES RECORD WAS SET OR TIED.
MM INDICATES DATA IS MISSING.
T  INDICATES TRACE AMOUNT.




$$
