907
CDUS41 KOKX 160649
CLIBDR


CLIMATE REPORT
NATIONAL WEATHER SERVICE NEW YORK NY
249 AM EDT FRI SEP 16 2016


...................................

...THE BRIDGEPORT CT CLIMATE SUMMARY FOR SEPTEMBER 15 2016...

CLIMATE NORMAL PERIOD 1981 TO 2010
CLIMATE RECORD PERIOD 1948 TO 2016


WEATHER ITEM   OBSERVED TIME   RECORD YEAR NORMAL DEPARTURE LAST
                VALUE   (LST)  VALUE       VALUE  FROM      YEAR
                                                  NORMAL
..................................................................
TEMPERATURE (F)
 YESTERDAY
  MAXIMUM         71    505 PM  85    1993  74     -3       81
  MINIMUM         59    614 AM  46    1975  59      0       56
                                      1963
  AVERAGE         65                        67     -2       69

PRECIPITATION (IN)
  YESTERDAY        0.00          1.35 2006   0.12  -0.12     0.00
  MONTH TO DATE    0.75                      1.72  -0.97     1.59
  SINCE SEP 1      0.75                      1.72  -0.97     1.59
  SINCE JAN 1     25.51                     30.62  -5.11    25.18

SNOWFALL (IN)
  YESTERDAY        0.0           0.0  2002   0.0    0.0      0.0
                                      2001
  MONTH TO DATE    0.0                       0.0    0.0      0.0
  SINCE OCT 1     27.3                      27.6   -0.3     59.7
  SINCE JUL 1      0.0                       0.0    0.0      0.0
  SNOW DEPTH       0

DEGREE DAYS
 HEATING
  YESTERDAY        0                         2     -2        0
  MONTH TO DATE    0                        13    -13        0
  SINCE SEP 1      0                        13    -13        0
  SINCE JUL 1      0                        17    -17        0

 COOLING
  YESTERDAY        0                         3     -3        4
  MONTH TO DATE  137                        70     67      142
  SINCE SEP 1    137                        70     67      142
  SINCE JAN 1   1189                       788    401     1062
..................................................................


WIND (MPH)
  HIGHEST WIND SPEED    17   HIGHEST WIND DIRECTION     N (10)
  HIGHEST GUST SPEED    24   HIGHEST GUST DIRECTION     N (20)
  AVERAGE WIND SPEED     8.4


SKY COVER
  AVERAGE SKY COVER 0.1


WEATHER CONDITIONS
 THE FOLLOWING WEATHER WAS RECORDED YESTERDAY.
  NO SIGNIFICANT WEATHER WAS OBSERVED.


RELATIVE HUMIDITY (PERCENT)
 HIGHEST    67           500 AM
 LOWEST     41          1200 PM
 AVERAGE    54

..........................................................


THE BRIDGEPORT CT CLIMATE NORMALS FOR TODAY
                         NORMAL    RECORD    YEAR
 MAXIMUM TEMPERATURE (F)   74        89      1991
 MINIMUM TEMPERATURE (F)   58        43      1964


SUNRISE AND SUNSET
SEPTEMBER 16 2016.....SUNRISE   634 AM EDT   SUNSET   659 PM EDT
SEPTEMBER 17 2016.....SUNRISE   635 AM EDT   SUNSET   657 PM EDT


-  INDICATES NEGATIVE NUMBERS.
R  INDICATES RECORD WAS SET OR TIED.
MM INDICATES DATA IS MISSING.
T  INDICATES TRACE AMOUNT.




$$
