000
CDUS41 KOKX 010625
CLIBDR


CLIMATE REPORT
NATIONAL WEATHER SERVICE NEW YORK NY
225 AM EDT TUE AUG 1 2017


...................................

...THE BRIDGEPORT CT CLIMATE SUMMARY FOR JULY 31 2017...

CLIMATE NORMAL PERIOD 1981 TO 2010
CLIMATE RECORD PERIOD 1948 TO 2017


WEATHER ITEM   OBSERVED TIME   RECORD YEAR NORMAL DEPARTURE LAST
                VALUE   (LST)  VALUE       VALUE  FROM      YEAR
                                                  NORMAL
..................................................................
TEMPERATURE (F)
 YESTERDAY
  MAXIMUM         83    508 PM  94    1954  82      1       79
  MINIMUM         61    454 AM  55    1956  67     -6       71
  AVERAGE         72                        75     -3       75

PRECIPITATION (IN)
  YESTERDAY        0.00          1.61 1985   0.14  -0.14     0.24
  MONTH TO DATE    2.54                      3.46  -0.92     4.80
  SINCE JUN 1      4.94                      7.07  -2.13     6.06
  SINCE JAN 1     24.78                     24.94  -0.16    21.60

SNOWFALL (IN)
  YESTERDAY        0.0           0.0  2002   0.0    0.0      0.0
                                      2001
  MONTH TO DATE    0.0                       0.0    0.0      0.0
  SINCE OCT 1     40.9                      27.6   13.3     27.3
  SINCE JUL 1      0.0                       0.0    0.0      0.0
  SNOW DEPTH       0

DEGREE DAYS
 HEATING
  YESTERDAY        0                         0      0        0
  MONTH TO DATE    0                         0      0        0
  SINCE JUN 1     25                        33     -8        4
  SINCE JUL 1      0                         1     -1        0

 COOLING
  YESTERDAY        7                        10     -3       10
  MONTH TO DATE  323                       289     34      397
  SINCE JUN 1    537                       432    105      569
  SINCE JAN 1    581                       456    125      627
..................................................................


WIND (MPH)
  HIGHEST WIND SPEED    12   HIGHEST WIND DIRECTION     S (190)
  HIGHEST GUST SPEED    15   HIGHEST GUST DIRECTION     S (190)
  AVERAGE WIND SPEED     5.6


SKY COVER
  AVERAGE SKY COVER 0.0


WEATHER CONDITIONS
 THE FOLLOWING WEATHER WAS RECORDED YESTERDAY.
  NO SIGNIFICANT WEATHER WAS OBSERVED.


RELATIVE HUMIDITY (PERCENT)
 HIGHEST    84           500 AM
 LOWEST     46           300 PM
 AVERAGE    65

..........................................................


THE BRIDGEPORT CT CLIMATE NORMALS FOR TODAY
                         NORMAL    RECORD    YEAR
 MAXIMUM TEMPERATURE (F)   82        95      2006
 MINIMUM TEMPERATURE (F)   67        55      1964


SUNRISE AND SUNSET
AUGUST  1 2017........SUNRISE   548 AM EDT   SUNSET   809 PM EDT
AUGUST  2 2017........SUNRISE   549 AM EDT   SUNSET   808 PM EDT


-  INDICATES NEGATIVE NUMBERS.
R  INDICATES RECORD WAS SET OR TIED.
MM INDICATES DATA IS MISSING.
T  INDICATES TRACE AMOUNT.




$$
