000
CDUS41 KOKX 170617
CLIBDR


CLIMATE REPORT
NATIONAL WEATHER SERVICE NEW YORK NY
217 AM EDT TUE MAR 17 2015


...................................

...THE BRIDGEPORT CT CLIMATE SUMMARY FOR MARCH 16 2015...

CLIMATE NORMAL PERIOD 1981 TO 2010
CLIMATE RECORD PERIOD 1948 TO 2015


WEATHER ITEM   OBSERVED TIME   RECORD YEAR NORMAL DEPARTURE LAST
                VALUE   (LST)  VALUE       VALUE  FROM      YEAR
                                                  NORMAL
..................................................................
TEMPERATURE (F)
 YESTERDAY
  MAXIMUM         43    428 PM  65    1990  47     -4       41
  MINIMUM         31    625 AM  15    1992  31      0       27
  AVERAGE         37                        39     -2       34

PRECIPITATION (IN)
  YESTERDAY        0.00          1.02 1974   0.13  -0.13     0.00
  MONTH TO DATE    3.44                      2.00   1.44     0.34
  SINCE MAR 1      3.44                      2.00   1.44     0.34
  SINCE JAN 1      9.78                      7.89   1.89     7.32

SNOWFALL (IN)
  YESTERDAY        2.0           6.5  1956   0.1    1.9      0.0
  MONTH TO DATE   13.4                       3.4   10.0      0.1
  SINCE OCT 1     54.5                      25.0   29.5     56.6
  SINCE JUL 1     54.5                      25.0   29.5     56.6
  SNOW DEPTH       0

DEGREE DAYS
 HEATING
  YESTERDAY       28                        26      2       31
  MONTH TO DATE  521                       447     74      519
  SINCE MAR 1    521                       447     74      519
  SINCE JUL 1   4627                      4334    293     4567

 COOLING
  YESTERDAY        0                         0      0        0
  MONTH TO DATE    0                         0      0        0
  SINCE MAR 1      0                         0      0        0
  SINCE JAN 1      0                         0      0        0
..................................................................


WIND (MPH)
  HIGHEST WIND SPEED    20   HIGHEST WIND DIRECTION    NW (330)
  HIGHEST GUST SPEED    24   HIGHEST GUST DIRECTION     N (340)
  AVERAGE WIND SPEED     8.2


SKY COVER
  AVERAGE SKY COVER 0.1


WEATHER CONDITIONS
 THE FOLLOWING WEATHER WAS RECORDED YESTERDAY.
  NO SIGNIFICANT WEATHER WAS OBSERVED.


RELATIVE HUMIDITY (PERCENT)
 HIGHEST    82          1000 PM
 LOWEST     48           900 AM
 AVERAGE    65

..........................................................


THE BRIDGEPORT CT CLIMATE NORMALS FOR TODAY
                         NORMAL    RECORD    YEAR
 MAXIMUM TEMPERATURE (F)   47        64      1990
 MINIMUM TEMPERATURE (F)   32        14      1967


SUNRISE AND SUNSET
MARCH 17 2015.........SUNRISE   701 AM EDT   SUNSET   701 PM EDT
MARCH 18 2015.........SUNRISE   700 AM EDT   SUNSET   702 PM EDT


-  INDICATES NEGATIVE NUMBERS.
R  INDICATES RECORD WAS SET OR TIED.
MM INDICATES DATA IS MISSING.
T  INDICATES TRACE AMOUNT.




$$
