000
CDUS41 KOKX 120616
CLIBDR


CLIMATE REPORT
NATIONAL WEATHER SERVICE NEW YORK NY
216 AM EDT TUE JUL 12 2016


...................................

...THE BRIDGEPORT CT CLIMATE SUMMARY FOR JULY 11 2016...

CLIMATE NORMAL PERIOD 1981 TO 2010
CLIMATE RECORD PERIOD 1948 TO 2016


WEATHER ITEM   OBSERVED TIME   RECORD YEAR NORMAL DEPARTURE LAST
                VALUE   (LST)  VALUE       VALUE  FROM      YEAR
                                                  NORMAL
..................................................................
TEMPERATURE (F)
 YESTERDAY
  MAXIMUM         77    356 PM  94    1988  82     -5       85
  MINIMUM         66    359 AM  56    2002  66      0       68
                                      1953
  AVERAGE         72                        74     -2       77

PRECIPITATION (IN)
  YESTERDAY        0.00          1.16 1973   0.11  -0.11     0.00
  MONTH TO DATE    2.63                      1.05   1.58     0.82
  SINCE JUN 1      3.89                      4.66  -0.77     5.55
  SINCE JAN 1     19.43                     22.53  -3.10    19.85

SNOWFALL (IN)
  YESTERDAY        0.0           0.0  2002   0.0    0.0      0.0
                                      2001
  MONTH TO DATE    0.0                       0.0    0.0      0.0
  SINCE OCT 1     27.3                      27.6   -0.3     59.7
  SINCE JUL 1      0.0                       0.0    0.0      0.0
  SNOW DEPTH       0

DEGREE DAYS
 HEATING
  YESTERDAY        0                         0      0        0
  MONTH TO DATE    0                         0      0        0
  SINCE JUN 1      4                        32    -28       52
  SINCE JUL 1      0                         0      0        0

 COOLING
  YESTERDAY        7                         9     -2       12
  MONTH TO DATE  100                        95      5      107
  SINCE JUN 1    272                       238     34      268
  SINCE JAN 1    330                       262     68      322
..................................................................


WIND (MPH)
  HIGHEST WIND SPEED    16   HIGHEST WIND DIRECTION     N (10)
  HIGHEST GUST SPEED    23   HIGHEST GUST DIRECTION     N (20)
  AVERAGE WIND SPEED     6.1


SKY COVER
  AVERAGE SKY COVER 0.4


WEATHER CONDITIONS
 THE FOLLOWING WEATHER WAS RECORDED YESTERDAY.
  NO SIGNIFICANT WEATHER WAS OBSERVED.


RELATIVE HUMIDITY (PERCENT)
 HIGHEST    81           200 AM
 LOWEST     50          1000 AM
 AVERAGE    66

..........................................................


THE BRIDGEPORT CT CLIMATE NORMALS FOR TODAY
                         NORMAL    RECORD    YEAR
 MAXIMUM TEMPERATURE (F)   82        95      2011
 MINIMUM TEMPERATURE (F)   66        56      1999


SUNRISE AND SUNSET
JULY 12 2016..........SUNRISE   531 AM EDT   SUNSET   825 PM EDT
JULY 13 2016..........SUNRISE   532 AM EDT   SUNSET   825 PM EDT


-  INDICATES NEGATIVE NUMBERS.
R  INDICATES RECORD WAS SET OR TIED.
MM INDICATES DATA IS MISSING.
T  INDICATES TRACE AMOUNT.




$$
