000
CDUS41 KOKX 101239
CLIBDR


CLIMATE REPORT
NATIONAL WEATHER SERVICE NEW YORK NY
839 AM EDT SUN APR 10 2016


...................................

...THE BRIDGEPORT CT CLIMATE SUMMARY FOR APRIL 9 2016...

CLIMATE NORMAL PERIOD 1981 TO 2010
CLIMATE RECORD PERIOD 1948 TO 2016


WEATHER ITEM   OBSERVED TIME   RECORD YEAR NORMAL DEPARTURE LAST
                VALUE   (LST)  VALUE       VALUE  FROM      YEAR
                                                  NORMAL
..................................................................
TEMPERATURE (F)
 YESTERDAY
  MAXIMUM         45    949 PM  81    2013  55    -10       44
  MINIMUM         31    525 AM  24    1977  39     -8       37
  AVERAGE         38                        47     -9       41

PRECIPITATION (IN)
  YESTERDAY        T             2.80 1980   0.15  -0.15     0.00
  MONTH TO DATE    1.71                      1.27   0.44     0.30
  SINCE MAR 1      3.88                      5.32  -1.44     5.02
  SINCE JAN 1     11.04                     11.21  -0.17    11.36

SNOWFALL (IN)
  YESTERDAY       MM             0.0  2001   0.1   MM        0.0
                                      1974
  MONTH TO DATE    0.1                       0.5   -0.4      0.0
  SINCE OCT 1     27.3                      27.2    0.1     59.7
  SINCE JUL 1     27.3                      27.2    0.1     59.7
  SNOW DEPTH       0

DEGREE DAYS
 HEATING
  YESTERDAY       27                        18      9       24
  MONTH TO DATE  199                       174     25      192
  SINCE MAR 1    822                       971   -149     1152
  SINCE JUL 1   3957                      4858   -901     5258

 COOLING
  YESTERDAY        0                         0      0        0
  MONTH TO DATE    0                         0      0        0
  SINCE MAR 1      0                         0      0        0
  SINCE JAN 1      0                         0      0        0
..................................................................


WIND (MPH)
  HIGHEST WIND SPEED    21   HIGHEST WIND DIRECTION     N (10)
  HIGHEST GUST SPEED    31   HIGHEST GUST DIRECTION     N (360)
  AVERAGE WIND SPEED     7.6


SKY COVER
  AVERAGE SKY COVER 0.5


WEATHER CONDITIONS
 THE FOLLOWING WEATHER WAS RECORDED YESTERDAY.
  LIGHT RAIN


RELATIVE HUMIDITY (PERCENT)
 HIGHEST    78           600 AM
 LOWEST     40           800 PM
 AVERAGE    59

..........................................................


THE BRIDGEPORT CT CLIMATE NORMALS FOR TODAY
                         NORMAL    RECORD    YEAR
 MAXIMUM TEMPERATURE (F)   56        81      1955
 MINIMUM TEMPERATURE (F)   39        26      1997


SUNRISE AND SUNSET
APRIL 10 2016.........SUNRISE   620 AM EDT   SUNSET   728 PM EDT
APRIL 11 2016.........SUNRISE   619 AM EDT   SUNSET   729 PM EDT


-  INDICATES NEGATIVE NUMBERS.
R  INDICATES RECORD WAS SET OR TIED.
MM INDICATES DATA IS MISSING.
T  INDICATES TRACE AMOUNT.




$$
