000
CDUS41 KOKX 250628
CLIBDR


CLIMATE REPORT
NATIONAL WEATHER SERVICE NEW YORK NY
227 AM EDT TUE MAR 25 2014


...................................

...THE BRIDGEPORT CT CLIMATE SUMMARY FOR MARCH 24 2014...

CLIMATE NORMAL PERIOD 1981 TO 2010
CLIMATE RECORD PERIOD 1948 TO 2014


WEATHER ITEM   OBSERVED TIME   RECORD YEAR NORMAL DEPARTURE LAST
                VALUE   (LST)  VALUE       VALUE  FROM      YEAR
                                                  NORMAL
..................................................................
TEMPERATURE (F)
 YESTERDAY
  MAXIMUM         36    327 PM  66    1988  50    -14       49
  MINIMUM         20R   625 AM  20    1956  34    -14       30
  AVERAGE         28                        42    -14       40

PRECIPITATION (IN)
  YESTERDAY        0.00          1.80 1989   0.14  -0.14     0.00
  MONTH TO DATE    1.33                      3.10  -1.77     2.39
  SINCE MAR 1      1.33                      3.10  -1.77     2.39
  SINCE JAN 1      8.31                      8.99  -0.68     9.41

SNOWFALL (IN)
  YESTERDAY        0.0           1.0  2011   0.1   -0.1      0.0
  MONTH TO DATE    0.1                       4.4   -4.3     13.0
  SINCE OCT 1     56.3                      26.0   30.3     64.3
  SINCE JUL 1     56.3                      26.0   30.3     64.3
  SNOW DEPTH       0

DEGREE DAYS
 HEATING
  YESTERDAY       37                        23     14       25
  MONTH TO DATE  746                       643    103      647
  SINCE MAR 1    746                       643    103      647
  SINCE JUL 1   4794                      4530    264     4270

 COOLING
  YESTERDAY        0                         0      0        0
  MONTH TO DATE    0                         0      0        0
  SINCE MAR 1      0                         0      0        0
  SINCE JAN 1      0                         0      0        0
..................................................................


WIND (MPH)
  HIGHEST WIND SPEED    24   HIGHEST WIND DIRECTION     N (340)
  HIGHEST GUST SPEED    30   HIGHEST GUST DIRECTION     N (340)
  AVERAGE WIND SPEED    10.8


SKY COVER
  AVERAGE SKY COVER 0.0


WEATHER CONDITIONS
 THE FOLLOWING WEATHER WAS RECORDED YESTERDAY.
  NO SIGNIFICANT WEATHER WAS OBSERVED.


RELATIVE HUMIDITY (PERCENT)
 HIGHEST    56           600 AM
 LOWEST     26           300 PM
 AVERAGE    41

..........................................................


THE BRIDGEPORT CT CLIMATE NORMALS FOR TODAY
                         NORMAL    RECORD    YEAR
 MAXIMUM TEMPERATURE (F)   50        68      1987
 MINIMUM TEMPERATURE (F)   34        15      1956


SUNRISE AND SUNSET
MARCH 25 2014.........SUNRISE   648 AM EDT   SUNSET   710 PM EDT
MARCH 26 2014.........SUNRISE   646 AM EDT   SUNSET   711 PM EDT


-  INDICATES NEGATIVE NUMBERS.
R  INDICATES RECORD WAS SET OR TIED.
MM INDICATES DATA IS MISSING.
T  INDICATES TRACE AMOUNT.




$$
