000
CDUS41 KOKX 220719
CLIBDR


CLIMATE REPORT
NATIONAL WEATHER SERVICE NEW YORK NY
219 AM EST TUE NOV 22 2016


...................................

...THE BRIDGEPORT CT CLIMATE SUMMARY FOR NOVEMBER 21 2016...

CLIMATE NORMAL PERIOD 1981 TO 2010
CLIMATE RECORD PERIOD 1948 TO 2016


WEATHER ITEM   OBSERVED TIME   RECORD YEAR NORMAL DEPARTURE LAST
                VALUE   (LST)  VALUE       VALUE  FROM      YEAR
                                                  NORMAL
..................................................................
TEMPERATURE (F)
 YESTERDAY
  MAXIMUM         41    213 PM  63    1975  51    -10       52
  MINIMUM         34    421 AM  18    1987  37     -3       39
  AVERAGE         38                        44     -6       46

PRECIPITATION (IN)
  YESTERDAY        T             0.75 1994   0.13  -0.13     0.00
  MONTH TO DATE    1.50                      2.30  -0.80     1.23
  SINCE SEP 1      8.48                      9.42  -0.94     6.52
  SINCE JAN 1     33.24                     38.32  -5.08    30.11

SNOWFALL (IN)
  YESTERDAY       MM             0.5  1978   0.1   MM        0.0
  MONTH TO DATE    T                         0.3   -0.3      0.0
  SINCE OCT 1      T                         0.3   -0.3       T
  SINCE JUL 1      T                         0.3   -0.3       T
  SNOW DEPTH       0

DEGREE DAYS
 HEATING
  YESTERDAY       27                        21      6       19
  MONTH TO DATE  310                       378    -68      265
  SINCE SEP 1    552                       764   -212      555
  SINCE JUL 1    552                       768   -216      555

 COOLING
  YESTERDAY        0                         0      0        0
  MONTH TO DATE    0                         0      0        2
  SINCE SEP 1    218                       107    111      202
  SINCE JAN 1   1270                       825    445     1122
..................................................................


WIND (MPH)
  HIGHEST WIND SPEED    28   HIGHEST WIND DIRECTION     W (290)
  HIGHEST GUST SPEED    43   HIGHEST GUST DIRECTION    NW (310)
  AVERAGE WIND SPEED    18.5


SKY COVER
  AVERAGE SKY COVER 0.9


WEATHER CONDITIONS
 THE FOLLOWING WEATHER WAS RECORDED YESTERDAY.
  NO SIGNIFICANT WEATHER WAS OBSERVED.


RELATIVE HUMIDITY (PERCENT)
 HIGHEST    59           700 AM
 LOWEST     40          1200 PM
 AVERAGE    50

..........................................................


THE BRIDGEPORT CT CLIMATE NORMALS FOR TODAY
                         NORMAL    RECORD    YEAR
 MAXIMUM TEMPERATURE (F)   51        64      1983
 MINIMUM TEMPERATURE (F)   36        18      1987


SUNRISE AND SUNSET
NOVEMBER 22 2016......SUNRISE   649 AM EST   SUNSET   428 PM EST
NOVEMBER 23 2016......SUNRISE   650 AM EST   SUNSET   428 PM EST


-  INDICATES NEGATIVE NUMBERS.
R  INDICATES RECORD WAS SET OR TIED.
MM INDICATES DATA IS MISSING.
T  INDICATES TRACE AMOUNT.




$$
