759
CDUS41 KOKX 080618
CLIBDR


CLIMATE REPORT
NATIONAL WEATHER SERVICE NEW YORK NY
118 AM EST WED FEB 8 2017


...................................

...THE BRIDGEPORT CT CLIMATE SUMMARY FOR FEBRUARY 7 2017...

CLIMATE NORMAL PERIOD 1981 TO 2010
CLIMATE RECORD PERIOD 1948 TO 2017


WEATHER ITEM   OBSERVED TIME   RECORD YEAR NORMAL DEPARTURE LAST
                VALUE   (LST)  VALUE       VALUE  FROM      YEAR
                                                  NORMAL
..................................................................
TEMPERATURE (F)
 YESTERDAY
  MAXIMUM         39   1159 PM  52    1951  38      1       44
  MINIMUM         35    417 AM   3    1993  24     11       23
  AVERAGE         37                        31      6       34

PRECIPITATION (IN)
  YESTERDAY        0.15          1.80 1951   0.09   0.06     0.00
  MONTH TO DATE    0.15                      0.64  -0.49     2.06
  SINCE DEC 1      6.86                      7.07  -0.21     9.26
  SINCE JAN 1      3.43                      3.74  -0.31     4.32

SNOWFALL (IN)
  YESTERDAY        0.0          10.8  1967   0.3   -0.3      0.0
  MONTH TO DATE    0.0                       1.9   -1.9      8.0
  SINCE OCT 1     17.0                      15.4    1.6     19.0
  SINCE JUL 1     17.0                      15.4    1.6     19.0
  SNOW DEPTH       0

DEGREE DAYS
 HEATING
  YESTERDAY       28                        34     -6       31
  MONTH TO DATE  206                       239    -33      180
  SINCE DEC 1   1906                      2241   -335     1704
  SINCE JUL 1   2634                      3215   -581     2448

 COOLING
  YESTERDAY        0                         0      0        0
  MONTH TO DATE    0                         0      0        0
  SINCE DEC 1      0                         0      0        0
  SINCE JAN 1      0                         0      0        0
..................................................................


WIND (MPH)
  HIGHEST WIND SPEED    16   HIGHEST WIND DIRECTION    NE (50)
  HIGHEST GUST SPEED    21   HIGHEST GUST DIRECTION    NE (40)
  AVERAGE WIND SPEED     9.4


SKY COVER
  AVERAGE SKY COVER 0.8


WEATHER CONDITIONS
 THE FOLLOWING WEATHER WAS RECORDED YESTERDAY.
  LIGHT RAIN
  FOG


RELATIVE HUMIDITY (PERCENT)
 HIGHEST    92           900 PM
 LOWEST     75          1200 AM
 AVERAGE    84

..........................................................


THE BRIDGEPORT CT CLIMATE NORMALS FOR TODAY
                         NORMAL    RECORD    YEAR
 MAXIMUM TEMPERATURE (F)   38        57      1965
 MINIMUM TEMPERATURE (F)   24        -5      1963


SUNRISE AND SUNSET
FEBRUARY  8 2017......SUNRISE   656 AM EST   SUNSET   518 PM EST
FEBRUARY  9 2017......SUNRISE   654 AM EST   SUNSET   520 PM EST


-  INDICATES NEGATIVE NUMBERS.
R  INDICATES RECORD WAS SET OR TIED.
MM INDICATES DATA IS MISSING.
T  INDICATES TRACE AMOUNT.




$$
