000
CDUS41 KOKX 060615
CLIBDR


CLIMATE REPORT
NATIONAL WEATHER SERVICE NEW YORK NY
115 AM EST MON MAR 6 2017


...................................

...THE BRIDGEPORT CT CLIMATE SUMMARY FOR MARCH 5 2017...

CLIMATE NORMAL PERIOD 1981 TO 2010
CLIMATE RECORD PERIOD 1948 TO 2017


WEATHER ITEM   OBSERVED TIME   RECORD YEAR NORMAL DEPARTURE LAST
                VALUE   (LST)  VALUE       VALUE  FROM      YEAR
                                                  NORMAL
..................................................................
TEMPERATURE (F)
 YESTERDAY
  MAXIMUM         34    352 PM  67    1974  44    -10       38
  MINIMUM         13    702 AM  12    1978  28    -15       26
  AVERAGE         24                        36    -12       32

PRECIPITATION (IN)
  YESTERDAY        0.00          0.57 1967   0.13  -0.13     0.00
  MONTH TO DATE    0.29                      0.61  -0.32     0.34
  SINCE MAR 1      0.29                      0.61  -0.32     0.34
  SINCE JAN 1      5.48                      6.50  -1.02     7.50

SNOWFALL (IN)
  YESTERDAY        0.0           4.0  2015   0.2   -0.2      0.0
  MONTH TO DATE    T                         1.2   -1.2      0.3
  SINCE OCT 1     29.8                      22.8    7.0     25.2
  SINCE JUL 1     29.8                      22.8    7.0     25.2
  SNOW DEPTH       0

DEGREE DAYS
 HEATING
  YESTERDAY       41                        29     12       33
  MONTH TO DATE  146                       147     -1      149
  SINCE MAR 1    146                       147     -1      149
  SINCE JUL 1   3313                      4034   -721     3284

 COOLING
  YESTERDAY        0                         0      0        0
  MONTH TO DATE    0                         0      0        0
  SINCE MAR 1      0                         0      0        0
  SINCE JAN 1      0                         0      0        0
..................................................................


WIND (MPH)
  HIGHEST WIND SPEED    24   HIGHEST WIND DIRECTION     N (340)
  HIGHEST GUST SPEED    30   HIGHEST GUST DIRECTION     N (350)
  AVERAGE WIND SPEED    12.4


SKY COVER
  AVERAGE SKY COVER 0.0


WEATHER CONDITIONS
 THE FOLLOWING WEATHER WAS RECORDED YESTERDAY.
  NO SIGNIFICANT WEATHER WAS OBSERVED.


RELATIVE HUMIDITY (PERCENT)
 HIGHEST    34           700 AM
 LOWEST     14           100 PM
 AVERAGE    24

..........................................................


THE BRIDGEPORT CT CLIMATE NORMALS FOR TODAY
                         NORMAL    RECORD    YEAR
 MAXIMUM TEMPERATURE (F)   44        59      1976
 MINIMUM TEMPERATURE (F)   29         9      2015


SUNRISE AND SUNSET
MARCH  6 2017.........SUNRISE   619 AM EST   SUNSET   549 PM EST
MARCH  7 2017.........SUNRISE   617 AM EST   SUNSET   551 PM EST


-  INDICATES NEGATIVE NUMBERS.
R  INDICATES RECORD WAS SET OR TIED.
MM INDICATES DATA IS MISSING.
T  INDICATES TRACE AMOUNT.




$$
