000
CDUS41 KOKX 080617
CLIBDR


CLIMATE REPORT
NATIONAL WEATHER SERVICE NEW YORK NY
117 AM EST MON DEC 8 2014


...................................

...THE BRIDGEPORT CT CLIMATE SUMMARY FOR DECEMBER 7 2014...

CLIMATE NORMAL PERIOD 1981 TO 2010
CLIMATE RECORD PERIOD 1948 TO 2014


WEATHER ITEM   OBSERVED TIME   RECORD YEAR NORMAL DEPARTURE LAST
                VALUE   (LST)  VALUE       VALUE  FROM      YEAR
                                                  NORMAL
..................................................................
TEMPERATURE (F)
 YESTERDAY
  MAXIMUM         44    221 PM  76    1998  45     -1       42
  MINIMUM         26   1159 PM  15    1964  31     -5       31
  AVERAGE         35                        38     -3       37

PRECIPITATION (IN)
  YESTERDAY        0.07          1.73 1996   0.11  -0.04     0.14
  MONTH TO DATE    2.04                      0.82   1.22     0.80
  SINCE DEC 1      2.04                      0.82   1.22     0.80
  SINCE JAN 1     42.60                     40.23   2.37    33.13

SNOWFALL (IN)
  YESTERDAY        0.0           2.0  2008   0.1   -0.1       T
  MONTH TO DATE    T                         0.7   -0.7       T
  SINCE OCT 1      0.2                       1.4   -1.2      0.1
  SINCE JUL 1      0.2                       1.4   -1.2      0.1
  SNOW DEPTH       0

DEGREE DAYS
 HEATING
  YESTERDAY       30                        27      3       28
  MONTH TO DATE  165                       180    -15      158
  SINCE DEC 1    165                       180    -15      158
  SINCE JUL 1   1071                      1154    -83     1111

 COOLING
  YESTERDAY        0                         0      0        0
  MONTH TO DATE    0                         0      0        0
  SINCE DEC 1      0                         0      0        0
  SINCE JAN 1    884                       825     59     1003
..................................................................


WIND (MPH)
  HIGHEST WIND SPEED    24   HIGHEST WIND DIRECTION     N (10)
  HIGHEST GUST SPEED    31   HIGHEST GUST DIRECTION     N (10)
  AVERAGE WIND SPEED    14.8


SKY COVER
  AVERAGE SKY COVER 0.2


WEATHER CONDITIONS
 THE FOLLOWING WEATHER WAS RECORDED YESTERDAY.
  LIGHT RAIN


RELATIVE HUMIDITY (PERCENT)
 HIGHEST    93          1200 AM
 LOWEST     33           100 PM
 AVERAGE    63

..........................................................


THE BRIDGEPORT CT CLIMATE NORMALS FOR TODAY
                         NORMAL    RECORD    YEAR
 MAXIMUM TEMPERATURE (F)   45        63      1951
 MINIMUM TEMPERATURE (F)   31        13      1976


SUNRISE AND SUNSET
DECEMBER  8 2014......SUNRISE   705 AM EST   SUNSET   424 PM EST
DECEMBER  9 2014......SUNRISE   706 AM EST   SUNSET   424 PM EST


-  INDICATES NEGATIVE NUMBERS.
R  INDICATES RECORD WAS SET OR TIED.
MM INDICATES DATA IS MISSING.
T  INDICATES TRACE AMOUNT.




$$
