000
CDUS41 KOKX 010633
CLIBDR


CLIMATE REPORT
NATIONAL WEATHER SERVICE NEW YORK NY
232 AM EDT SAT NOV 1 2014


...................................

...THE BRIDGEPORT CT CLIMATE SUMMARY FOR OCTOBER 31 2014...

CLIMATE NORMAL PERIOD 1981 TO 2010
CLIMATE RECORD PERIOD 1948 TO 2014


WEATHER ITEM   OBSERVED TIME   RECORD YEAR NORMAL DEPARTURE LAST
                VALUE   (LST)  VALUE       VALUE  FROM      YEAR
                                                  NORMAL
..................................................................
TEMPERATURE (F)
 YESTERDAY
  MAXIMUM         56    242 PM  75    2004  58     -2       65
  MINIMUM         45    319 AM  26    1988  42      3       44
  AVERAGE         51                        50      1       55

PRECIPITATION (IN)
  YESTERDAY        0.03          0.92 1989   0.11  -0.08     0.04
  MONTH TO DATE    2.98                      3.64  -0.66     0.32
  SINCE SEP 1      5.08                      7.12  -2.04     3.04
  SINCE JAN 1     36.32                     36.02   0.30    29.82

SNOWFALL (IN)
  YESTERDAY        0.0           0.0  2002   0.0    0.0      0.0
                                      2001
  MONTH TO DATE    0.0                       0.0    0.0      0.0
  SINCE OCT 1      0.0                       0.0    0.0      0.0
  SINCE JUL 1      0.0                       0.0    0.0      0.0
  SNOW DEPTH       0

DEGREE DAYS
 HEATING
  YESTERDAY       14                        15     -1       10
  MONTH TO DATE  229                       323    -94      238
  SINCE SEP 1    269                       386   -117      319
  SINCE JUL 1    269                       390   -121      319

 COOLING
  YESTERDAY        0                         0      0        0
  MONTH TO DATE   19                         9     10       22
  SINCE SEP 1    150                       107     43      118
  SINCE JAN 1    884                       825     59     1003
..................................................................


WIND (MPH)
  HIGHEST WIND SPEED    17   HIGHEST WIND DIRECTION    NE (30)
  HIGHEST GUST SPEED    24   HIGHEST GUST DIRECTION    NE (30)
  AVERAGE WIND SPEED    10.6


SKY COVER
  AVERAGE SKY COVER 0.7


WEATHER CONDITIONS
 THE FOLLOWING WEATHER WAS RECORDED YESTERDAY.
  LIGHT RAIN


RELATIVE HUMIDITY (PERCENT)
 HIGHEST    66          1200 PM
 LOWEST     55           100 PM
 AVERAGE    61

..........................................................


THE BRIDGEPORT CT CLIMATE NORMALS FOR TODAY
                         NORMAL    RECORD    YEAR
 MAXIMUM TEMPERATURE (F)   58        70      1974
 MINIMUM TEMPERATURE (F)   42        32      2002
                                             1964


SUNRISE AND SUNSET
NOVEMBER  1 2014......SUNRISE   724 AM EDT   SUNSET   548 PM EDT
NOVEMBER  2 2014......SUNRISE   625 AM EST   SUNSET   447 PM EST


-  INDICATES NEGATIVE NUMBERS.
R  INDICATES RECORD WAS SET OR TIED.
MM INDICATES DATA IS MISSING.
T  INDICATES TRACE AMOUNT.




$$
