000
CDUS41 KOKX 220616
CLIBDR


CLIMATE REPORT
NATIONAL WEATHER SERVICE NEW YORK NY
216 AM EDT FRI SEP 22 2017


...................................

...THE BRIDGEPORT CT CLIMATE SUMMARY FOR SEPTEMBER 21 2017...

CLIMATE NORMAL PERIOD 1981 TO 2010
CLIMATE RECORD PERIOD 1948 TO 2017


WEATHER ITEM   OBSERVED TIME   RECORD YEAR NORMAL DEPARTURE LAST
                VALUE   (LST)  VALUE       VALUE  FROM      YEAR
                                                  NORMAL
..................................................................
TEMPERATURE (F)
 YESTERDAY
  MAXIMUM         77    444 PM  85    1965  72      5       83
  MINIMUM         70   1159 PM  36    1956  56     14       67
  AVERAGE         74                        64     10       75

PRECIPITATION (IN)
  YESTERDAY        0.00          3.00 1966   0.11  -0.11     0.00
  MONTH TO DATE    1.72                      2.40  -0.68     2.32
  SINCE SEP 1      1.72                      2.40  -0.68     2.32
  SINCE JAN 1     30.31                     31.30  -0.99    27.08

SNOWFALL (IN)
  YESTERDAY        0.0           0.0  2002   0.0    0.0      0.0
                                      2001
  MONTH TO DATE    0.0                       0.0    0.0      0.0
  SINCE OCT 1     40.9                      27.6   13.3     27.3
  SINCE JUL 1      0.0                       0.0    0.0      0.0
  SNOW DEPTH       0

DEGREE DAYS
 HEATING
  YESTERDAY        0                         3     -3        0
  MONTH TO DATE   12                        27    -15        0
  SINCE SEP 1     12                        27    -15        0
  SINCE JUL 1     12                        31    -19        0

 COOLING
  YESTERDAY        9                         2      7       10
  MONTH TO DATE   96                        85     11      176
  SINCE SEP 1     96                        85     11      176
  SINCE JAN 1    933                       803    130     1228
..................................................................


WIND (MPH)
  HIGHEST WIND SPEED    22   HIGHEST WIND DIRECTION     N (10)
  HIGHEST GUST SPEED    29   HIGHEST GUST DIRECTION     N (10)
  AVERAGE WIND SPEED    10.9


SKY COVER
  AVERAGE SKY COVER 0.0


WEATHER CONDITIONS
 THE FOLLOWING WEATHER WAS RECORDED YESTERDAY.
  NO SIGNIFICANT WEATHER WAS OBSERVED.


RELATIVE HUMIDITY (PERCENT)
 HIGHEST    73          1200 AM
 LOWEST     49           800 PM
 AVERAGE    61

..........................................................


THE BRIDGEPORT CT CLIMATE NORMALS FOR TODAY
                         NORMAL    RECORD    YEAR
 MAXIMUM TEMPERATURE (F)   72        89      1970
 MINIMUM TEMPERATURE (F)   56        42      1997
                                             1962


SUNRISE AND SUNSET
SEPTEMBER 22 2017.....SUNRISE   640 AM EDT   SUNSET   649 PM EDT
SEPTEMBER 23 2017.....SUNRISE   641 AM EDT   SUNSET   648 PM EDT


-  INDICATES NEGATIVE NUMBERS.
R  INDICATES RECORD WAS SET OR TIED.
MM INDICATES DATA IS MISSING.
T  INDICATES TRACE AMOUNT.




$$
