511
CDUS41 KOKX 200627
CLIBDR


CLIMATE REPORT
NATIONAL WEATHER SERVICE NEW YORK NY
227 AM EDT TUE SEP 20 2016


...................................

...THE BRIDGEPORT CT CLIMATE SUMMARY FOR SEPTEMBER 19 2016...

CLIMATE NORMAL PERIOD 1981 TO 2010
CLIMATE RECORD PERIOD 1948 TO 2016


WEATHER ITEM   OBSERVED TIME   RECORD YEAR NORMAL DEPARTURE LAST
                VALUE   (LST)  VALUE       VALUE  FROM      YEAR
                                                  NORMAL
..................................................................
TEMPERATURE (F)
 YESTERDAY
  MAXIMUM         75    553 AM  88    1983  73      2       81
  MINIMUM         70    911 PM  42    1959  57     13       66
  AVERAGE         73                        65      8       74

PRECIPITATION (IN)
  YESTERDAY        1.57          1.84 2000   0.11   1.46     0.00
  MONTH TO DATE    2.32                      2.17   0.15     1.59
  SINCE SEP 1      2.32                      2.17   0.15     1.59
  SINCE JAN 1     27.08                     31.07  -3.99    25.18

SNOWFALL (IN)
  YESTERDAY        0.0           0.0  2002   0.0    0.0      0.0
                                      2001
  MONTH TO DATE    0.0                       0.0    0.0      0.0
  SINCE OCT 1     27.3                      27.6   -0.3     59.7
  SINCE JUL 1      0.0                       0.0    0.0      0.0
  SNOW DEPTH       0

DEGREE DAYS
 HEATING
  YESTERDAY        0                         2     -2        0
  MONTH TO DATE    0                        21    -21        0
  SINCE SEP 1      0                        21    -21        0
  SINCE JUL 1      0                        25    -25        0

 COOLING
  YESTERDAY        8                         2      6        9
  MONTH TO DATE  157                        81     76      173
  SINCE SEP 1    157                        81     76      173
  SINCE JAN 1   1209                       799    410     1093
..................................................................


WIND (MPH)
  HIGHEST WIND SPEED    17   HIGHEST WIND DIRECTION    SE (140)
  HIGHEST GUST SPEED    22   HIGHEST GUST DIRECTION    SE (140)
  AVERAGE WIND SPEED     4.6


SKY COVER
  AVERAGE SKY COVER 0.7


WEATHER CONDITIONS
 THE FOLLOWING WEATHER WAS RECORDED YESTERDAY.
  HEAVY RAIN
  RAIN
  LIGHT RAIN
  FOG


RELATIVE HUMIDITY (PERCENT)
 HIGHEST    93           600 AM
 LOWEST     84           300 PM
 AVERAGE    89

..........................................................


THE BRIDGEPORT CT CLIMATE NORMALS FOR TODAY
                         NORMAL    RECORD    YEAR
 MAXIMUM TEMPERATURE (F)   73        87      1983
 MINIMUM TEMPERATURE (F)   57        42      1979


SUNRISE AND SUNSET
SEPTEMBER 20 2016.....SUNRISE   638 AM EDT   SUNSET   652 PM EDT
SEPTEMBER 21 2016.....SUNRISE   639 AM EDT   SUNSET   651 PM EDT


-  INDICATES NEGATIVE NUMBERS.
R  INDICATES RECORD WAS SET OR TIED.
MM INDICATES DATA IS MISSING.
T  INDICATES TRACE AMOUNT.




$$
