000
CDUS41 KOKX 042131
CLIBDR


CLIMATE REPORT
NATIONAL WEATHER SERVICE NEW YORK NY
431 PM EST THU DEC 4 2014


...................................

...THE BRIDGEPORT CT CLIMATE SUMMARY FOR DECEMBER 4 2014...
VALID TODAY AS OF 0400 PM LOCAL TIME.

CLIMATE NORMAL PERIOD 1981 TO 2010
CLIMATE RECORD PERIOD 1948 TO 2014


WEATHER ITEM   OBSERVED TIME   RECORD YEAR NORMAL DEPARTURE LAST
                VALUE   (LST)  VALUE       VALUE  FROM      YEAR
                                                  NORMAL
..................................................................
TEMPERATURE (F)
 TODAY
  MAXIMUM         48    220 PM  72    1998  46      2       49
  MINIMUM         36    507 AM  13    1966  32      4       31
  AVERAGE         42                        39      3       40

PRECIPITATION (IN)
  TODAY            0.00          3.69 1968   0.12  -0.12     0.00
  MONTH TO DATE    0.27                      0.48  -0.21     0.01
  SINCE DEC 1      0.27                      0.48  -0.21     0.01
  SINCE JAN 1     40.83                     39.89   0.94    32.34

SNOWFALL (IN)
  TODAY            0.0           5.1  1957   0.1   -0.1      0.0
  MONTH TO DATE    T                         0.4   -0.4      0.0
  SINCE OCT 1      0.2                       1.1   -0.9      0.1
  SINCE JUL 1      0.2                       1.1   -0.9      0.1
  SNOW DEPTH       0

DEGREE DAYS
 HEATING
  TODAY           23                        26     -3       25
  MONTH TO DATE   84                       101    -17       96
  SINCE DEC 1     84                       101    -17       96
  SINCE JUL 1    990                      1075    -85     1049

 COOLING
  TODAY            0                         0      0        0
  MONTH TO DATE    0                         0      0        0
  SINCE DEC 1      0                         0      0        0
  SINCE JAN 1    884                       825     59     1003
..................................................................


WIND (MPH)
  HIGHEST WIND SPEED    22   HIGHEST WIND DIRECTION    NW (300)
  HIGHEST GUST SPEED    28   HIGHEST GUST DIRECTION     W (290)
  AVERAGE WIND SPEED     8.2


SKY COVER
  AVERAGE SKY COVER 0.0


WEATHER CONDITIONS
 THE FOLLOWING WEATHER WAS RECORDED TODAY.
  NO SIGNIFICANT WEATHER WAS OBSERVED.


RELATIVE HUMIDITY (PERCENT)
 HIGHEST    64           500 AM
 LOWEST     37           200 PM
 AVERAGE    51

..........................................................


THE BRIDGEPORT CT CLIMATE NORMALS FOR TOMORROW
                         NORMAL    RECORD    YEAR
 MAXIMUM TEMPERATURE (F)   46        62      2001
 MINIMUM TEMPERATURE (F)   32        17      1989


SUNRISE AND SUNSET
DECEMBER  4 2014......SUNRISE   701 AM EST   SUNSET   424 PM EST
DECEMBER  5 2014......SUNRISE   702 AM EST   SUNSET   424 PM EST


-  INDICATES NEGATIVE NUMBERS.
R  INDICATES RECORD WAS SET OR TIED.
MM INDICATES DATA IS MISSING.
T  INDICATES TRACE AMOUNT.




$$
