000
CDUS41 KOKX 150909
CLIBDR


CLIMATE REPORT
NATIONAL WEATHER SERVICE NEW YORK NY
509 AM EDT WED MAR 15 2017


...................................

...THE BRIDGEPORT CT CLIMATE SUMMARY FOR MARCH 14 2017...

CLIMATE NORMAL PERIOD 1981 TO 2010
CLIMATE RECORD PERIOD 1948 TO 2017


WEATHER ITEM   OBSERVED TIME   RECORD YEAR NORMAL DEPARTURE LAST
                VALUE   (LST)  VALUE       VALUE  FROM      YEAR
                                                  NORMAL
..................................................................
TEMPERATURE (F)
 YESTERDAY
  MAXIMUM         37   1251 PM  70    2012  46     -9       48
  MINIMUM         23   1159 PM  16    1993  31     -8       42
  AVERAGE         30                        38     -8       45

PRECIPITATION (IN)
  YESTERDAY        1.35R         1.35 2017   0.13   1.22     0.89
  MONTH TO DATE    1.99                      1.75   0.24     1.28
  SINCE MAR 1      1.99                      1.75   0.24     1.28
  SINCE JAN 1      7.18                      7.64  -0.46     8.44

SNOWFALL (IN)
  YESTERDAY        7.1 R         3.0  1958   0.2    6.9      0.0
  MONTH TO DATE   11.1                       3.1    8.0      0.3
  SINCE OCT 1     40.9                      24.7   16.2     25.2
  SINCE JUL 1     40.9                      24.7   16.2     25.2
  SNOW DEPTH       5

DEGREE DAYS
 HEATING
  YESTERDAY       35                        26      9       20
  MONTH TO DATE  411                       395     16      307
  SINCE MAR 1    411                       395     16      307
  SINCE JUL 1   3578                      4282   -704     3442

 COOLING
  YESTERDAY        0                         0      0        0
  MONTH TO DATE    0                         0      0        0
  SINCE MAR 1      0                         0      0        0
  SINCE JAN 1      0                         0      0        0
..................................................................


WIND (MPH)
  HIGHEST WIND SPEED    38   HIGHEST WIND DIRECTION    NE (40)
  HIGHEST GUST SPEED    49   HIGHEST GUST DIRECTION    NE (30)
  AVERAGE WIND SPEED    22.5


SKY COVER
  AVERAGE SKY COVER 0.9


WEATHER CONDITIONS
 THE FOLLOWING WEATHER WAS RECORDED YESTERDAY.
  RAIN
  FREEZING RAIN
  HEAVY SNOW
  SNOW
  LIGHT SNOW
  FOG
  FOG W/VISIBILITY <= 1/4 MILE
  HAZE


RELATIVE HUMIDITY (PERCENT)
 HIGHEST    92           800 AM
 LOWEST     54          1200 AM
 AVERAGE    73

..........................................................


THE BRIDGEPORT CT CLIMATE NORMALS FOR TODAY
                         NORMAL    RECORD    YEAR
 MAXIMUM TEMPERATURE (F)   47        65      1990
 MINIMUM TEMPERATURE (F)   31        12      1993


SUNRISE AND SUNSET
MARCH 15 2017.........SUNRISE   704 AM EDT   SUNSET   659 PM EDT
MARCH 16 2017.........SUNRISE   702 AM EDT   SUNSET   701 PM EDT


-  INDICATES NEGATIVE NUMBERS.
R  INDICATES RECORD WAS SET OR TIED.
MM INDICATES DATA IS MISSING.
T  INDICATES TRACE AMOUNT.




$$
