000
CDUS41 KOKX 290617
CLIBDR


CLIMATE REPORT
NATIONAL WEATHER SERVICE NEW YORK NY
217 AM EDT TUE AUG 29 2017


...................................

...THE BRIDGEPORT CT CLIMATE SUMMARY FOR AUGUST 28 2017...

CLIMATE NORMAL PERIOD 1981 TO 2010
CLIMATE RECORD PERIOD 1948 TO 2017


WEATHER ITEM   OBSERVED TIME   RECORD YEAR NORMAL DEPARTURE LAST
                VALUE   (LST)  VALUE       VALUE  FROM      YEAR
                                                  NORMAL
..................................................................
TEMPERATURE (F)
 YESTERDAY
  MAXIMUM         74    300 PM  96    1948  79     -5       84
  MINIMUM         59    551 AM  50    1986  64     -5       71
  AVERAGE         67                        72     -5       78

PRECIPITATION (IN)
  YESTERDAY        0.00          2.50 2011   0.11  -0.11     0.00
  MONTH TO DATE    3.58                      3.64  -0.06     3.16
  SINCE JUN 1      8.52                     10.71  -2.19     9.22
  SINCE JAN 1     28.36                     28.58  -0.22    24.76

SNOWFALL (IN)
  YESTERDAY        0.0           0.0  2002   0.0    0.0      0.0
                                      2001
  MONTH TO DATE    0.0                       0.0    0.0      0.0
  SINCE OCT 1     40.9                      27.6   13.3     27.3
  SINCE JUL 1      0.0                       0.0    0.0      0.0
  SNOW DEPTH       0

DEGREE DAYS
 HEATING
  YESTERDAY        0                         0      0        0
  MONTH TO DATE    0                         0      0        0
  SINCE JUN 1     25                        33     -8        4
  SINCE JUL 1      0                         1     -1        0

 COOLING
  YESTERDAY        2                         7     -5       13
  MONTH TO DATE  245                       242      3      383
  SINCE JUN 1    782                       674    108      952
  SINCE JAN 1    826                       698    128     1010
..................................................................


WIND (MPH)
  HIGHEST WIND SPEED    17   HIGHEST WIND DIRECTION     E (100)
  HIGHEST GUST SPEED    22   HIGHEST GUST DIRECTION     E (110)
  AVERAGE WIND SPEED    10.5


SKY COVER
  AVERAGE SKY COVER 0.1


WEATHER CONDITIONS
 THE FOLLOWING WEATHER WAS RECORDED YESTERDAY.
  NO SIGNIFICANT WEATHER WAS OBSERVED.


RELATIVE HUMIDITY (PERCENT)
 HIGHEST    84           200 AM
 LOWEST     44          1100 AM
 AVERAGE    64

..........................................................


THE BRIDGEPORT CT CLIMATE NORMALS FOR TODAY
                         NORMAL    RECORD    YEAR
 MAXIMUM TEMPERATURE (F)   79        98      1953
 MINIMUM TEMPERATURE (F)   64        44      1982


SUNRISE AND SUNSET
AUGUST 29 2017........SUNRISE   616 AM EDT   SUNSET   730 PM EDT
AUGUST 30 2017........SUNRISE   617 AM EDT   SUNSET   728 PM EDT


-  INDICATES NEGATIVE NUMBERS.
R  INDICATES RECORD WAS SET OR TIED.
MM INDICATES DATA IS MISSING.
T  INDICATES TRACE AMOUNT.




$$
