000
CDUS41 KOKX 022039
CLIBDR


CLIMATE REPORT
NATIONAL WEATHER SERVICE NEW YORK NY
439 PM EDT SUN APR 2 2017


...................................

...THE BRIDGEPORT CT CLIMATE SUMMARY FOR APRIL 2 2017...
VALID TODAY AS OF 0400 PM LOCAL TIME.

CLIMATE NORMAL PERIOD 1981 TO 2010
CLIMATE RECORD PERIOD 1948 TO 2017


WEATHER ITEM   OBSERVED TIME   RECORD YEAR NORMAL DEPARTURE LAST
                VALUE   (LST)  VALUE       VALUE  FROM      YEAR
                                                  NORMAL
..................................................................
TEMPERATURE (F)
 TODAY
  MAXIMUM         64    249 PM  72    1955  53     11       56
  MINIMUM         39    321 AM  24    1964  37      2       43
  AVERAGE         52                        45      7       50

PRECIPITATION (IN)
  TODAY            0.00          2.52 1970   0.14  -0.14     0.29
  MONTH TO DATE    0.01                      0.28  -0.27     0.42
  SINCE MAR 1      4.35                      4.33   0.02     2.59
  SINCE JAN 1      9.54                     10.22  -0.68     9.75

SNOWFALL (IN)
  TODAY            0.0           1.3  1965   0.0    0.0      0.0
  MONTH TO DATE    0.0                       0.1   -0.1      0.0
  SINCE OCT 1     40.9                      26.8   14.1     27.2
  SINCE JUL 1     40.9                      26.8   14.1     27.2
  SNOW DEPTH       0

DEGREE DAYS
 HEATING
  TODAY           13                        20     -7       15
  MONTH TO DATE   36                        41     -5       22
  SINCE MAR 1    884                       838     46      645
  SINCE JUL 1   4051                      4725   -674     3780

 COOLING
  TODAY            0                         0      0        0
  MONTH TO DATE    0                         0      0        0
  SINCE MAR 1      0                         0      0        0
  SINCE JAN 1      0                         0      0        0
..................................................................


WIND (MPH)
  HIGHEST WIND SPEED    20   HIGHEST WIND DIRECTION    NW (300)
  HIGHEST GUST SPEED    28   HIGHEST GUST DIRECTION    NW (300)
  AVERAGE WIND SPEED    10.1


SKY COVER
  AVERAGE SKY COVER 0.4


WEATHER CONDITIONS
 THE FOLLOWING WEATHER WAS RECORDED TODAY.
  NO SIGNIFICANT WEATHER WAS OBSERVED.


RELATIVE HUMIDITY (PERCENT)
 HIGHEST    79           300 AM
 LOWEST     23           200 PM
 AVERAGE    51

..........................................................


THE BRIDGEPORT CT CLIMATE NORMALS FOR TOMORROW
                         NORMAL    RECORD    YEAR
 MAXIMUM TEMPERATURE (F)   53        75      1967
 MINIMUM TEMPERATURE (F)   37        20      1954


SUNRISE AND SUNSET
APRIL  2 2017.........SUNRISE   634 AM EDT   SUNSET   719 PM EDT
APRIL  3 2017.........SUNRISE   632 AM EDT   SUNSET   720 PM EDT


-  INDICATES NEGATIVE NUMBERS.
R  INDICATES RECORD WAS SET OR TIED.
MM INDICATES DATA IS MISSING.
T  INDICATES TRACE AMOUNT.




$$
