000
CDUS41 KOKX 090621
CLIBDR


CLIMATE REPORT
NATIONAL WEATHER SERVICE NEW YORK NY
219 AM EDT SAT AUG 9 2014


...................................

...THE BRIDGEPORT CT CLIMATE SUMMARY FOR AUGUST 8 2014...

CLIMATE NORMAL PERIOD 1981 TO 2010
CLIMATE RECORD PERIOD 1948 TO 2014


WEATHER ITEM   OBSERVED TIME   RECORD YEAR NORMAL DEPARTURE LAST
                VALUE   (LST)  VALUE       VALUE  FROM      YEAR
                                                  NORMAL
..................................................................
TEMPERATURE (F)
 YESTERDAY
  MAXIMUM         83    332 PM  95    2007  82      1       81
  MINIMUM         61    444 AM  54    1950  67     -6       71
                                      1948
  AVERAGE         72                        74     -2       76

PRECIPITATION (IN)
  YESTERDAY        0.00          1.40 1976   0.13  -0.13     0.11
  MONTH TO DATE    0.20                      1.08  -0.88     0.53
  SINCE JUN 1      7.67                      8.15  -0.48    11.60
  SINCE JAN 1     29.33                     26.02   3.31    25.20

SNOWFALL (IN)
  YESTERDAY        0.0           0.0  2002   0.0    0.0      0.0
                                      2001
  MONTH TO DATE    0.0                       0.0    0.0      0.0
  SINCE OCT 1     57.4                      27.6   29.8     64.3
  SINCE JUL 1      0.0                       0.0    0.0      0.0
  SNOW DEPTH       0

DEGREE DAYS
 HEATING
  YESTERDAY        0                         0      0        0
  MONTH TO DATE    0                         0      0        0
  SINCE JUN 1      4                        33    -29       18
  SINCE JUL 1      0                         1     -1        0

 COOLING
  YESTERDAY        7                         9     -2       11
  MONTH TO DATE   72                        77     -5       59
  SINCE JUN 1    541                       509     32      659
  SINCE JAN 1    564                       533     31      697
..................................................................


WIND (MPH)
  HIGHEST WIND SPEED    17   HIGHEST WIND DIRECTION     N (350)
  HIGHEST GUST SPEED    23   HIGHEST GUST DIRECTION     N (360)
  AVERAGE WIND SPEED     7.2


SKY COVER
  AVERAGE SKY COVER 0.1


WEATHER CONDITIONS
 THE FOLLOWING WEATHER WAS RECORDED YESTERDAY.
  NO SIGNIFICANT WEATHER WAS OBSERVED.


RELATIVE HUMIDITY (PERCENT)
 HIGHEST    78           600 AM
 LOWEST     34           400 PM
 AVERAGE    56

..........................................................


THE BRIDGEPORT CT CLIMATE NORMALS FOR TODAY
                         NORMAL    RECORD    YEAR
 MAXIMUM TEMPERATURE (F)   82       100      2001
 MINIMUM TEMPERATURE (F)   67        54      1964


SUNRISE AND SUNSET
AUGUST  9 2014........SUNRISE   556 AM EDT   SUNSET   759 PM EDT
AUGUST 10 2014........SUNRISE   557 AM EDT   SUNSET   758 PM EDT


-  INDICATES NEGATIVE NUMBERS.
R  INDICATES RECORD WAS SET OR TIED.
MM INDICATES DATA IS MISSING.
T  INDICATES TRACE AMOUNT.




$$
