000
CDUS41 KOKX 252032
CLIBDR


CLIMATE REPORT
NATIONAL WEATHER SERVICE NEW YORK NY
432 PM EDT MON APR 25 2016


...................................

...THE BRIDGEPORT CT CLIMATE SUMMARY FOR APRIL 25 2016...
VALID TODAY AS OF 0400 PM LOCAL TIME.

CLIMATE NORMAL PERIOD 1981 TO 2010
CLIMATE RECORD PERIOD 1948 TO 2016


WEATHER ITEM   OBSERVED TIME   RECORD YEAR NORMAL DEPARTURE LAST
                VALUE   (LST)  VALUE       VALUE  FROM      YEAR
                                                  NORMAL
..................................................................
TEMPERATURE (F)
 TODAY
  MAXIMUM         62    206 PM  85    1960  61      1       61
  MINIMUM         50    540 AM  32    1956  44      6       33
  AVERAGE         56                        52      4       47

PRECIPITATION (IN)
  TODAY            0.00          0.80 1961   0.13  -0.13     0.00
  MONTH TO DATE    2.23                      3.48  -1.25     2.09
  SINCE MAR 1      4.40                      7.53  -3.13     6.81
  SINCE JAN 1     11.56                     13.42  -1.86    13.15

SNOWFALL (IN)
  TODAY            0.0           T    2004   0.0    0.0      0.0
  MONTH TO DATE    0.1                       0.9   -0.8       T
  SINCE OCT 1     27.3                      27.6   -0.3     59.7
  SINCE JUL 1     27.3                      27.6   -0.3     59.7
  SNOW DEPTH       0

DEGREE DAYS
 HEATING
  TODAY            9                        13     -4       18
  MONTH TO DATE  388                       414    -26      409
  SINCE MAR 1   1011                      1211   -200     1369
  SINCE JUL 1   4146                      5098   -952     5475

 COOLING
  TODAY            0                         0      0        0
  MONTH TO DATE    0                         0      0        0
  SINCE MAR 1      0                         0      0        0
  SINCE JAN 1      0                         0      0        0
..................................................................


WIND (MPH)
  HIGHEST WIND SPEED    13   HIGHEST WIND DIRECTION    SE (120)
  HIGHEST GUST SPEED    14   HIGHEST GUST DIRECTION    SE (120)
  AVERAGE WIND SPEED     5.7


SKY COVER
  AVERAGE SKY COVER 0.7


WEATHER CONDITIONS
 THE FOLLOWING WEATHER WAS RECORDED TODAY.
  NO SIGNIFICANT WEATHER WAS OBSERVED.


RELATIVE HUMIDITY (PERCENT)
 HIGHEST    77           600 AM
 LOWEST     35           300 PM
 AVERAGE    56

..........................................................


THE BRIDGEPORT CT CLIMATE NORMALS FOR TOMORROW
                         NORMAL    RECORD    YEAR
 MAXIMUM TEMPERATURE (F)   61        83      2009
 MINIMUM TEMPERATURE (F)   44        33      1967


SUNRISE AND SUNSET
APRIL 25 2016.........SUNRISE   558 AM EDT   SUNSET   744 PM EDT
APRIL 26 2016.........SUNRISE   556 AM EDT   SUNSET   745 PM EDT


-  INDICATES NEGATIVE NUMBERS.
R  INDICATES RECORD WAS SET OR TIED.
MM INDICATES DATA IS MISSING.
T  INDICATES TRACE AMOUNT.




$$
