000
CDUS41 KOKX 012046
CLIBDR


CLIMATE REPORT
NATIONAL WEATHER SERVICE NEW YORK NY
445 PM EDT SAT AUG 1 2015


...................................

...THE BRIDGEPORT CT CLIMATE SUMMARY FOR AUGUST 1 2015...
VALID TODAY AS OF 0400 PM LOCAL TIME.

CLIMATE NORMAL PERIOD 1981 TO 2010
CLIMATE RECORD PERIOD 1948 TO 2015


WEATHER ITEM   OBSERVED TIME   RECORD YEAR NORMAL DEPARTURE LAST
                VALUE   (LST)  VALUE       VALUE  FROM      YEAR
                                                  NORMAL
..................................................................
TEMPERATURE (F)
 TODAY
  MAXIMUM         88    259 PM  95    2006  82      6       82
  MINIMUM         71    250 AM  55    1964  67      4       72
  AVERAGE         80                        75      5       77

PRECIPITATION (IN)
  TODAY            0.00          0.68 1984   0.14  -0.14      T
  MONTH TO DATE    0.00                      0.14  -0.14      T
  SINCE JUN 1      7.40                      7.21   0.19     7.47
  SINCE JAN 1     21.70                     25.08  -3.38    29.13

SNOWFALL (IN)
  TODAY            0.0           0.0  2002   0.0    0.0      0.0
                                      2001
  MONTH TO DATE    0.0                       0.0    0.0      0.0
  SINCE OCT 1     59.7                      27.6   32.1     57.4
  SINCE JUL 1      0.0                       0.0    0.0      0.0
  SNOW DEPTH       0

DEGREE DAYS
 HEATING
  TODAY            0                         0      0        0
  MONTH TO DATE    0                         0      0        0
  SINCE JUN 1     52                        33     19        4
  SINCE JUL 1      0                         1     -1        0

 COOLING
  TODAY           15                        10      5       12
  MONTH TO DATE   15                        10      5       12
  SINCE JUN 1    529                       442     87      481
  SINCE JAN 1    583                       466    117      504
..................................................................


WIND (MPH)
  HIGHEST WIND SPEED    16   HIGHEST WIND DIRECTION    SW (220)
  HIGHEST GUST SPEED    19   HIGHEST GUST DIRECTION    SW (230)
  AVERAGE WIND SPEED     7.6


SKY COVER
  AVERAGE SKY COVER 0.2


WEATHER CONDITIONS
 THE FOLLOWING WEATHER WAS RECORDED TODAY.
  NO SIGNIFICANT WEATHER WAS OBSERVED.


RELATIVE HUMIDITY (PERCENT)
 HIGHEST    79           300 AM
 LOWEST     40           300 PM
 AVERAGE    60

..........................................................


THE BRIDGEPORT CT CLIMATE NORMALS FOR TOMORROW
                         NORMAL    RECORD    YEAR
 MAXIMUM TEMPERATURE (F)   82        96      2006
                                             1995
                                             1975
 MINIMUM TEMPERATURE (F)   67        57      1953
                                             1951


SUNRISE AND SUNSET
AUGUST  1 2015........SUNRISE   548 AM EDT   SUNSET   809 PM EDT
AUGUST  2 2015........SUNRISE   549 AM EDT   SUNSET   808 PM EDT


-  INDICATES NEGATIVE NUMBERS.
R  INDICATES RECORD WAS SET OR TIED.
MM INDICATES DATA IS MISSING.
T  INDICATES TRACE AMOUNT.




$$
