000
CDUS41 KOKX 160617
CLIBDR


CLIMATE REPORT
NATIONAL WEATHER SERVICE NEW YORK NY
117 AM EST TUE DEC 16 2014


...................................

...THE BRIDGEPORT CT CLIMATE SUMMARY FOR DECEMBER 15 2014...

CLIMATE NORMAL PERIOD 1981 TO 2010
CLIMATE RECORD PERIOD 1948 TO 2014


WEATHER ITEM   OBSERVED TIME   RECORD YEAR NORMAL DEPARTURE LAST
                VALUE   (LST)  VALUE       VALUE  FROM      YEAR
                                                  NORMAL
..................................................................
TEMPERATURE (F)
 YESTERDAY
  MAXIMUM         48    123 PM  59    1975  42      6       38
  MINIMUM         30    540 AM   9    1962  29      1       27
  AVERAGE         39                        35      4       33

PRECIPITATION (IN)
  YESTERDAY        0.00          1.18 1981   0.11  -0.11     0.63
  MONTH TO DATE    4.18                      1.70   2.48     2.09
  SINCE DEC 1      4.18                      1.70   2.48     2.09
  SINCE JAN 1     44.74                     41.11   3.63    34.42

SNOWFALL (IN)
  YESTERDAY        0.0           4.2  1948   0.2   -0.2      0.0
  MONTH TO DATE    0.7                       1.8   -1.1      7.1
  SINCE OCT 1      0.9                       2.5   -1.6      7.2
  SINCE JUL 1      0.9                       2.5   -1.6      7.2
  SNOW DEPTH       0

DEGREE DAYS
 HEATING
  YESTERDAY       26                        30     -4       32
  MONTH TO DATE  398                       408    -10      439
  SINCE DEC 1    398                       408    -10      439
  SINCE JUL 1   1304                      1382    -78     1392

 COOLING
  YESTERDAY        0                         0      0        0
  MONTH TO DATE    0                         0      0        0
  SINCE DEC 1      0                         0      0        0
  SINCE JAN 1    884                       825     59     1003
..................................................................


WIND (MPH)
  HIGHEST WIND SPEED    13   HIGHEST WIND DIRECTION    NW (330)
  HIGHEST GUST SPEED    16   HIGHEST GUST DIRECTION     N (340)
  AVERAGE WIND SPEED     4.0


SKY COVER
  AVERAGE SKY COVER 0.0


WEATHER CONDITIONS
 THE FOLLOWING WEATHER WAS RECORDED YESTERDAY.
  NO SIGNIFICANT WEATHER WAS OBSERVED.


RELATIVE HUMIDITY (PERCENT)
 HIGHEST    82          1200 AM
 LOWEST     53           100 PM
 AVERAGE    68

..........................................................


THE BRIDGEPORT CT CLIMATE NORMALS FOR TODAY
                         NORMAL    RECORD    YEAR
 MAXIMUM TEMPERATURE (F)   42        64      1971
 MINIMUM TEMPERATURE (F)   28        11      1961


SUNRISE AND SUNSET
DECEMBER 16 2014......SUNRISE   711 AM EST   SUNSET   425 PM EST
DECEMBER 17 2014......SUNRISE   712 AM EST   SUNSET   425 PM EST


-  INDICATES NEGATIVE NUMBERS.
R  INDICATES RECORD WAS SET OR TIED.
MM INDICATES DATA IS MISSING.
T  INDICATES TRACE AMOUNT.




$$
