000
CDUS41 KOKX 020618
CLIBDR


CLIMATE REPORT
NATIONAL WEATHER SERVICE NEW YORK NY
118 AM EST FRI DEC 2 2016


...................................

...THE BRIDGEPORT CT CLIMATE SUMMARY FOR DECEMBER 1 2016...

CLIMATE NORMAL PERIOD 1981 TO 2010
CLIMATE RECORD PERIOD 1948 TO 2016


WEATHER ITEM   OBSERVED TIME   RECORD YEAR NORMAL DEPARTURE LAST
                VALUE   (LST)  VALUE       VALUE  FROM      YEAR
                                                  NORMAL
..................................................................
TEMPERATURE (F)
 YESTERDAY
  MAXIMUM         58    121 PM  64    2006  47     11       51
                                      2001
  MINIMUM         43   1133 PM  15    1967  33     10       40
  AVERAGE         51                        40     11       46

PRECIPITATION (IN)
  YESTERDAY        0.04          1.15 2010   0.12  -0.08     0.27
  MONTH TO DATE    0.04                      0.12  -0.08     0.27
  SINCE DEC 1      0.04                      0.12  -0.08     0.27
  SINCE JAN 1     36.01                     39.53  -3.52    30.38

SNOWFALL (IN)
  YESTERDAY        0.0           T    2012   0.1   -0.1      0.0
                                      1981
  MONTH TO DATE    0.0                       0.1   -0.1      0.0
  SINCE OCT 1      T                         0.8   -0.8       T
  SINCE JUL 1      T                         0.8   -0.8       T
  SNOW DEPTH       0

DEGREE DAYS
 HEATING
  YESTERDAY       14                        25    -11       19
  MONTH TO DATE   14                        25    -11       19
  SINCE DEC 1     14                        25    -11       19
  SINCE JUL 1    742                       999   -257      763

 COOLING
  YESTERDAY        0                         0      0        0
  MONTH TO DATE    0                         0      0        0
  SINCE DEC 1      0                         0      0        0
  SINCE JAN 1   1270                       825    445     1122
..................................................................


WIND (MPH)
  HIGHEST WIND SPEED    23   HIGHEST WIND DIRECTION     W (290)
  HIGHEST GUST SPEED    32   HIGHEST GUST DIRECTION    NW (300)
  AVERAGE WIND SPEED    11.3


SKY COVER
  AVERAGE SKY COVER 0.5


WEATHER CONDITIONS
 THE FOLLOWING WEATHER WAS RECORDED YESTERDAY.
  LIGHT RAIN
  FOG


RELATIVE HUMIDITY (PERCENT)
 HIGHEST    93           400 AM
 LOWEST     43           100 PM
 AVERAGE    68

..........................................................


THE BRIDGEPORT CT CLIMATE NORMALS FOR TODAY
                         NORMAL    RECORD    YEAR
 MAXIMUM TEMPERATURE (F)   47        60      1998
 MINIMUM TEMPERATURE (F)   33        13      1989


SUNRISE AND SUNSET
DECEMBER  2 2016......SUNRISE   700 AM EST   SUNSET   424 PM EST
DECEMBER  3 2016......SUNRISE   701 AM EST   SUNSET   424 PM EST


-  INDICATES NEGATIVE NUMBERS.
R  INDICATES RECORD WAS SET OR TIED.
MM INDICATES DATA IS MISSING.
T  INDICATES TRACE AMOUNT.




$$
