000
CDUS41 KOKX 150619
CLIBDR


CLIMATE REPORT
NATIONAL WEATHER SERVICE NEW YORK NY
219 AM EDT TUE APR 15 2014


...................................

...THE BRIDGEPORT CT CLIMATE SUMMARY FOR APRIL 14 2014...

CLIMATE NORMAL PERIOD 1981 TO 2010
CLIMATE RECORD PERIOD 1948 TO 2014


WEATHER ITEM   OBSERVED TIME   RECORD YEAR NORMAL DEPARTURE LAST
                VALUE   (LST)  VALUE       VALUE  FROM      YEAR
                                                  NORMAL
..................................................................
TEMPERATURE (F)
 YESTERDAY
  MAXIMUM         67   1231 PM  73    1949  57     10       57
  MINIMUM         51    443 AM  26    1950  41     10       44
  AVERAGE         59                        49     10       51

PRECIPITATION (IN)
  YESTERDAY        0.00          1.19 1964   0.14  -0.14     0.00
  MONTH TO DATE    0.88                      2.01  -1.13     0.82
  SINCE MAR 1      6.10                      6.06   0.04     3.36
  SINCE JAN 1     13.08                     11.95   1.13    10.38

SNOWFALL (IN)
  YESTERDAY        0.0           3.7  1950   0.1   -0.1      0.0
  MONTH TO DATE    0.0                       0.7   -0.7      0.0
  SINCE OCT 1     57.0                      27.4   29.6     64.3
  SINCE JUL 1     57.0                      27.4   29.6     64.3
  SNOW DEPTH       0

DEGREE DAYS
 HEATING
  YESTERDAY        6                        16    -10       14
  MONTH TO DATE  229                       258    -29      242
  SINCE MAR 1   1163                      1055    108     1037
  SINCE JUL 1   5211                      4942    269     4660

 COOLING
  YESTERDAY        0                         0      0        0
  MONTH TO DATE    0                         0      0        0
  SINCE MAR 1      0                         0      0        0
  SINCE JAN 1      0                         0      0        0
..................................................................


WIND (MPH)
  HIGHEST WIND SPEED    24   HIGHEST WIND DIRECTION     S (190)
  HIGHEST GUST SPEED    30   HIGHEST GUST DIRECTION     S (190)
  AVERAGE WIND SPEED    13.5


SKY COVER
  AVERAGE SKY COVER 0.1


WEATHER CONDITIONS
 THE FOLLOWING WEATHER WAS RECORDED YESTERDAY.
  NO SIGNIFICANT WEATHER WAS OBSERVED.


RELATIVE HUMIDITY (PERCENT)
 HIGHEST    93           600 AM
 LOWEST     60           300 PM
 AVERAGE    77

..........................................................


THE BRIDGEPORT CT CLIMATE NORMALS FOR TODAY
                         NORMAL    RECORD    YEAR
 MAXIMUM TEMPERATURE (F)   58        81      1960
 MINIMUM TEMPERATURE (F)   41        30      1973
                                             1957


SUNRISE AND SUNSET
APRIL 15 2014.........SUNRISE   613 AM EDT   SUNSET   732 PM EDT
APRIL 16 2014.........SUNRISE   612 AM EDT   SUNSET   734 PM EDT


-  INDICATES NEGATIVE NUMBERS.
R  INDICATES RECORD WAS SET OR TIED.
MM INDICATES DATA IS MISSING.
T  INDICATES TRACE AMOUNT.




$$
