000
CDUS41 KOKX 260622
CLIBDR


CLIMATE REPORT
NATIONAL WEATHER SERVICE NEW YORK NY
222 AM EDT THU MAR 26 2015


...................................

...THE BRIDGEPORT CT CLIMATE SUMMARY FOR MARCH 25 2015...

CLIMATE NORMAL PERIOD 1981 TO 2010
CLIMATE RECORD PERIOD 1948 TO 2015


WEATHER ITEM   OBSERVED TIME   RECORD YEAR NORMAL DEPARTURE LAST
                VALUE   (LST)  VALUE       VALUE  FROM      YEAR
                                                  NORMAL
..................................................................
TEMPERATURE (F)
 YESTERDAY
  MAXIMUM         43    208 PM  68    1987  50     -7       37
  MINIMUM         24    604 AM  15    1956  34    -10       24
  AVERAGE         34                        42     -8       31

PRECIPITATION (IN)
  YESTERDAY        0.07          1.77 1969   0.13  -0.06     0.00
  MONTH TO DATE    4.03                      3.23   0.80     1.33
  SINCE MAR 1      4.03                      3.23   0.80     1.33
  SINCE JAN 1     10.37                      9.12   1.25     8.31

SNOWFALL (IN)
  YESTERDAY        0.0           T    2007   0.1   -0.1      0.0
  MONTH TO DATE   17.3                       4.5   12.8      0.1
  SINCE OCT 1     58.4                      26.1   32.3     56.6
  SINCE JUL 1     58.4                      26.1   32.3     56.6
  SNOW DEPTH       T

DEGREE DAYS
 HEATING
  YESTERDAY       31                        23      8       34
  MONTH TO DATE  808                       666    142      780
  SINCE MAR 1    808                       666    142      780
  SINCE JUL 1   4914                      4553    361     4828

 COOLING
  YESTERDAY        0                         0      0        0
  MONTH TO DATE    0                         0      0        0
  SINCE MAR 1      0                         0      0        0
  SINCE JAN 1      0                         0      0        0
..................................................................


WIND (MPH)
  HIGHEST WIND SPEED    16   HIGHEST WIND DIRECTION     S (190)
  HIGHEST GUST SPEED    20   HIGHEST GUST DIRECTION     S (180)
  AVERAGE WIND SPEED     4.8


SKY COVER
  AVERAGE SKY COVER 0.4


WEATHER CONDITIONS
 THE FOLLOWING WEATHER WAS RECORDED YESTERDAY.
  LIGHT RAIN
  FOG


RELATIVE HUMIDITY (PERCENT)
 HIGHEST    92           900 PM
 LOWEST     44          1100 AM
 AVERAGE    68

..........................................................


THE BRIDGEPORT CT CLIMATE NORMALS FOR TODAY
                         NORMAL    RECORD    YEAR
 MAXIMUM TEMPERATURE (F)   50        70      1954
 MINIMUM TEMPERATURE (F)   34        15      1960


SUNRISE AND SUNSET
MARCH 26 2015.........SUNRISE   646 AM EDT   SUNSET   711 PM EDT
MARCH 27 2015.........SUNRISE   645 AM EDT   SUNSET   712 PM EDT


-  INDICATES NEGATIVE NUMBERS.
R  INDICATES RECORD WAS SET OR TIED.
MM INDICATES DATA IS MISSING.
T  INDICATES TRACE AMOUNT.




$$
